MONTHLY CLIMATOLOGICAL SUMMARY for APR. 2024 NAME: Davis Vantage Pro 2 CITY: Eivissa STATE: Islas Baleares ELEV: 27 LAT: 038:54:26 LONG: 0001:24:47 TEMPERATURE ( °C), RAIN (mm), WIND SPEED (kmh) HEAT COOL AVG MEAN DEG DEG WIND DOM DAY TEMP HIGH TIME LOW TIME DAYS DAYS RAIN SPEED HIGH TIME DIR -------------------------------------------------------------------------------------------------------- 01 16.1 18.3 14:43 13.3 06:03 02.2 00.0 00.0 17.0 51.8 12:11 WSW 02 16.9 19.5 11:15 14.4 05:33 01.4 00.0 00.0 09.2 29.6 07:24 SW 03 17.6 23.0 12:49 14.2 04:42 00.7 00.0 00.0 11.1 37.0 10:50 SW 04 16.9 21.9 14:04 14.2 01:24 01.4 00.0 00.0 06.6 27.8 11:32 SW 05 16.8 19.7 10:35 12.8 05:31 01.5 00.0 00.0 05.6 20.4 13:38 ENE 06 19.5 23.1 16:52 14.8 01:13 00.0 01.2 00.0 06.7 22.2 19:56 ENE 07 20.7 23.1 16:08 18.8 05:38 00.0 02.4 00.0 04.2 16.6 11:47 NE 08 19.6 23.8 10:52 17.3 03:58 00.0 01.3 00.0 10.1 57.4 23:47 WSW 09 16.6 20.3 00:01 11.8 23:49 01.7 00.0 00.0 14.1 59.2 03:21 NW 10 16.4 20.4 15:14 12.5 00:00 01.9 00.0 00.0 10.4 37.0 07:07 NW 11 16.2 19.5 13:39 12.3 00:13 02.1 00.0 00.0 09.5 40.7 14:39 NNE 12 17.2 20.6 12:31 12.2 05:47 01.1 00.0 00.0 07.7 24.1 19:44 NNE 13 17.3 22.4 09:15 12.2 05:30 01.0 00.0 00.0 03.9 18.5 13:48 ESE 14 19.2 25.2 09:11 13.1 05:16 00.0 00.9 00.0 05.1 29.6 12:12 ESE 15 19.3 23.7 15:17 14.7 02:52 00.0 01.0 00.0 04.6 18.5 16:26 S 16 17.5 21.1 09:46 13.7 05:22 00.8 00.0 00.0 07.3 31.4 12:21 E 17 16.6 19.4 11:50 14.3 05:37 01.7 00.0 00.0 11.2 35.1 07:23 NE 18 15.2 17.5 07:39 13.0 03:17 03.1 00.0 03.8 06.4 37.0 23:21 E 19 15.5 17.4 14:06 13.1 23:58 02.8 00.0 00.0 08.5 29.6 00:13 ESE 20 15.0 18.0 13:25 09.8 05:31 03.3 00.0 00.0 06.2 24.1 13:57 ESE 21 15.6 17.4 14:15 12.7 05:40 02.7 00.0 00.0 07.2 20.4 14:04 ESE 22 12.8 16.0 09:25 10.7 16:22 05.5 00.0 26.0 09.4 38.9 13:53 E 23 13.3 16.8 15:51 09.1 04:55 05.0 00.0 05.8 08.6 35.1 11:06 N 24 13.6 17.6 14:56 08.9 04:44 04.7 00.0 00.2 07.2 29.6 15:06 SW 25 15.7 18.3 14:03 11.0 04:48 02.6 00.0 00.8 07.0 24.1 17:25 SSE 26 17.1 19.4 13:43 13.4 03:56 01.2 00.0 00.4 08.1 27.8 15:19 SSE -------------------------------------------------------------------------------------------------------- 16.7 (16.6) 25.2 day 14 08.9 day 24 048.5 006.8 037.0 08.2 59.2 day 09 ESE Min <= 30: 26 Max Rain: 26.0 ON 22-04-24 Days of Rain: 6 (> .2mm) 3 (> 2mm) 1 (> 20mm)