MONTHLY CLIMATOLOGICAL SUMMARY for SEP. 2018

NAME: Davis Vantage Pro 2   CITY: Ibiza ciudad STATE: Islas Baleares
ELEV: 27 LAT: 038:54:45 LONG: -001:24:58

                            TEMPERATURE ( C), RAIN (mm), WIND SPEED (kmh)

                                               HEAT     COOL           AVG
      MEAN                                     DEG      DEG            WIND                       DOM
DAY   TEMP    HIGH   TIME     LOW    TIME      DAYS     DAYS    RAIN   SPEED    HIGH    TIME      DIR
--------------------------------------------------------------------------------------------------------
01    26.1    28.4   12:28    23.7   03:08     00.0     07.8    00.0   06.7     20.4    08:50      E 
02    26.3    27.9   11:22    25.0   05:23     00.0     08.0    00.0   08.0     25.9    14:48      SE
03    26.1    28.2   12:25    23.7   03:22     00.0     07.8    00.2   08.4     40.7    20:11     ENE
04    26.9    28.9   14:56    24.3   00:00     00.0     08.6    00.0   06.9     33.3    00:14      E 
05    26.3    29.1   13:02    23.7   02:21     00.0     08.0    00.0   06.1     35.1    11:17     SSW
06    26.0    29.4   14:41    22.6   04:35     00.0     07.7    00.0   06.4     31.4    15:23     SSE
07    24.8    26.9   14:39    22.5   23:58     00.0     06.5    00.8   06.7     25.9    12:57     ENE
08    24.9    26.7   10:27    22.5   00:04     00.0     06.6    00.0   09.9     29.6    08:29     ENE
09    25.4    27.6   13:40    20.7   00:00     00.0     07.1    08.2   12.0     42.5    20:12      NE
10    24.7    28.0   12:35    20.7   00:03     00.0     06.4    00.2   11.5     35.1    08:36     NNE
11    25.4    27.8   14:14    23.6   02:27     00.0     07.1    00.0   13.8     42.5    11:02      NE
12    26.2    29.0   15:11    24.0   00:00     00.0     07.9    00.0   06.4     25.9    13:25      S 
13    25.9    28.9   14:32    22.9   03:52     00.0     07.6    00.0   08.6     35.1    09:53      N 
14    25.5    27.5   14:12    23.0   04:20     00.0     07.2    00.0   06.4     24.1    22:43     ESE
15    24.4    26.0   13:33    21.7   10:38     00.0     06.1    10.0   09.2     44.4    08:41     ENE
16    24.8    28.1   15:55    22.6   05:51     00.0     06.5    02.0   06.3     20.4    11:39     NNE
17    25.2    27.1   13:05    22.6   03:10     00.0     06.9    07.2   08.0     24.1    11:08      NE
18    25.6    27.4   11:43    23.7   05:43     00.0     07.3    00.0   04.6     20.4    15:46     ESE
19    24.0    27.8   09:27    21.6   05:39     00.0     05.7    09.8   03.1     18.5    13:17      NE
--------------------------------------------------------------------------------------------------------
25.5 (25.4)   29.4  day 06     20.7  day 10   000.0    136.8   038.4   07.8     44.4   day 09     ENE
Max >=  20: 19
Max Rain: 10.0 ON 15-09-18
Days of Rain: 8 (> .2mm) 4 (> 2mm) 0 (> 20mm)