MONTHLY CLIMATOLOGICAL SUMMARY for DEC. 2018

NAME: Davis Vantage Pro 2   CITY: Ibiza ciudad STATE: Islas Baleares
ELEV: 27 LAT: 038:54:45 LONG: -001:24:58

                            TEMPERATURE ( C), RAIN (mm), WIND SPEED (kmh)

                                               HEAT     COOL           AVG
      MEAN                                     DEG      DEG            WIND                       DOM
DAY   TEMP    HIGH   TIME     LOW    TIME      DAYS     DAYS    RAIN   SPEED    HIGH    TIME      DIR
--------------------------------------------------------------------------------------------------------
01    13.2    16.8   12:56    09.4   06:18     05.1     00.0    00.0   03.9     18.5    13:29      W 
02    14.4    18.1   14:40    10.0   02:40     03.9     00.0    00.0   06.2     22.2    12:50     WSW
03    15.8    20.7   11:11    11.7   05:17     02.5     00.0    00.2   02.4     14.8    12:25      N 
04    15.6    20.4   12:00    12.1   05:23     02.7     00.0    00.0   02.9     12.9    10:10      NE
05    14.3    18.7   14:05    09.6   06:12     04.0     00.0    00.0   05.3     20.4    13:01      SW
06    16.2    20.7   14:04    11.4   07:03     02.1     00.0    00.2   06.1     33.3    10:45     NNE
07    14.9    17.8   13:12    10.9   07:18     03.4     00.0    00.2   06.0     27.8    15:02      SW
08    14.0    17.2   14:11    10.9   21:03     04.3     00.0    00.2   05.0     24.1    06:01     NNE
09    15.7    19.7   13:46    12.4   00:00     02.6     00.0    00.0   10.3     31.4    10:04     WSW
10    15.0    17.9   12:40    11.7   23:30     03.3     00.0    00.0   06.4     31.4    01:23      NE
11    13.8    17.1   12:22    09.6   07:00     04.5     00.0    00.2   06.6     27.8    13:51      SW
12    14.7    17.9   13:10    11.5   06:50     03.6     00.0    00.2   04.6     20.4    22:34     WSW
13    13.7    16.3   09:51    10.9   23:20     04.6     00.0    11.2   08.9     51.8    07:23     WSW
14    12.4    14.8   16:05    09.7   21:34     05.9     00.0    09.8   15.6     68.5    04:50     NNW
15    13.9    16.8   15:00    09.6   01:34     04.4     00.0    00.0   09.2     31.4    14:12     WSW
16    16.5    19.7   13:35    14.7   05:02     01.8     00.0    00.0   14.7     57.4    19:09     WSW
17    13.7    16.3   00:01    08.3   23:18     04.6     00.0    00.0   06.8     42.5    10:15      NW
18    12.0    15.9   11:45    07.3   06:41     06.3     00.0    00.0   06.3     25.9    12:31     SSW
--------------------------------------------------------------------------------------------------------
14.4 (14.3)   20.7  day 06     07.3  day 18   069.6    000.0   022.2   07.1     68.5   day 16      W 
Max >=  20: 3
Max <=   20: 15
Min <=   10: 8
Max Rain: 11.2 ON 13-12-18
Days of Rain: 8 (> .2mm) 2 (> 2mm) 0 (> 20mm)