MONTHLY CLIMATOLOGICAL SUMMARY for OCT. 2011

NAME: Davis Vantage Pro 2   CITY: Ibiza ciudad STATE: Islas Baleares
ELEV: 27 LAT: 038:54:45 LONG: -001:24:58

                            TEMPERATURE ( C), RAIN (mm), WIND SPEED (kmh)

                                                 HEAT     COOL           AVG
      MEAN                                       DEG      DEG            WIND                        DOM
DAY   TEMP    HIGH   TIME      LOW     TIME      DAYS     DAYS   RAIN    SPEED    HIGH    TIME       DIR
----------------------------------------------------------------------------------------------------------------------------------------------------------
01    24.2    25.9   11:23    21.6   06:03     00.0     05.9    00.0   12.7     38.9    12:14     ENE
02    23.1    25.5   11:23    20.3   23:57     00.0     04.8    02.0   08.6     31.5    13:50      E 
03    22.2    26.0   13:50    17.4   05:40     00.0     03.9    00.0   05.9     27.8    12:43     SSW
04    23.6    26.2   14:44    17.9   05:00     00.0     05.3    00.0   04.8     20.4    13:28      S 
05    22.3    27.3   11:19    16.9   06:07     00.0     04.0    00.0   03.8     18.5    14:49      SE
06    22.4    26.0   12:10    18.1   03:11     00.0     04.1    00.0   06.4     29.6    13:50      SW
07    22.5    26.1   11:15    20.2   06:31     00.0     04.2    00.0   10.1     40.7    13:15     NNE
08    18.2    21.1   00:08    15.2   22:38     00.1     00.0    01.2   07.9     31.5    11:35     NNE
09    19.4    23.2   10:52    15.3   01:37     00.0     01.1    00.0   04.5     18.5    13:13      SE
10    21.3    26.0   15:02    15.8   03:35     00.0     03.0    00.0   07.2     31.5    11:54      SW
11    23.2    26.8   12:12    19.6   23:32     00.0     04.9    00.0   07.5     33.3    11:58      SW
12    22.2    26.4   14:28    17.3   04:15     00.0     03.9    00.0   06.2     27.8    15:19      SW
13    22.3    27.2   13:04    17.2   05:24     00.0     04.0    00.0   05.7     25.9    12:02      SW
14    22.0    25.1   14:08    18.6   00:58     00.0     03.7    00.0   09.0     31.5    14:44     ENE
15    20.8    23.4   15:00    18.9   00:00     00.0     02.5    00.0   10.1     31.5    10:16     ENE
16    19.6    22.5   14:05    15.9   00:00     00.0     01.3    00.0   05.6     25.9    11:03      E 
17    18.9    22.6   12:56    14.0   04:44     00.0     00.6    00.0   05.8     25.9    12:21     ESE
18    19.6    23.1   11:30    15.8   02:12     00.0     01.3    00.0   05.5     22.2    13:56      SE
19    19.3    23.4   14:29    14.6   05:52     00.0     01.0    00.0   05.4     25.9    14:49     SSW
20    19.0    20.4   12:09    16.9   00:30     00.0     00.7    04.8   13.9     42.6    03:12      E 
21    19.8    20.8   14:20    19.1   04:18     00.0     01.5    00.0   12.1     35.2    23:32     ESE
22    20.5    22.1   12:02    19.5   06:05     00.0     02.2    00.0   09.6     27.8    01:34     ESE
23    20.9    22.8   12:59    19.3   04:34     00.0     02.6    00.0   07.4     25.9    09:20     ESE
24    21.0    22.9   11:02    18.1   04:29     00.0     02.7    04.6   14.5     46.3    20:43      SW
25    19.5    21.6   14:11    18.0   01:44     00.0     01.2    05.0   11.2     48.1    09:45      W 
26    19.6    22.0   13:51    14.4   06:44     00.0     01.3    00.0   08.2     29.6    23:36      S 
27    20.5    22.4   09:59    18.7   18:04     00.0     02.2    04.6   09.7     38.9    17:40     SSW
28    18.9    21.4   12:06    16.6   06:43     00.0     00.6    02.8   06.7     38.9    14:21     SSE
29    19.8    22.9   14:02    15.7   06:46     00.0     01.5    14.8   14.4     46.3    05:54      NE
30    20.3    22.3   12:26    18.4   00:00     00.0     02.0    00.0   14.4     37.0    11:44     NNE
31    19.0    22.2   11:02    15.4   06:28     00.0     00.7    00.0   03.5     18.5    11:50      E 
----------------------------------------------------------------------------------------------------------------------------------------------------------
20.8 (20.6)   27.3  day 05     14.0  day 17   000.1    078.5   039.8   08.3     48.1   day 29     ESE
Min <=   30: 31
Max Rain: 14.8 ON 29-10-11
Days of Rain: 8 (> .2mm) 6 (> 2mm) 0 (> 20mm)