MONTHLY CLIMATOLOGICAL SUMMARY for OCT. 2017

NAME: Davis Vantage Pro 2   CITY: Ibiza ciudad STATE: Islas Baleares
ELEV: 27 LAT: 038:54:45 LONG: -001:24:58

                            TEMPERATURE ( C), RAIN (mm), WIND SPEED (kmh)

                                               HEAT     COOL           AVG
      MEAN                                     DEG      DEG            WIND                       DOM
DAY   TEMP    HIGH   TIME     LOW    TIME      DAYS     DAYS    RAIN   SPEED    HIGH    TIME      DIR
--------------------------------------------------------------------------------------------------------
01    22.2    23.9   15:20    19.1   23:49     00.0     03.9    00.0   02.3     14.8    13:47     ESE
02    21.8    24.3   09:50    19.0   00:54     00.0     03.5    00.0   07.0     22.2    15:21      NE
03    22.2    25.2   11:23    18.6   06:11     00.0     03.9    00.0   04.7     18.5    15:32     ENE
04    22.5    25.4   10:34    18.6   04:34     00.0     04.2    00.0   05.4     24.1    08:23     ENE
05    22.0    25.1   13:45    17.9   06:13     00.0     03.7    00.2   06.4     27.8    14:45      SW
06    21.9    25.2   12:48    18.8   06:02     00.0     03.6    00.0   05.6     27.8    13:49      SW
07    21.1    23.1   15:12    17.7   00:00     00.0     02.8    00.0   07.8     29.6    09:40     ENE
08    20.6    24.5   13:04    15.9   06:06     00.0     02.3    00.0   05.2     25.9    14:50      S 
09    20.8    24.9   13:53    17.2   05:13     00.0     02.5    00.0   04.7     24.1    10:43      S 
10    20.6    24.2   12:30    16.3   05:17     00.0     02.3    00.0   04.5     24.1    10:58      S 
11    21.3    24.8   12:36    17.3   03:48     00.0     03.0    00.0   05.5     22.2    17:03     SSE
12    22.1    24.7   10:35    19.8   05:33     00.0     03.8    00.0   06.3     22.2    10:15      S 
13    22.5    25.6   12:01    20.1   03:03     00.0     04.2    00.2   05.1     20.4    15:58     SSE
14    22.1    24.3   11:08    18.6   05:38     00.0     03.8    00.2   06.1     18.5    23:52      E 
15    22.3    24.2   13:18    20.6   06:36     00.0     04.0    00.0   08.4     22.2    13:37      E 
16    21.7    23.8   12:28    19.9   04:53     00.0     03.4    00.0   09.4     25.9    13:32     ENE
17    21.5    24.1   14:36    19.1   00:00     00.0     03.2    00.0   05.1     20.4    11:37      E 
18    21.8    24.3   15:16    16.7   00:00     00.0     03.5    16.0   09.0     48.1    20:10     SSW
19    17.3    20.7   14:20    14.6   10:27     01.0     00.0    11.4   06.5     35.1    13:42      W 
20    18.7    22.9   12:53    14.3   01:29     00.0     00.4    00.2   06.1     27.8    14:03      N 
21    19.6    23.8   13:34    15.0   02:18     00.0     01.3    00.0   04.9     29.6    13:08      SW
22    19.9    23.1   11:08    17.5   23:08     00.0     01.6    03.2   11.3     35.1    09:38     NNE
23    18.0    21.8   11:23    13.6   07:01     00.3     00.0    00.0   05.0     20.4    10:49     NNE
24    18.9    23.4   14:49    13.9   03:51     00.0     00.6    00.0   04.9     22.2    12:04      SW
25    20.7    23.7   13:38    16.4   07:01     00.0     02.4    00.0   07.7     25.9    13:25      SW
26    19.9    23.6   12:00    16.7   02:37     00.0     01.6    00.4   02.9     18.5    14:55     SSE
27    19.7    24.8   13:49    14.7   04:48     00.0     01.4    00.2   05.1     24.1    14:55     WSW
28    19.5    21.9   14:07    16.9   04:06     00.0     01.2    00.2   04.3     22.2    14:07      NE
29    18.7    21.9   14:58    15.8   03:33     00.0     00.4    01.8   04.7     25.9    13:28      SW
30    18.2    22.3   12:22    14.2   05:01     00.1     00.0    00.4   04.3     18.5    16:11      NE
31    18.8    20.8   12:29    15.9   02:22     00.0     00.5    00.0   09.6     27.8    10:41      NE
--------------------------------------------------------------------------------------------------------
20.6 (20.4)   25.6  day 13     13.6  day 23   001.4    072.8   034.4   06.0     48.1   day 18     ESE
Max >=  20: 31
Max Rain: 16.0 ON 18-10-17
Days of Rain: 12 (> .2mm) 3 (> 2mm) 0 (> 20mm)