MONTHLY CLIMATOLOGICAL SUMMARY for NOV. 2011

NAME: Davis Vantage Pro 2   CITY: Ibiza ciudad STATE: Islas Baleares
ELEV: 27 LAT: 038:54:45 LONG: -001:24:58

                            TEMPERATURE ( C), RAIN (mm), WIND SPEED (kmh)

                                               HEAT     COOL           AVG
      MEAN                                     DEG      DEG            WIND                       DOM
DAY   TEMP    HIGH   TIME     LOW    TIME      DAYS     DAYS    RAIN   SPEED    HIGH    TIME      DIR
----------------------------------------------------------------------------------------------------------------------------------------------------------
01    19.0    21.8   12:54    15.7   06:08     00.0     00.7    00.0   06.7     24.1    14:05     SSW
02    20.2    22.1   12:19    18.4   01:29     00.0     01.9    00.0   11.6     33.3    21:38      S 
03    20.9    22.4   14:15    19.4   05:22     00.0     02.6    00.6   11.0     38.9    14:25      SW
04    17.5    20.6   00:44    15.8   13:22     00.8     00.0    27.2   12.4     55.5    19:31      SW
05    15.7    18.4   14:09    13.0   22:31     02.6     00.0    20.4   10.3     38.9    13:30      W 
06    15.2    16.9   23:47    13.6   00:21     03.1     00.0    34.0   12.6     44.4    18:39      NW
07    15.5    17.7   04:19    13.4   19:55     02.8     00.0    07.4   06.2     25.9    12:58     NNW
08    16.6    20.0   14:11    14.0   04:34     01.7     00.0    00.2   06.1     33.3    12:12      W 
09    17.5    21.2   11:18    13.9   05:02     00.8     00.0    00.0   04.8     25.9    11:20     WSW
10    17.5    20.1   11:44    14.8   01:58     00.8     00.0    00.0   07.4     27.8    12:26      SW
11    17.9    21.1   13:52    16.1   06:25     00.4     00.0    00.0   05.3     25.9    11:17      SW
12    18.8    20.4   13:36    17.1   01:48     00.0     00.5    00.2   10.1     31.4    19:52      E 
13    19.3    20.2   13:04    18.8   06:41     00.0     01.0    00.0   15.7     38.9    20:39      E 
14    19.1    19.9   13:29    18.7   06:07     00.0     00.8    00.0   15.9     38.9    11:04      E 
15    17.8    19.1   06:10    15.1   20:33     00.5     00.0    00.0   08.9     40.7    10:29      NW
16    17.3    19.2   14:07    15.1   06:38     01.0     00.0    00.2   10.7     37.0    01:07      NW
17    17.1    19.3   13:43    15.1   00:00     01.2     00.0    16.4   11.5     42.5    00:05      NE
18    16.7    18.7   13:01    14.6   23:53     01.6     00.0    21.4   10.8     35.1    21:30     ENE
19    16.5    19.1   11:26    13.6   06:19     01.8     00.0    79.8   06.3     31.4    00:11      SE
20    18.7    20.7   10:31    16.2   03:27     00.0     00.4    00.0   09.3     35.1    23:09      E 
21    17.3    19.0   04:40    15.4   16:29     01.0     00.0    11.2   11.8     33.3    07:30     ENE
22    16.3    17.3   11:05    15.2   18:16     02.0     00.0    17.8   12.5     48.1    04:20     NNW
23    16.8    19.1   13:17    14.8   00:00     01.5     00.0    00.0   12.0     46.3    11:06      NE
24    16.3    18.7   14:04    12.9   04:37     02.0     00.0    00.0   11.7     42.5    12:18      NE
25    16.1    18.4   13:13    14.7   23:09     02.2     00.0    00.0   12.7     37.0    11:29     NNE
26    15.6    18.2   13:20    13.3   22:17     02.7     00.0    00.0   09.8     27.8    11:07     NNE
27    16.0    18.2   13:50    13.6   02:01     02.3     00.0    04.8   11.6     33.3    22:24      NE
28    15.0    16.8   15:09    13.6   08:08     03.3     00.0    18.6   07.7     33.3    02:08     NNE
29    16.2    19.8   12:44    12.4   00:00     02.1     00.0    00.0   06.1     27.8    08:30     NNE
30    15.4    18.7   14:06    11.6   06:10     02.9     00.0    00.4   02.7     14.8    14:12     ENE
----------------------------------------------------------------------------------------------------------------------------------------------------------
17.2 (17.2)   22.4  day 03     11.6  day 30   041.3    007.9   260.6   09.7     55.5   day 04     NNE
Max >=  20: 11
Max <=   20: 20
Max Rain: 79.8 ON 19-11-11
Days of Rain: 86 (> .2mm) 11 (> 2mm) 5 (> 20mm)