MONTHLY CLIMATOLOGICAL SUMMARY for NOV. 2012

NAME: Davis Vantage Pro 2   CITY: Ibiza ciudad STATE: Islas Baleares
ELEV: 27 LAT: 038:54:45 LONG: -001:24:58

                            TEMPERATURE ( C), RAIN (mm), WIND SPEED (kmh)

                                               HEAT     COOL           AVG
      MEAN                                     DEG      DEG            WIND                       DOM
DAY   TEMP    HIGH   TIME     LOW    TIME      DAYS     DAYS    RAIN   SPEED    HIGH    TIME      DIR
----------------------------------------------------------------------------------------------------------------------------------------------------------
01    18.4    20.1   15:19    16.2   07:03     00.0     00.1    00.0   15.1     53.6    02:22      W 
02    18.7    21.7   13:30    16.5   21:11     00.0     00.4    00.0   10.2     40.7    03:50      W 
03    18.6    19.7   15:00    17.1   04:08     00.0     00.3    00.8   08.1     35.1    10:30      SW
04    20.2    21.4   14:20    19.0   01:12     00.0     01.9    00.0   12.1     48.1    13:35     WSW
05    18.3    21.4   01:03    16.1   23:22     00.0     00.0    02.8   06.1     46.3    03:38     NNW
06    14.4    16.6   02:23    12.7   22:49     03.9     00.0    02.6   02.2     25.9    11:23     NNE
07    15.7    16.8   09:39    14.1   00:03     02.6     00.0    00.0   13.0     38.9    16:51     ENE
08    16.8    18.2   15:44    14.2   05:47     01.5     00.0    00.0   08.2     27.8    23:03     ENE
09    18.1    19.4   11:15    17.1   00:00     00.2     00.0    00.2   07.0     29.6    06:21     NNE
10    17.6    18.8   15:06    15.9   19:03     00.7     00.0    00.2   04.7     31.4    01:20     WSW
11    16.2    18.9   11:07    13.4   17:01     02.1     00.0    08.6   04.8     33.3    21:51     ESE
12    16.2    17.8   11:08    14.1   02:57     02.1     00.0    23.0   21.5     55.5    22:49      NE
13    16.3    19.4   23:00    14.6   03:48     02.0     00.0    68.8   25.4     68.5    14:19      NE
14    17.5    20.7   13:41    15.1   04:53     00.8     00.0    08.6   11.6     42.5    13:47      NE
15    18.0    20.7   11:41    16.4   00:00     00.3     00.0    00.0   07.7     27.8    13:29     NNE
16    17.3    19.3   11:14    15.2   02:00     01.0     00.0    00.2   01.6     25.9    23:56      E 
17    17.8    18.7   14:43    16.4   00:00     00.5     00.0    00.8   07.8     35.1    07:41      E 
18    16.4    19.1   11:46    14.6   07:19     01.9     00.0    04.2   10.0     37.0    23:48      N 
19    15.7    18.3   11:28    12.8   22:17     02.6     00.0    16.0   10.6     46.3    04:27     NNE
20    16.4    19.1   12:58    13.4   03:07     01.9     00.0    00.2   04.4     24.1    14:39     WSW
21    16.3    19.2   13:20    13.4   23:51     02.0     00.0    00.0   04.3     29.6    10:20      SW
22    15.4    20.3   12:38    12.4   05:37     02.9     00.0    00.0   00.8     33.3    12:44     WNW
23    14.7    19.0   13:20    10.9   06:50     03.6     00.0    00.4   00.7     14.8    13:44     SSE
24    15.0    18.4   13:11    11.9   06:09     03.3     00.0    00.2   01.5     18.5    13:14      SW
25    15.3    19.0   14:52    11.8   07:12     03.0     00.0    00.4   01.1     18.5    10:19     SSW
26    16.5    18.8   13:38    14.8   00:00     01.8     00.0    00.4   05.5     27.8    23:38     WSW
27    11.7    14.8   00:01    07.4   22:41     06.6     00.0    22.0   08.5     48.1    20:37     NNW
28    11.6    14.3   19:18    08.3   03:08     06.7     00.0    12.8   12.3     46.3    19:54      NW
29    12.6    13.7   12:34    10.7   18:27     05.7     00.0    00.0   10.7     42.5    07:46     NNW
30    10.6    12.9   12:37    06.5   21:04     07.7     00.0    00.0   04.7     33.3    11:31     NNW
----------------------------------------------------------------------------------------------------------------------------------------------------------
16.1 (16.2)   21.7  day 02     06.5  day 30   067.4    002.7   173.2   08.1     68.5   day 13      N 
Max >=  20: 7
Max <=   20: 23
Min <=   10: 3
Max Rain: 68.8 ON 13-11-12
Days of Rain: 20 (> .2mm) 10 (> 2mm) 3 (> 20mm)