MONTHLY CLIMATOLOGICAL SUMMARY for NOV. 2013

NAME: Davis Vantage Pro 2   CITY: Ibiza ciudad STATE: Islas Baleares
ELEV: 27 LAT: 038:54:45 LONG: -001:24:58

                            TEMPERATURE ( C), RAIN (mm), WIND SPEED (kmh)

                                               HEAT     COOL           AVG
      MEAN                                     DEG      DEG            WIND                       DOM
DAY   TEMP    HIGH   TIME     LOW    TIME      DAYS     DAYS    RAIN   SPEED    HIGH    TIME      DIR
----------------------------------------------------------------------------------------------------------------------------------------------------------
01    17.5    21.5   14:28    11.2   04:56     00.8     00.0    00.0   07.5     29.6    14:10      SW
02    20.3    22.9   12:04    18.5   05:34     00.0     02.0    00.0   11.1     31.4    12:09      SW
03    20.3    23.7   13:53    16.4   21:58     00.0     02.0    00.0   06.1     31.4    09:47      N 
04    20.0    22.3   11:25    17.6   04:45     00.0     01.7    00.0   15.5     64.8    17:42      W 
05    23.1    25.4   17:01    20.1   00:34     00.0     04.8    00.0   21.5     55.5    21:31      W 
06    22.4    26.6   12:52    19.6   00:00     00.0     04.1    00.0   08.2     44.4    00:23      W 
07    20.5    23.4   13:51    18.0   03:03     00.0     02.2    00.0   08.1     31.4    11:32      SW
08    19.9    23.0   12:51    17.6   06:35     00.0     01.6    00.0   07.2     35.1    21:52     WSW
09    18.0    20.4   00:01    12.5   22:18     00.3     00.0    00.0   10.6     44.4    10:01      N 
10    19.4    21.2   12:52    16.9   00:01     00.0     01.1    00.0   11.4     37.0    22:31     WNW
11    18.2    20.6   12:59    14.6   22:38     00.1     00.0    00.0   06.7     42.5    00:57      N 
12    17.1    20.4   12:31    12.7   23:39     01.2     00.0    00.0   04.8     24.1    12:59      N 
13    16.6    20.3   15:00    12.5   03:39     01.7     00.0    00.0   02.0     18.5    10:14      N 
14    16.4    18.7   10:49    12.7   21:40     01.9     00.0    00.8   04.9     29.6    15:02     NNE
15    13.1    16.0   02:47    09.1   00:00     05.2     00.0    05.0   12.8     44.4    11:06      N 
16    11.6    13.5   11:38    08.8   02:39     06.7     00.0    14.2   15.0     48.1    10:16     NNW
17    11.6    13.8   11:07    09.3   05:57     06.7     00.0    02.8   04.7     31.4    21:19      NW
18    13.3    15.0   13:02    11.2   01:41     05.0     00.0    08.8   10.6     46.3    22:47      W 
19    15.0    17.7   11:52    12.6   00:09     03.3     00.0    07.6   10.7     46.3    21:52      NW
20    12.7    13.8   00:38    11.9   19:16     05.6     00.0    00.2   13.3     46.3    09:48     NNW
21    14.0    16.4   15:11    10.5   01:09     04.3     00.0    00.0   15.0     51.8    08:56      W 
22    12.4    14.2   00:05    07.9   20:33     05.9     00.0    00.6   15.2     68.5    10:02      NW
23    11.7    13.4   12:27    10.1   05:53     06.6     00.0    00.0   08.7     42.5    10:56     NNW
24    11.7    14.2   12:28    08.4   23:10     06.6     00.0    00.0   06.0     37.0    11:06      NW
25    11.1    14.1   13:56    07.4   20:58     07.2     00.0    02.0   04.4     29.6    01:48      N 
26    10.5    12.7   02:05    08.6   23:11     07.8     00.0    00.0   06.7     27.8    20:31     NNE
27    09.1    12.9   10:52    07.0   04:59     09.2     00.0    06.0   05.9     29.6    18:21     NNE
28    10.8    13.1   11:20    08.7   23:16     07.5     00.0    00.2   12.3     42.5    14:39      NE
29    10.1    12.3   11:34    06.9   00:34     08.2     00.0    00.0   06.8     35.1    15:11      N 
30    08.8    12.3   11:28    05.1   03:43     09.5     00.0    02.8   06.1     68.5    21:51     NNW
----------------------------------------------------------------------------------------------------------------------------------------------------------
15.2 (15.0)   26.6  day 06     05.1  day 30   111.4    019.6   051.0   09.3     68.5   day 04      NW
Max >=  20: 13
Max <=   20: 17
Min <=   10: 11
Max Rain: 14.2 ON 16-11-13
Days of Rain: 66 (> .2mm) 61 (> 2mm) 0 (> 20mm)