MONTHLY CLIMATOLOGICAL SUMMARY for NOV. 2015

NAME: Davis Vantage Pro 2   CITY: Ibiza ciudad STATE: Islas Baleares
ELEV: 27 LAT: 038:54:45 LONG: -001:24:58

                            TEMPERATURE ( C), RAIN (mm), WIND SPEED (kmh)

                                               HEAT     COOL           AVG
      MEAN                                     DEG      DEG            WIND                       DOM
DAY   TEMP    HIGH   TIME     LOW    TIME      DAYS     DAYS    RAIN   SPEED    HIGH    TIME      DIR
----------------------------------------------------------------------------------------------------------------------------------------------------------
01    19.4    21.4   12:47    16.6   04:52     00.0     01.1    00.0   15.8     44.4    22:48     ENE
02    19.1    20.6   01:23    16.9   20:04     00.0     00.8    13.0   16.0     61.0    09:30      SE
03    18.8    20.9   14:46    16.8   00:00     00.0     00.5    00.0   09.8     35.1    00:44     SSW
04    18.6    22.2   13:45    15.0   06:46     00.0     00.3    00.2   05.2     25.9    14:55     WSW
05    19.5    23.0   13:30    16.4   23:06     00.0     01.2    00.0   05.6     22.2    12:18     WSW
06    18.4    22.3   12:50    15.0   04:02     00.0     00.1    00.4   02.7     14.8    14:46      S 
07    17.7    21.4   14:11    14.3   06:00     00.6     00.0    00.2   02.0     14.8    12:53     SSW
08    18.0    21.0   14:50    14.9   23:02     00.3     00.0    00.4   03.2     16.6    13:56      E 
09    17.3    21.5   10:58    13.5   23:33     01.0     00.0    00.2   02.4     14.8    12:40     ENE
10    16.5    20.4   14:46    12.6   06:31     01.8     00.0    00.6   04.1     18.5    14:09      SW
11    16.4    20.1   14:02    12.3   05:03     01.9     00.0    00.2   02.9     16.6    13:31      S 
12    17.0    19.5   14:22    13.9   01:10     01.3     00.0    00.0   01.7     11.1    12:18     SSE
13    17.5    20.2   12:54    15.9   23:23     00.8     00.0    00.0   03.8     18.5    21:20      N 
14    16.5    19.9   12:39    13.3   22:30     01.8     00.0    00.0   05.8     22.2    09:42     NNE
15    15.4    20.2   13:47    11.4   06:22     02.9     00.0    00.4   04.0     22.2    13:49     SSW
16    16.0    20.7   12:32    12.1   23:45     02.3     00.0    00.2   03.7     18.5    14:24      W 
17    15.0    20.2   11:37    09.9   05:58     03.3     00.0    00.2   02.6     14.8    12:43      S 
18    14.8    20.1   14:15    10.1   05:58     03.5     00.0    00.4   02.9     16.6    10:25      N 
19    16.1    20.2   14:52    11.3   04:30     02.2     00.0    00.4   05.4     27.8    13:07     WSW
20    18.2    22.3   22:19    13.8   05:11     00.1     00.0    00.2   09.9     44.4    23:26     WSW
21    18.4    22.5   00:32    13.1   23:38     00.0     00.1    00.0   23.7     87.0    20:07     WNW
22    11.8    14.3   13:02    07.6   23:36     06.5     00.0    05.4   09.8     40.7    09:49     NNW
23    09.1    12.1   13:19    06.5   02:29     09.2     00.0    18.6   08.0     40.7    14:33      N 
24    09.1    12.6   13:21    05.1   04:00     09.2     00.0    01.6   05.6     37.0    05:15     NNW
25    15.3    18.5   20:42    05.8   00:34     03.0     00.0    00.0   12.6     46.3    20:49     WNW
26    17.5    18.7   13:38    15.2   23:58     00.8     00.0    00.0   17.9     55.5    12:23      NW
27    14.0    16.1   13:34    11.9   05:17     04.3     00.0    00.0   07.1     29.6    01:26      N 
28    14.8    18.5   14:30    10.2   23:35     03.5     00.0    01.0   03.6     22.2    23:55      NW
29    13.7    17.4   13:43    09.2   23:07     04.6     00.0    00.0   04.8     38.9    00:32     NNE
30    13.1    17.2   13:19    08.8   02:11     05.2     00.0    00.4   04.0     24.1    13:45     WSW
----------------------------------------------------------------------------------------------------------------------------------------------------------
16.1 (15.9)   23.0  day 05     05.1  day 24   070.0    004.1   044.0   06.9     87.0   day 21     WNW
Max >=  20: 19
Max <=   20: 11
Min <=   10: 7
Max Rain: 18.6 ON 23-11-15
Days of Rain: 19 (> .2mm) 3 (> 2mm) 0 (> 20mm)