MONTHLY CLIMATOLOGICAL SUMMARY for NOV. 2016

NAME: Davis Vantage Pro 2   CITY: Ibiza ciudad STATE: Islas Baleares
ELEV: 27 LAT: 038:54:45 LONG: -001:24:58

                            TEMPERATURE ( C), RAIN (mm), WIND SPEED (kmh)

                                               HEAT     COOL           AVG
      MEAN                                     DEG      DEG            WIND                       DOM
DAY   TEMP    HIGH   TIME     LOW    TIME      DAYS     DAYS    RAIN   SPEED    HIGH    TIME      DIR
----------------------------------------------------------------------------------------------------------------------------------------------------------
01    19.6    23.0   10:45    16.4   00:00     00.0     01.3    00.0   04.5     16.6    13:10     NNE
02    19.1    22.5   12:13    15.1   02:46     00.0     00.8    00.2   06.9     29.6    14:25      SW
03    20.1    24.9   13:51    16.7   05:28     00.0     01.8    00.2   02.8     27.8    12:23      W 
04    20.7    25.1   13:30    17.4   01:05     00.0     02.4    00.2   01.9     14.8    23:28      SW
05    21.2    22.8   11:39    19.5   00:59     00.0     02.9    00.8   13.2     51.8    13:43      SW
06    18.1    20.5   00:07    15.8   18:29     00.2     00.0    00.0   13.5     50.0    07:55      W 
07    13.3    16.3   09:15    09.3   19:40     05.0     00.0    04.0   09.5     40.7    12:54      N 
08    13.4    16.7   21:41    09.1   08:09     04.9     00.0    03.8   11.2     51.8    12:53      NW
09    16.9    18.8   14:23    14.4   06:04     01.4     00.0    00.0   16.7     57.4    11:44      W 
10    16.2    18.9   14:32    11.8   22:18     02.1     00.0    00.0   06.3     24.1    00:11      NW
11    15.4    19.9   13:43    11.3   06:26     02.9     00.0    00.0   05.2     24.1    11:59      W 
12    15.2    20.1   10:27    10.4   06:50     03.1     00.0    00.0   03.3     18.5    12:39      NE
13    15.9    20.4   11:33    12.1   02:51     02.4     00.0    00.0   01.7     20.4    13:14     NNE
14    15.1    17.2   02:23    12.3   13:31     03.2     00.0    17.2   16.7     55.5    09:58      N 
15    15.6    16.5   13:44    14.6   09:55     02.7     00.0    00.0   22.8     55.5    09:03     NNE
16    15.7    17.1   13:04    14.8   06:25     02.6     00.0    00.0   22.3     55.5    13:29     NNE
17    15.6    18.3   10:53    11.8   23:49     02.7     00.0    00.0   11.0     35.1    13:45      N 
18    15.6    19.4   14:15    10.9   05:14     02.7     00.0    00.2   07.1     31.4    12:12      SW
19    16.9    19.9   12:38    13.6   21:59     01.4     00.0    00.0   06.2     31.4    10:23      N 
20    16.7    18.8   12:39    13.3   07:51     01.6     00.0    00.0   08.8     37.0    00:00      SW
21    18.5    20.1   13:18    17.6   01:20     00.0     00.2    00.4   18.8     51.8    11:19     SSW
22    19.5    21.7   13:48    16.8   07:14     00.0     01.2    00.0   08.9     42.5    21:51      S 
23    15.7    20.8   00:38    12.2   14:55     02.6     00.0    10.4   15.3     53.6    17:59     SSW
24    13.2    15.3   14:30    09.0   23:52     05.1     00.0    00.2   06.4     31.4    21:05      NW
25    12.6    16.7   15:59    08.5   07:09     05.7     00.0    00.0   02.7     14.8    14:29      N 
26    17.4    19.7   13:35    10.4   00:18     00.9     00.0    00.0   11.9     38.9    23:09      SE
27    18.2    20.2   11:41    15.8   01:51     00.1     00.0    00.4   07.7     38.9    00:51     ESE
28    14.8    17.7   01:47    12.7   23:49     03.5     00.0    34.6   07.7     31.4    14:21      N 
29    14.8    17.7   11:33    12.3   07:10     03.5     00.0    04.2   06.9     24.1    14:29     NNE
30    15.6    17.2   13:54    13.3   00:00     02.7     00.0    12.6   13.6     33.3    09:22     ENE
----------------------------------------------------------------------------------------------------------------------------------------------------------
16.6 (16.4)   25.1  day 04     08.5  day 25   063.0    010.6   089.4   09.7     57.4   day 16      NW
Max >=  20: 12
Max <=   20: 18
Min <=   10: 4
Max Rain: 34.6 ON 28-11-16
Days of Rain: 15 (> .2mm) 7 (> 2mm) 1 (> 20mm)