MONTHLY CLIMATOLOGICAL SUMMARY for NOV. 2017

NAME: Davis Vantage Pro 2   CITY: Ibiza ciudad STATE: Islas Baleares
ELEV: 27 LAT: 038:54:45 LONG: -001:24:58

                            TEMPERATURE ( C), RAIN (mm), WIND SPEED (kmh)

                                               HEAT     COOL           AVG
      MEAN                                     DEG      DEG            WIND                       DOM
DAY   TEMP    HIGH   TIME     LOW    TIME      DAYS     DAYS    RAIN   SPEED    HIGH    TIME      DIR
--------------------------------------------------------------------------------------------------------
01    18.7    21.8   12:24    15.5   03:38     00.0     00.4    00.0   04.2     18.5    13:43     ENE
02    19.0    22.0   11:20    15.2   06:25     00.0     00.7    00.0   04.3     18.5    16:44     ENE
03    19.4    22.4   11:34    15.3   06:40     00.0     01.1    00.0   03.9     16.6    23:59     ENE
04    19.4    22.7   14:06    16.5   19:40     00.0     01.1    12.8   07.6     38.9    16:07     WSW
05    18.8    20.8   11:14    16.8   07:11     00.0     00.5    00.0   12.6     42.5    11:38      NW
06    16.2    17.3   15:11    14.0   23:39     02.1     00.0    00.0   13.4     46.3    07:44      NW
07    14.6    17.1   14:55    11.1   05:26     03.7     00.0    00.0   07.7     31.4    10:56     WNW
08    15.5    18.7   11:17    11.1   01:43     02.8     00.0    00.0   07.1     37.0    11:40      N 
09    13.8    15.7   13:05    10.3   23:54     04.5     00.0    00.0   10.0     40.7    08:29      N 
10    12.6    16.5   13:14    09.9   07:18     05.7     00.0    04.2   06.1     35.1    12:06      N 
11    15.9    19.7   12:53    11.6   02:40     02.4     00.0    00.0   05.1     29.6    12:02      NW
12    16.4    20.4   13:26    11.2   06:43     01.9     00.0    00.0   05.8     22.2    12:01     WNW
13    15.5    18.7   04:12    10.6   19:01     02.8     00.0    00.4   10.7     48.1    07:01     NNW
14    13.3    15.6   14:30    09.4   00:00     05.0     00.0    00.0   09.0     33.3    11:34      N 
15    13.3    17.7   14:03    08.4   06:51     05.0     00.0    00.0   06.1     29.6    13:33     WSW
16    14.4    19.5   15:03    10.2   05:29     03.9     00.0    00.0   02.9     24.1    13:32      SW
17    14.1    19.0   11:59    10.4   07:12     04.2     00.0    00.0   03.0     20.4    15:32      NW
18    14.3    19.3   13:21    10.1   06:52     04.0     00.0    00.4   03.0     22.2    12:50      W 
19    14.4    19.1   13:08    10.3   06:10     03.9     00.0    00.2   04.4     22.2    12:52     WSW
20    15.1    19.7   12:57    10.9   06:36     03.2     00.0    00.2   04.7     25.9    12:51      SW
21    15.2    19.5   12:41    11.9   23:30     03.1     00.0    00.4   04.3     22.2    13:36     SSW
22    15.6    19.9   11:35    11.6   01:03     02.7     00.0    00.2   03.7     22.2    11:53      S 
23    16.2    20.7   13:44    11.3   05:56     02.1     00.0    00.4   07.0     24.1    11:41     WSW
24    18.1    20.8   12:08    14.4   04:50     00.2     00.0    00.0   10.3     31.4    14:22     WSW
25    18.6    22.8   13:52    16.1   00:00     00.0     00.3    00.0   10.5     42.5    00:00      W 
26    13.8    16.1   00:15    08.3   21:58     04.5     00.0    00.0   12.8     40.7    02:17     NNE
27    11.8    16.8   12:00    06.7   06:33     06.5     00.0    00.0   03.7     16.6    14:35     ENE
28    16.2    18.3   12:05    10.7   00:05     02.1     00.0    11.6   13.7     44.4    12:39      SW
29    13.1    15.6   01:13    11.2   21:15     05.2     00.0    08.2   08.7     25.9    14:46      N 
30    11.6    13.4   13:14    08.4   22:45     06.7     00.0    00.0   09.7     31.4    11:58     NNE
--------------------------------------------------------------------------------------------------------
15.5 (15.3)   22.8  day 25     06.7  day 27   088.5    004.1   039.0   07.2     48.1   day 28      NW
Max >=  20: 9
Max <=   20: 21
Min <=   10: 6
Max Rain: 12.8 ON 4-11-17
Days of Rain: 11 (> .2mm) 4 (> 2mm) 0 (> 20mm)