MONTHLY CLIMATOLOGICAL SUMMARY for JAN. 2007 NAME: Davis CITY: Ibiza Ciudad STATE: Illes Balears ELEV: 27 m LAT: 38 54' 45" N LONG: 1 24' 58" E TEMPERATURE (C), RAIN (mm), WIND SPEED (km/hr) HEAT COOL AVG MEAN DEG DEG WIND DOM DAY TEMP HIGH TIME LOW TIME DAYS DAYS RAIN SPEED HIGH TIME DIR ------------------------------------------------------------------------------------ 1 13.8 16.1 13:20 11.6 22:00 10.2 0.0 0.0 9.2 37.0 12:20 W 2 13.7 16.6 12:20 8.4 22:00 10.3 0.0 0.0 8.4 30.6 3:50 NNW 3 11.5 15.2 15:10 6.8 4:30 12.5 0.0 0.0 4.3 16.1 12:20 ENE 4 13.6 18.3 15:30 9.4 22:10 10.4 0.0 0.0 9.2 32.2 11:50 W 5 12.8 16.4 16:00 9.1 6:50 11.2 0.0 0.0 3.7 24.1 7:00 E 6 11.8 15.3 15:50 7.8 6:10 12.2 0.0 0.0 3.9 19.3 16:10 NE 7 12.1 15.3 14:40 8.2 4:40 11.9 0.0 0.4 6.1 24.1 14:30 WSW 8 13.7 16.7 14:30 11.6 20:20 10.3 0.0 0.0 7.7 33.8 11:20 WNW 9 12.9 16.2 13:30 8.9 5:40 11.1 0.0 0.0 4.8 20.9 12:50 WSW 10 13.3 16.9 14:20 8.4 00:00 10.7 0.0 0.0 3.5 17.7 14:00 WSW 11 11.4 16.2 13:50 7.4 1:00 12.6 0.0 0.4 4.2 25.7 11:00 NE 12 11.7 16.7 15:10 7.2 4:50 12.3 0.0 0.2 5.0 24.1 13:20 WSW 13 12.6 16.1 14:40 8.3 4:30 11.4 0.0 0.0 7.2 27.4 11:40 WSW 14 11.7 14.6 13:50 6.8 6:00 12.3 0.0 0.4 4.2 17.7 10:50 ENE 15 13.0 15.0 13:50 9.9 5:50 11.0 0.0 0.0 3.9 17.7 14:00 NE 16 13.3 15.9 13:30 10.9 9:00 10.7 0.0 0.0 5.0 24.1 13:10 NE 17 13.0 17.2 14:40 10.5 5:30 11.0 0.0 0.0 3.4 17.7 15:00 WNW 18 13.6 17.8 14:30 9.5 7:20 10.4 0.0 0.2 7.4 33.8 12:10 W 19 15.7 20.6 13:20 11.9 00:00 8.3 0.3 0.0 5.0 25.7 14:20 W 20 14.2 17.3 12:50 10.2 6:30 9.8 0.0 0.0 6.9 24.1 12:30 WSW 21 13.4 15.7 13:40 9.9 8:30 10.6 0.0 0.0 5.1 24.1 16:00 SE 22 13.7 15.2 14:30 11.3 8:40 10.3 0.0 0.0 10.1 40.2 14:40 WSW 23 12.0 13.2 0:10 10.8 6:50 12.0 0.0 0.0 22.2 61.2 7:50 WNW 24 10.3 11.4 0:10 9.3 8:20 13.7 0.0 0.0 14.2 46.7 0:20 NW 25 9.4 12.1 13:30 7.4 19:10 14.6 0.0 0.0 9.3 38.6 12:50 WNW 26 9.5 11.1 12:30 6.8 4:00 14.5 0.0 32.2 16.7 49.9 11:10 E 27 9.4 11.3 12:30 7.2 7:10 14.6 0.0 0.0 17.5 51.5 1:40 ENE 28 10.8 12.4 16:20 8.9 2:40 13.2 0.0 0.0 12.9 33.8 12:50 ESE 29 12.1 13.0 16:40 10.8 7:50 12.0 0.0 0.4 11.3 30.6 23:00 E 30 11.6 12.1 0:10 10.8 22:00 12.4 0.0 2.8 9.7 41.8 4:40 NE 31 11.2 14.0 15:20 9.1 23:20 12.8 0.0 1.0 5.5 22.5 15:40 NE ------------------------------------------------------------------------------------- 12.3 20.6 19 6.8 14 361.3 0.3 38.0 8.0 61.2 23 NE Max >= 32.0: 0 Max <= 0.0: 0 Min <= 0.0: 0 Min <= -18.0: 0 Max Rain: 32.21 ON 26/01/07 Days of Rain: 9 (> .2 mm) 2 (> 2 mm) 1 (> 20 mm) Heat Base: 24.0 Cool Base: 18.0 Method: Integration