MONTHLY CLIMATOLOGICAL SUMMARY for JAN. 2013

NAME: Davis Vantage Pro 2   CITY: Ibiza ciudad STATE: Islas Baleares
ELEV: 27 LAT: 038:54:45 LONG: -001:24:58

                            TEMPERATURE ( C), RAIN (mm), WIND SPEED (kmh)

                                               HEAT     COOL           AVG
      MEAN                                     DEG      DEG            WIND                       DOM
DAY   TEMP    HIGH   TIME     LOW    TIME      DAYS     DAYS    RAIN   SPEED    HIGH    TIME      DIR
----------------------------------------------------------------------------------------------------------------------------------------------------------
01    12.3    15.1   15:30    09.2   21:50     06.0     00.0    00.0   04.1     33.3    11:50     WNW
02    10.9    13.4   15:20    07.5   06:40     07.4     00.0    00.0   03.4     33.3    11:20      N 
03    11.4    13.7   15:00    07.7   00:40     06.9     00.0    02.2   12.9     53.6    13:10     NNE
04    12.8    15.8   13:30    09.3   08:00     05.5     00.0    00.0   05.1     22.2    19:00      NW
05    12.6    16.6   14:00    09.8   22:50     05.7     00.0    00.0   03.6     25.9    12:50     WSW
06    13.4    17.5   10:40    09.6   23:40     04.9     00.0    00.0   00.9     12.9    20:30      SW
07    12.1    18.0   12:52    08.1   06:30     06.2     00.0    00.2   01.4     20.4    14:04      SW
08    11.6    17.2   15:09    07.6   06:00     06.7     00.0    00.0   00.8     14.8    15:40     WSW
09    11.1    14.4   12:32    07.1   08:01     07.2     00.0    00.4   04.0     35.1    22:26     WSW
10    14.1    17.4   12:26    09.5   23:32     04.2     00.0    00.0   11.8     48.1    10:21     WNW
11    13.2    16.3   00:43    08.3   00:00     05.1     00.0    00.0   06.3     31.4    05:25      N 
12    12.3    15.9   14:25    08.0   02:45     06.0     00.0    00.0   08.0     35.1    21:42      W 
13    12.3    14.9   03:03    07.6   21:49     06.0     00.0    00.0   11.3     55.5    06:33     WNW
14    11.8    13.4   21:51    07.6   02:06     06.5     00.0    00.0   10.9     42.5    10:37      NW
15    12.1    13.7   15:05    09.5   07:20     06.2     00.0    00.0   10.7     62.9    13:50     WNW
16    13.5    14.8   21:34    12.2   04:59     04.8     00.0    00.0   20.9     57.4    20:48      W 
17    14.8    16.4   12:05    11.8   20:23     03.5     00.0    00.0   14.7     57.4    03:41     WNW
18    16.3    19.3   15:57    13.3   07:19     02.0     00.0    00.0   14.8     53.6    14:17      W 
19    14.3    17.9   00:01    11.2   14:40     04.0     00.0    03.6   17.3     57.4    17:46     WSW
20    12.7    14.4   14:03    10.2   08:07     05.6     00.0    01.6   13.6     50.0    12:54     WNW
21    12.9    15.1   14:49    09.2   21:22     05.4     00.0    00.0   11.2     48.1    11:21     WNW
22    11.1    13.9   13:38    08.4   18:24     07.2     00.0    02.6   15.3     68.5    21:40      W 
23    10.7    12.1   16:27    08.5   02:19     07.6     00.0    02.6   23.3     61.0    15:14     WNW
24    12.6    14.5   14:36    09.0   09:31     05.7     00.0    05.8   20.7     66.6    08:58      NW
25    10.9    13.3   14:50    07.8   20:12     07.4     00.0    00.2   08.6     59.2    00:51     NNW
26    12.5    15.4   10:44    09.0   00:00     05.8     00.0    02.0   12.4     81.4    11:14     NNW
27    13.1    16.9   22:37    08.2   02:26     05.2     00.0    00.4   06.7     31.4    14:45     WSW
28    13.8    16.6   00:06    10.5   20:31     04.5     00.0    00.0   05.4     50.0    09:20      NW
29    11.7    15.1   15:52    07.2   07:46     06.6     00.0    00.0   02.8     25.9    13:36      SW
30    11.1    14.5   10:35    06.3   04:13     07.2     00.0    00.0   04.0     22.2    15:45      SW
31    13.9    20.2   11:14    09.0   06:18     04.4     00.0    00.0   01.4     12.9    22:46      E 
----------------------------------------------------------------------------------------------------------------------------------------------------------
12.6 (12.3)   20.2  day 31     06.3  day 30   177.4    000.0   021.6   09.3     81.4   day 26     WNW
Max >=  20: 1
Max <=   20: 30
Min <=   10: 25
Max Rain: 5.8 ON 24-01-13
Days of Rain: 12 (> .2mm) 5 (> 2mm) 0 (> 20mm)