MONTHLY CLIMATOLOGICAL SUMMARY for JAN. 2017

NAME: Davis Vantage Pro 2   CITY: Ibiza ciudad STATE: Islas Baleares
ELEV: 27 LAT: 038:54:45 LONG: -001:24:58

                            TEMPERATURE ( C), RAIN (mm), WIND SPEED (kmh)

                                               HEAT     COOL           AVG
      MEAN                                     DEG      DEG            WIND                       DOM
DAY   TEMP    HIGH   TIME     LOW    TIME      DAYS     DAYS    RAIN   SPEED    HIGH    TIME      DIR
--------------------------------------------------------------------------------------------------------
01    13.2    16.1   14:26    07.5   07:16     05.1     00.0    00.0   06.0     27.8    11:15     SSW
02    12.8    15.9   11:10    08.7   23:00     05.5     00.0    00.0   04.0     20.4    01:04      SW
03    12.1    16.7   13:16    08.3   01:32     06.2     00.0    00.0   03.8     22.2    11:17     WNW
04    12.1    16.7   12:45    07.3   00:43     06.2     00.0    00.0   03.3     12.9    13:56      NE
05    12.9    15.4   14:15    08.5   04:13     05.4     00.0    00.4   06.3     25.9    12:10      NE
06    12.2    14.8   13:21    08.8   22:33     06.1     00.0    00.0   02.8     18.5    14:27      SW
07    10.6    15.1   14:31    06.9   23:30     07.7     00.0    00.2   04.2     20.4    14:30      NW
08    10.5    15.0   13:09    06.6   04:32     07.8     00.0    00.0   04.8     20.4    13:39      NW
09    11.1    14.3   13:50    07.4   00:56     07.2     00.0    00.0   04.1     16.6    12:19      N 
10    13.1    14.7   13:58    10.8   00:02     05.2     00.0    00.2   08.8     48.1    23:16     WNW
11    11.4    14.1   14:03    08.0   22:37     06.9     00.0    00.8   13.0     48.1    11:46     NNE
12    14.2    16.3   13:36    11.0   02:41     04.1     00.0    00.0   17.1     48.1    17:18      SW
13    14.3    16.2   02:15    11.2   23:42     04.0     00.0    00.0   17.0     42.5    20:47      NW
14    10.7    12.0   13:42    09.7   06:54     07.6     00.0    00.0   14.7     42.5    16:04     NNW
15    11.4    13.3   14:37    09.6   06:16     06.9     00.0    00.0   13.4     48.1    15:37      NW
16    12.1    14.7   15:59    06.7   02:47     06.2     00.0    00.0   08.6     37.0    08:48      NW
17    06.9    10.8   00:15    04.2   23:36     11.4     00.0    02.2   15.2     55.5    10:30     NNE
18    07.9    09.8   09:48    04.2   00:28     10.4     00.0    00.2   17.0     42.5    23:46     NNE
19    11.1    14.0   23:53    07.6   08:46     07.2     00.0    26.6   22.8     70.3    07:43     ENE
20    12.6    14.2   01:51    09.5   23:42     05.7     00.0    04.2   12.9     42.5    00:15      NE
21    11.4    12.6   19:07    08.6   23:19     06.9     00.0    26.0   26.6     79.5    18:47     NNE
22    11.1    12.8   15:38    09.7   21:44     07.2     00.0    17.4   15.9     51.8    01:20     NNE
23    10.8    13.4   13:01    09.7   15:27     07.5     00.0    07.4   15.4     48.1    13:14      N 
24    11.0    13.8   13:07    06.0   23:06     07.3     00.0    00.0   08.4     33.3    00:22      N 
25    10.1    15.0   13:18    06.1   01:13     08.2     00.0    00.0   02.9     25.9    12:35     WNW
26    11.8    14.6   13:43    07.6   07:09     06.5     00.0    00.0   03.2     22.2    22:15     SSE
27    13.2    15.9   13:18    10.3   20:34     05.1     00.0    15.6   11.6     50.0    20:02     SSW
28    11.6    12.8   13:55    09.2   05:02     06.7     00.0    16.6   16.6     59.2    07:32      NW
29    11.0    14.7   10:58    07.1   05:17     07.3     00.0    00.0   03.2     22.2    11:32      SW
30    13.3    16.2   13:04    08.3   01:45     05.0     00.0    00.2   06.7     25.9    15:53      SW
31    13.9    16.9   12:42    11.7   05:27     04.4     00.0    00.4   04.5     22.2    09:03      S 
--------------------------------------------------------------------------------------------------------
11.7 (11.4)   16.9  day 31     04.2  day 18   205.1    000.0   118.4   10.2     79.6   day 21      N 
Max <=   20: 31
Min <=   10: 26
Min <= 5: 2
Max Rain: 26.6 ON 19-01-17
Days of Rain: 14 (> .2mm) 8 (> 2mm) 2 (> 20mm)