MONTHLY CLIMATOLOGICAL SUMMARY for JAN. 2021 NAME: Davis Vantage Pro 2 CITY: Eivissa STATE: Islas Baleares ELEV: 27 LAT: 038:54:26 LONG: 0001:24:47 TEMPERATURE ( °C), RAIN (mm), WIND SPEED (kmh) HEAT COOL AVG MEAN DEG DEG WIND DOM DAY TEMP HIGH TIME LOW TIME DAYS DAYS RAIN SPEED HIGH TIME DIR -------------------------------------------------------------------------------------------------------- 01 10.2 12.6 03:53 06.5 21:49 08.1 00.0 06.4 13.6 48.1 11:23 WNW 02 09.1 10.3 15:02 06.9 00:02 09.2 00.0 00.0 11.1 35.1 13:23 W 03 09.2 11.2 21:32 06.4 07:20 09.1 00.0 00.0 08.7 31.4 22:20 WNW 04 10.3 11.8 13:05 08.8 05:54 08.0 00.0 00.0 12.8 46.3 12:47 W 05 09.0 11.9 14:22 03.6 00:00 09.3 00.0 00.0 07.1 27.8 09:17 NW 06 08.3 12.6 13:37 03.1 04:47 10.0 00.0 00.0 07.1 20.4 23:04 NNE 07 08.4 09.6 11:22 07.2 05:49 09.9 00.0 05.6 15.5 37.0 20:16 NNE 08 08.5 09.7 00:00 07.8 18:43 09.8 00.0 06.6 18.6 46.3 23:42 NE 09 11.6 15.3 11:46 09.7 01:08 06.7 00.0 06.2 15.6 48.1 17:19 NW 10 10.0 11.4 11:42 08.8 05:16 08.3 00.0 26.8 14.7 55.5 17:58 NNW 11 08.7 10.2 11:56 05.5 23:26 09.6 00.0 04.4 09.9 35.1 01:45 N 12 08.0 12.2 14:53 04.7 03:38 10.3 00.0 00.2 05.4 24.1 14:05 W 13 09.1 14.3 14:54 04.6 02:18 09.2 00.0 00.0 04.0 20.4 14:12 NW 14 09.6 14.9 14:49 05.6 07:26 08.7 00.0 00.0 03.3 24.1 12:43 NW 15 11.4 15.0 11:52 06.0 01:56 06.9 00.0 00.0 06.5 27.8 16:00 NNW 16 11.2 14.2 14:14 07.6 21:20 07.1 00.0 00.0 08.1 31.4 10:48 NNW 17 13.9 17.5 21:31 11.0 00:04 04.4 00.0 00.0 12.7 44.4 21:30 WSW 18 13.4 14.9 00:02 10.3 23:59 04.9 00.0 00.0 06.6 24.1 00:57 E 19 12.4 15.8 12:06 08.4 05:33 05.9 00.0 00.0 07.3 27.8 14:40 SSW 20 13.4 15.1 12:23 11.9 04:27 04.9 00.0 00.0 12.8 38.9 12:15 SW 21 15.5 17.8 12:27 13.1 04:26 02.8 00.0 00.0 16.1 51.8 14:07 WSW 22 15.5 18.8 12:02 14.0 23:55 02.8 00.0 00.0 25.4 81.4 12:04 W 23 14.4 16.7 23:57 12.6 07:05 03.9 00.0 00.0 21.8 66.6 23:52 WSW 24 16.8 18.7 15:43 13.7 20:43 01.5 00.0 00.0 17.9 75.8 00:08 WSW 25 15.6 18.5 18:48 12.3 23:55 02.7 00.0 01.4 16.8 51.8 00:13 WSW 26 13.6 15.6 15:11 10.9 07:27 04.7 00.0 00.2 09.0 29.6 16:02 S 27 17.4 22.2 14:31 13.7 01:37 00.9 00.0 00.0 10.2 35.1 10:53 W 28 17.3 22.0 12:23 13.9 01:18 01.0 00.0 00.0 08.2 29.6 19:28 SW 29 20.5 25.7 13:53 15.0 00:00 00.0 02.2 00.0 13.8 51.8 21:54 WSW 30 16.7 19.9 11:27 12.7 05:01 01.6 00.0 00.0 19.6 66.6 21:13 W 31 16.6 19.2 23:37 14.4 07:28 01.7 00.0 00.0 30.4 74.0 21:30 W -------------------------------------------------------------------------------------------------------- 12.4 (12.4) 25.7 day 29 03.1 day 06 184.1 002.2 057.8 12.6 81.4 day 31 W Min <= 30: 31 Max Rain: 26.8 ON 10-01-21 Days of Rain: 9 (> .2mm) 6 (> 2mm) 1 (> 20mm)