MONTHLY CLIMATOLOGICAL SUMMARY for DEC. 2016

NAME: Davis Vantage Pro 2   CITY: Ibiza ciudad STATE: Islas Baleares
ELEV: 27 LAT: 038:54:45 LONG: -001:24:58

                            TEMPERATURE ( C), RAIN (mm), WIND SPEED (kmh)

                                               HEAT     COOL           AVG
      MEAN                                     DEG      DEG            WIND                       DOM
DAY   TEMP    HIGH   TIME     LOW    TIME      DAYS     DAYS    RAIN   SPEED    HIGH    TIME      DIR
----------------------------------------------------------------------------------------------------------------------------------------------------------
01    14.3    16.4   13:31    12.6   03:14     04.0     00.0    00.0   10.4     22.2    10:19     NNE
02    14.5    17.9   13:45    10.8   21:39     03.8     00.0    00.0   04.3     20.4    00:22      N 
03    13.9    17.8   12:12    09.9   05:32     04.4     00.0    00.2   03.0     14.8    21:57      NE
04    17.5    18.7   13:00    14.6   00:56     00.8     00.0    01.6   15.0     38.9    19:40     ENE
05    16.2    18.0   00:29    15.3   18:59     02.1     00.0    07.4   08.7     29.6    02:50     NNE
06    16.1    18.3   13:08    14.7   23:16     02.2     00.0    03.0   13.5     38.9    13:02     NNE
07    15.4    17.3   11:06    14.3   07:04     02.9     00.0    00.0   13.9     37.0    12:38      N 
08    15.8    17.8   10:48    14.2   04:53     02.5     00.0    00.0   13.3     33.3    11:51     NNE
09    16.5    18.3   15:22    15.5   05:33     01.8     00.0    04.0   08.0     25.9    10:32     NNE
10    16.3    18.9   12:06    13.3   23:48     02.0     00.0    00.6   00.9     12.9    12:26     ESE
11    14.5    18.2   13:22    11.3   07:13     03.8     00.0    00.2   02.2     14.8    15:40      N 
12    13.9    18.5   13:33    10.5   04:29     04.4     00.0    00.4   02.7     18.5    12:24     WNW
13    13.1    17.9   14:42    10.2   05:29     05.2     00.0    00.4   02.8     16.6    13:26     NNE
14    12.8    17.0   14:26    09.8   06:21     05.5     00.0    00.4   03.2     18.5    14:41      W 
15    13.8    17.3   12:41    11.4   00:01     04.5     00.0    26.0   06.0     27.8    16:58      NE
16    13.9    16.3   12:14    10.8   07:55     04.4     00.0    06.4   06.0     31.4    23:39     ENE
17    15.8    17.4   11:59    14.1   03:25     02.5     00.0    19.6   23.8     57.4    11:25     ENE
18    14.5    15.8   02:50    12.8   17:15     03.8     00.0    71.8   22.8     61.0    17:58      NE
19    14.1    15.5   12:30    13.2   00:00     04.2     00.0    14.8   14.4     51.8    00:00     NNE
20    13.1    14.3   18:58    11.6   10:53     05.2     00.0    02.6   15.2     57.4    03:35     NNW
21    13.5    15.3   21:36    11.4   03:37     04.8     00.0    04.2   18.6     55.5    22:24      N 
22    15.1    16.7   11:19    14.0   23:15     03.2     00.0    00.2   17.9     50.0    04:08      N 
23    14.0    17.5   13:13    10.8   23:22     04.3     00.0    00.0   04.4     22.2    01:57     NNE
24    12.8    18.1   14:09    09.1   04:26     05.5     00.0    00.4   02.7     16.6    15:32      NW
25    13.4    17.8   13:38    09.5   00:01     04.9     00.0    00.2   04.5     22.2    12:34      W 
26    13.9    18.1   12:45    10.3   06:19     04.4     00.0    00.2   03.4     16.6    01:40      NW
27    13.8    17.6   12:20    09.5   04:30     04.5     00.0    00.4   05.8     22.2    23:57     NNE
28    15.1    17.2   14:05    13.3   00:54     03.2     00.0    00.0   11.8     31.4    12:32     NNE
29    13.3    17.3   11:41    09.0   07:06     05.0     00.0    00.0   03.9     18.5    13:43     NNW
30    12.2    15.0   11:06    08.5   01:38     06.1     00.0    00.0   03.8     18.5    12:24     NNW
31    12.4    15.3   13:56    08.3   23:46     05.9     00.0    02.0   06.3     20.4    12:44     NNE
----------------------------------------------------------------------------------------------------------------------------------------------------------
14.4 (14.5)   18.9  day 10     08.3  day 31   121.8    000.0   167.0   08.8     61.1   day 18     NNE
Max <=   20: 31
Min <=   10: 8
Max Rain: 71.8 ON 18-12-17
Days of Rain: 23 (> .2mm) 10 (> 2mm) 2 (> 20mm)