MONTHLY CLIMATOLOGICAL SUMMARY for DEC. 2017

NAME: Davis Vantage Pro 2   CITY: Ibiza ciudad STATE: Islas Baleares
ELEV: 27 LAT: 038:54:45 LONG: -001:24:58

                            TEMPERATURE ( C), RAIN (mm), WIND SPEED (kmh)

                                               HEAT     COOL           AVG
      MEAN                                     DEG      DEG            WIND                       DOM
DAY   TEMP    HIGH   TIME     LOW    TIME      DAYS     DAYS    RAIN   SPEED    HIGH    TIME      DIR
--------------------------------------------------------------------------------------------------------
01    10.9    14.4   12:25    06.3   00:00     07.4     00.0    04.4   16.1     55.5    15:56      NW
02    09.7    10.9   13:37    06.3   00:03     08.6     00.0    00.4   15.1     57.4    12:09      NW
03    09.7    12.7   14:40    04.8   22:29     08.6     00.0    00.0   07.4     35.1    11:00     NNW
04    09.7    15.2   14:05    04.6   03:55     08.6     00.0    00.0   02.7     18.5    13:44     NNE
05    10.1    15.6   13:49    05.4   05:09     08.2     00.0    00.0   03.8     20.4    12:42     WSW
06    11.5    16.4   13:08    06.2   06:15     06.8     00.0    00.0   02.3     14.8    14:51      NW
07    12.4    17.0   13:24    08.1   04:37     05.9     00.0    00.2   03.3     18.5    14:37     SSW
08    14.6    18.1   12:14    09.4   00:16     03.7     00.0    00.0   06.7     31.4    12:21     WSW
09    13.4    15.3   09:57    09.9   21:04     04.9     00.0    00.0   06.2     31.4    10:30      N 
10    16.8    18.9   13:42    13.5   00:01     01.5     00.0    00.0   16.3     53.6    11:29     WSW
11    14.9    18.2   09:21    12.3   00:00     03.4     00.0    03.2   19.5     74.0    10:09      SW
12    11.7    13.7   14:10    06.6   00:00     06.6     00.0    00.0   06.9     33.3    11:16     NNW
13    11.3    14.8   13:44    05.4   05:42     07.0     00.0    00.0   09.3     37.0    17:16     WSW
14    15.1    17.4   13:00    12.2   07:12     03.2     00.0    00.0   13.4     46.3    22:28     WSW
15    15.5    18.2   12:29    11.7   20:26     02.8     00.0    03.2   14.5     62.9    10:02      W 
16    12.4    13.8   14:09    09.1   22:43     05.9     00.0    00.2   15.5     55.5    07:51     NNW
17    10.5    13.3   14:12    06.1   22:35     07.8     00.0    01.2   08.3     35.1    00:09     NNW
18    10.9    13.9   13:12    05.7   00:26     07.4     00.0    01.0   07.9     35.1    18:05      W 
19    11.6    13.6   13:07    09.9   06:26     06.7     00.0    04.2   15.1     42.5    22:47     NNE
20    12.4    14.2   12:55    10.4   01:17     05.9     00.0    00.2   12.5     42.5    23:27      N 
21    11.9    13.1   15:07    09.2   22:46     06.4     00.0    00.8   09.6     37.0    00:28      N 
22    12.4    16.6   13:08    07.7   04:54     05.9     00.0    00.0   06.0     27.8    11:56     WSW
23    13.2    16.8   15:44    09.9   03:24     05.1     00.0    00.0   02.1     14.8    15:44     ENE
24    13.1    16.7   14:00    09.3   06:16     05.2     00.0    00.4   03.5     22.2    14:10      SW
25    14.2    17.2   11:39    10.4   00:01     04.1     00.0    00.0   05.7     29.6    22:19     SSW
26    14.2    16.6   13:04    12.3   23:06     04.1     00.0    00.4   12.6     53.6    23:51     WSW
27    14.7    16.1   15:31    12.6   03:24     03.6     00.0    01.2   20.6     75.8    13:19      W 
28    15.2    19.3   19:06    13.1   07:11     03.1     00.0    00.0   15.3     53.6    18:17      W 
29    15.5    19.1   14:22    09.7   06:50     02.8     00.0    00.0   08.8     50.0    13:59      W 
30    16.7    20.4   14:23    12.4   00:00     01.6     00.0    00.0   10.2     46.3    11:55     WSW
31    14.7    17.5   22:56    11.1   01:42     03.6     00.0    00.4   12.4     68.5    21:37     WSW
--------------------------------------------------------------------------------------------------------
12.9 (12.5)   20.4  day 30     04.6  day 04   166.4    000.0   021.6   10.0     75.9   day 27     WNW
Max >=  20: 1
Max <=   20: 30
Min <=   10: 20
Min <= 5: 2
Max Rain: 4.4 ON 1-12-18
Days of Rain: 15 (> .2mm) 4 (> 2mm) 0 (> 20mm)