MONTHLY CLIMATOLOGICAL SUMMARY for FEB. 2010 NAME: Davis CITY: Ibiza Ciudad STATE: Illes Balears ELEV: 27 m LAT: 38 54' 45" N LONG: 1 24' 58" E TEMPERATURE (C), RAIN (mm), WIND SPEED (km/hr) HEAT COOL AVG MEAN DEG DEG WIND DOM DAY TEMP HIGH TIME LOW TIME DAYS DAYS RAIN SPEED HIGH TIME DIR ------------------------------------------------------------------------------------ 1 9.6 12.7 0:40 4.5 22:20 14.4 0.0 0.0 10.9 48.3 1:10 NNE 2 8.5 13.1 16:10 3.9 1:00 15.5 0.0 0.0 3.2 20.9 14:50 SSW 3 10.4 13.3 13:00 5.4 6:10 13.6 0.0 0.0 4.2 19.3 14:10 SSW 4 13.7 16.0 12:30 11.9 20:40 10.3 0.0 0.6 7.6 37.0 22:00 NE 5 16.0 18.7 9:40 12.4 0:10 8.0 0.0 0.0 15.6 51.5 23:40 W 6 14.6 16.3 14:20 12.8 20:00 9.4 0.0 0.0 15.6 53.1 1:50 W 7 14.2 16.2 12:30 12.2 00:00 9.8 0.0 0.0 9.2 49.9 4:50 NNW 8 12.9 14.5 13:00 11.8 19:20 11.1 0.0 1.4 7.1 30.6 23:40 SW 9 11.6 14.1 0:20 9.6 21:00 12.5 0.0 0.0 11.4 46.7 12:40 NNW 10 10.2 11.9 15:10 8.6 5:20 13.8 0.0 0.0 10.8 37.0 1:40 NNW 11 7.9 10.1 0:10 6.3 00:00 16.1 0.0 0.0 17.4 62.8 11:00 NW 12 6.3 8.8 13:50 4.0 23:10 17.7 0.0 0.0 7.1 41.8 0:20 NNW 13 6.7 8.6 9:20 4.4 2:30 17.4 0.0 4.0 11.9 37.0 17:40 NNE 14 7.4 9.3 13:00 4.5 21:20 16.6 0.0 1.4 11.1 41.8 9:00 NNE 15 9.6 11.7 12:00 6.9 1:00 14.4 0.0 2.8 10.0 30.6 12:10 NNE 16 12.0 14.6 14:10 10.5 7:30 12.0 0.0 0.2 6.0 29.0 10:00 SW 17 13.5 15.4 12:50 12.0 5:50 10.5 0.0 5.2 15.3 49.9 15:20 SW 18 13.6 15.4 9:40 10.9 00:00 10.5 0.0 24.2 10.9 72.4 23:50 WSW 19 11.4 13.2 10:50 9.8 5:40 12.6 0.0 4.0 9.0 66.0 0:10 WNW 20 11.6 13.7 13:40 8.9 6:30 12.4 0.0 0.0 12.1 41.8 9:40 W 21 11.6 13.7 14:50 6.8 4:50 12.5 0.0 1.4 9.5 37.0 16:30 SW 22 13.9 15.8 15:20 11.4 0:20 10.1 0.0 0.0 12.9 41.8 15:20 SW 23 15.3 17.9 12:40 12.8 5:40 8.7 0.0 0.0 13.4 48.3 11:50 WSW 24 16.2 19.2 15:00 13.6 19:50 7.9 0.1 0.0 15.1 51.5 3:00 W 25 14.5 18.1 2:10 12.1 5:20 9.5 0.0 0.0 13.2 38.6 14:10 SW 26 17.1 19.6 1:20 14.0 23:50 6.9 0.4 0.0 12.6 49.9 2:00 W 27 15.7 20.5 21:00 13.4 0:50 8.3 0.2 0.0 5.8 41.8 21:10 SW 28 15.6 18.9 4:20 12.7 22:00 8.4 0.0 0.0 12.2 57.9 7:30 NW ------------------------------------------------------------------------------------- 12.2 20.5 27 3.9 2 330.7 0.7 45.2 10.7 72.4 18 SW Max >= 32.0: 0 Max <= 0.0: 0 Min <= 0.0: 0 Min <= -18.0: 0 Max Rain: 24.21 ON 18/02/10 Days of Rain: 10 (> .2 mm) 5 (> 2 mm) 1 (> 20 mm) Heat Base: 24.0 Cool Base: 18.0 Method: Integration