MONTHLY CLIMATOLOGICAL SUMMARY for FEB. 2012

NAME: Davis Vantage Pro 2   CITY: Ibiza ciudad STATE: Islas Baleares
ELEV: 27 LAT: 038:54:45 LONG: -001:24:58

                            TEMPERATURE ( C), RAIN (mm), WIND SPEED (kmh)

                                               HEAT     COOL           AVG
      MEAN                                     DEG      DEG            WIND                       DOM
DAY   TEMP    HIGH   TIME     LOW    TIME      DAYS     DAYS    RAIN   SPEED    HIGH    TIME      DIR
----------------------------------------------------------------------------------------------------------------------------------------------------------
01    12.0    15.8   14:41    07.1   07:25     06.3     00.0    00.0   07.1     35.2    12:49      NW
02    06.9    11.5   01:46    04.0   23:30     11.4     00.0    37.2   15.1     48.1    20:23     NNE
03    05.4    06.8   21:03    03.5   09:09     12.9     00.0    11.2   12.4     48.1    22:14     NNW
04    04.2    06.5   13:53    01.9   05:54     14.1     00.0    01.2   16.0     61.1    20:14     NNE
05    06.0    10.2   20:43    00.9   07:19     12.3     00.0    04.6   08.5     48.1    22:33     NNW
06    09.2    12.0   15:19    04.9   07:04     09.1     00.0    00.4   09.8     51.8    22:36      N 
07    09.1    10.7   15:05    06.9   23:28     09.2     00.0    00.2   17.8     59.2    10:06      N 
08    06.7    09.4   14:33    04.7   06:30     11.6     00.0    04.2   10.1     40.7    13:17     NNE
09    07.4    09.8   15:26    04.4   22:07     10.9     00.0    00.0   10.5     40.7    12:30     NNE
10    08.1    12.4   12:24    04.2   03:50     10.2     00.0    00.0   06.4     31.5    12:58     ENE
11    06.4    08.7   13:09    02.3   23:07     11.9     00.0    02.6   08.1     35.2    15:50     NNE
12    05.0    08.3   12:07    00.9   23:34     13.3     00.0    00.8   06.8     35.2    01:00      N 
13    04.9    08.3   13:03    01.3   05:37     13.4     00.0    01.0   06.9     38.9    10:13     NNE
14    07.6    10.7   13:35    03.8   22:22     10.7     00.0    02.4   07.4     42.6    12:26     NNE
15    08.9    11.9   14:20    04.3   07:39     09.4     00.0    00.0   08.0     31.5    14:20      W 
16    10.5    13.7   14:16    06.5   23:48     07.8     00.0    00.0   06.0     31.5    10:22      N 
17    09.8    13.9   12:24    04.8   06:36     08.5     00.0    00.0   04.5     20.4    13:26      SE
18    10.1    13.8   11:38    05.3   06:25     08.2     00.0    00.0   04.7     18.5    15:23      S 
19    10.6    14.7   14:07    06.3   05:43     07.7     00.0    00.0   05.0     20.4    14:37     WSW
20    10.1    12.3   13:58    05.9   22:47     08.2     00.0    00.0   07.3     33.3    05:49     ENE
21    09.5    12.4   14:36    05.3   00:45     08.8     00.0    01.0   10.3     35.2    12:34     NNE
22    11.0    13.9   14:11    06.9   23:08     07.3     00.0    00.0   12.1     37.0    11:52      N 
23    11.1    17.3   14:58    06.2   04:41     07.2     00.0    00.0   04.1     20.4    16:07      N 
24    11.4    15.9   16:20    06.3   03:06     06.9     00.0    00.0   03.2     16.7    15:35     SSW
25    11.3    15.3   12:18    06.2   06:13     07.0     00.0    00.0   05.3     24.1    13:52      SW
26    13.8    19.6   14:29    09.2   07:20     04.5     00.0    00.0   04.0     18.5    17:43     WSW
27    13.3    15.9   13:17    09.2   01:23     05.0     00.0    00.0   05.3     33.3    07:54     ESE
28    11.9    15.4   14:18    07.8   06:44     06.4     00.0    00.0   02.6     16.7    15:58      SE
29    11.7    15.7   13:17    06.9   06:31     06.6     00.0    00.2   06.2     24.1    15:44      SW
----------------------------------------------------------------------------------------------------------------------------------------------------------
09.1 (8.8)   19.6  day 26     00.9  day 12   266.6    000.0   067.0   08.0     61.1   day 04     N
Max <=   20: 29
Min <=   10: 29
Min <= 5: 14
Max Rain: 37.2 ON 2-02-12
Days of Rain: 11 (> .2mm) 6 (> 2mm) 1 (> 20mm)