MONTHLY CLIMATOLOGICAL SUMMARY for FEB. 2013

NAME: Davis Vantage Pro 2   CITY: Ibiza ciudad STATE: Islas Baleares
ELEV: 27 LAT: 038:54:45 LONG: -001:24:58

                            TEMPERATURE ( C), RAIN (mm), WIND SPEED (kmh)

                                               HEAT     COOL           AVG
      MEAN                                     DEG      DEG            WIND                       DOM
DAY   TEMP    HIGH   TIME     LOW    TIME      DAYS     DAYS    RAIN   SPEED    HIGH    TIME      DIR
----------------------------------------------------------------------------------------------------------------------------------------------------------
01    13.9    17.8   00:00    10.5   02:40     04.4     00.0    00.0   10.5     42.5    14:29      SW
02    13.7    18.2   00:17    10.8   07:18     04.6     00.0    02.4   24.8     66.6    20:13     WNW
03    09.7    12.0   13:42    05.6   23:33     08.6     00.0    00.0   17.1     68.5    07:25     NNW
04    11.0    14.1   13:34    06.6   07:00     07.3     00.0    00.0   07.3     31.4    12:46     WSW
05    13.0    16.8   14:19    10.4   06:13     05.3     00.0    00.0   07.9     40.7    23:59      SW
06    13.2    16.4   00:40    11.4   00:00     05.1     00.0    00.0   20.8     57.4    02:13      NW
07    10.6    11.4   15:08    09.8   09:18     07.7     00.0    00.0   20.0     62.9    12:41      NW
08    10.6    12.8   15:08    07.9   23:05     07.7     00.0    02.4   06.7     37.0    12:08      NW
09    07.6    10.2   14:41    05.8   10:01     10.7     00.0    03.6   05.8     35.1    07:17     NNW
10    12.2    14.6   14:00    08.8   00:05     06.1     00.0    00.0   17.3     50.0    15:40     WSW
11    11.7    14.4   02:00    09.4   20:27     06.6     00.0    00.0   16.3     57.4    03:15      W 
12    10.8    13.0   14:25    09.2   23:20     07.5     00.0    00.0   15.6     55.5    13:24      NW
13    11.2    13.9   15:39    08.1   00:00     07.1     00.0    00.0   06.8     42.5    10:59     NNW
14    12.0    16.6   14:23    07.8   01:59     06.3     00.0    00.0   03.7     25.9    13:06      SW
15    12.2    15.6   10:31    09.0   00:39     06.1     00.0    00.0   02.1     20.4    17:11     SSE
16    13.0    14.8   13:10    10.8   00:30     05.3     00.0    00.0   06.4     24.1    11:50      SE
17    12.7    14.3   11:50    11.3   23:11     05.6     00.0    00.0   02.3     18.5    12:50     SSE
18    13.1    16.1   12:20    11.0   02:11     05.2     00.0    00.0   03.4     29.6    07:33      SE
19    12.6    14.3   11:55    10.7   02:50     05.7     00.0    00.0   11.5     37.0    15:46     ENE
20    12.3    15.3   12:49    09.9   06:02     06.0     00.0    00.0   08.0     24.1    09:56      NE
21    14.7    17.3   15:31    11.4   05:23     03.6     00.0    00.0   16.4     61.0    10:51      W 
22    15.7    18.3   14:23    13.6   23:43     02.6     00.0    00.4   17.1     74.0    10:34     WSW
23    08.7    14.7   00:45    06.4   13:22     09.6     00.0    01.2   16.4     50.0    04:02     NNW
24    08.8    11.6   16:20    06.7   03:56     09.5     00.0    00.0   14.3     44.4    10:47      NW
25    07.8    10.3   15:03    06.0   23:08     10.5     00.0    00.0   06.3     35.1    01:39      N 
26    06.9    09.8   14:39    05.0   22:44     11.4     00.0    00.0   05.7     31.4    04:31      N 
27    09.0    11.3   13:37    04.4   00:59     09.3     00.0    00.2   15.0     50.0    23:10     ENE
28    12.0    14.2   12:30    07.8   23:38     06.3     00.0    12.0   20.6     55.5    07:22      E 
----------------------------------------------------------------------------------------------------------------------------------------------------------
11.5 (11.5)   18.3  day 22     04.4  day 27   191.7    000.0   022.2   11.6     74.0   day 02     WNW
Max <=   20: 28
Min <=   10: 18
Min <= 5: 1
Max Rain: 12.0 ON 28-02-13
Days of Rain: 61 (> .2mm) 58 (> 2mm) 0 (> 20mm)