MONTHLY CLIMATOLOGICAL SUMMARY for FEB. 2016

NAME: Davis Vantage Pro 2   CITY: Ibiza ciudad STATE: Islas Baleares
ELEV: 27 LAT: 038:54:45 LONG: -001:24:58

                            TEMPERATURE ( C), RAIN (mm), WIND SPEED (kmh)

                                               HEAT     COOL           AVG
      MEAN                                     DEG      DEG            WIND                       DOM
DAY   TEMP    HIGH   TIME     LOW    TIME      DAYS     DAYS    RAIN   SPEED    HIGH    TIME      DIR
----------------------------------------------------------------------------------------------------------------------------------------------------------
01    14.8    18.6   14:50    11.3   07:42     03.5     00.0    00.0   03.9     18.5    13:54     SSW
02    14.7    18.8   14:20    11.1   07:21     03.6     00.0    00.0   04.4     25.9    13:07      SW
03    13.8    16.4   12:23    10.1   04:15     04.5     00.0    00.2   08.4     33.3    12:41      N 
04    12.2    15.4   11:29    08.0   00:00     06.1     00.0    00.2   04.9     25.9    00:02      NE
05    11.7    15.2   12:45    06.8   05:49     06.6     00.0    00.0   03.0     18.5    12:52      SE
06    14.1    16.6   11:53    10.9   04:04     04.2     00.0    00.0   07.9     31.4    22:21     SSW
07    14.6    15.9   13:48    11.6   07:39     03.7     00.0    02.0   16.6     66.6    07:24      W 
08    14.7    17.8   15:07    13.2   21:23     03.6     00.0    00.0   12.9     61.0    04:26      W 
09    16.1    19.0   22:39    13.2   06:45     02.2     00.0    00.0   17.2     70.3    22:01     WSW
10    18.2    19.8   22:17    17.2   15:33     00.1     00.0    00.0   25.3     72.2    04:24     WSW
11    18.6    21.4   13:33    16.5   19:10     00.0     00.3    00.0   19.5     68.5    01:48      W 
12    18.2    19.7   14:51    16.5   05:29     00.1     00.0    00.4   20.1     68.5    01:13     WSW
13    19.6    20.9   13:48    17.4   19:32     00.0     01.3    00.0   20.5     62.9    09:51     WSW
14    15.7    19.0   00:37    09.9   21:57     02.6     00.0    01.6   19.6     66.6    10:36      W 
15    11.8    13.7   12:25    08.4   21:55     06.5     00.0    03.4   13.6     55.5    03:09     NNW
16    09.5    11.7   14:34    05.1   22:48     08.8     00.0    00.2   11.4     42.5    00:58      N 
17    10.6    13.8   14:23    04.7   02:37     07.7     00.0    00.0   11.9     50.0    15:03      SW
18    12.3    14.9   13:21    10.6   06:03     06.0     00.0    00.0   08.0     29.6    14:00      W 
19    11.9    14.4   11:34    10.5   03:19     06.4     00.0    03.2   10.9     31.4    12:27     NNE
20    11.8    14.3   14:14    08.7   05:18     06.5     00.0    00.0   07.3     29.6    14:49     ENE
21    12.9    14.8   13:33    10.2   06:22     05.4     00.0    00.0   09.4     25.9    13:25      NE
22    16.0    20.3   09:45    10.7   23:47     02.3     00.0    00.0   04.8     22.2    01:24     WNW
23    14.1    18.3   14:12    10.2   02:36     04.2     00.0    00.0   04.9     31.4    12:10     WNW
24    14.1    17.3   11:43    10.2   04:50     04.2     00.0    00.0   09.9     42.5    23:39      SW
25    14.9    17.5   16:19    12.6   05:03     03.4     00.0    00.6   12.4     61.0    00:18      W 
26    14.6    16.5   13:33    13.5   06:30     03.7     00.0    00.0   14.7     50.0    23:57     WSW
27    11.2    14.8   00:02    08.6   12:11     07.1     00.0    05.8   21.9     68.5    16:49     WSW
28    10.5    12.2   16:13    08.3   08:17     07.8     00.0    04.2   13.2     51.8    02:18      NW
29    12.7    15.4   14:50    09.7   23:14     05.6     00.0    00.2   11.3     44.4    09:48      NW
----------------------------------------------------------------------------------------------------------------------------------------------------------
14.0 (13.8)   21.4  day 11     04.7  day 17   126.2    001.7   022.0   12.1     72.2   day 10      W 
Max >=  20: 3
Max <=   20: 26
Min <=   10: 10
Min <= 5: 1
Max Rain: 5.8 ON 27-02-16
Days of Rain: 12 (> .2mm) 4 (> 2mm) 0 (> 20mm)