MONTHLY CLIMATOLOGICAL SUMMARY for FEB. 2017

NAME: Davis Vantage Pro 2   CITY: Ibiza ciudad STATE: Islas Baleares
ELEV: 27 LAT: 038:54:45 LONG: -001:24:58

                            TEMPERATURE ( C), RAIN (mm), WIND SPEED (kmh)

                                               HEAT     COOL           AVG
      MEAN                                     DEG      DEG            WIND                       DOM
DAY   TEMP    HIGH   TIME     LOW    TIME      DAYS     DAYS    RAIN   SPEED    HIGH    TIME      DIR
--------------------------------------------------------------------------------------------------------
01    13.4    18.0   13:56    09.5   05:26     04.9     00.0    00.2   05.7     25.9    13:35      SW
02    14.0    15.9   11:53    12.6   04:23     04.3     00.0    00.6   10.7     38.9    20:23      SW
03    15.1    17.0   13:35    13.4   07:41     03.2     00.0    00.0   10.8     42.5    05:34     WSW
04    15.5    17.4   12:51    13.9   04:51     02.8     00.0    00.0   15.9     62.9    12:45     WSW
05    15.1    18.9   10:19    12.4   11:33     03.2     00.0    00.8   24.0     87.0    10:42      W 
06    14.9    17.9   19:11    12.5   06:46     03.4     00.0    00.0   23.1     68.5    02:22      W 
07    16.3    19.3   15:50    14.1   23:11     02.0     00.0    00.0   16.7     55.5    21:24     WNW
08    12.3    15.2   00:01    09.3   09:04     06.0     00.0    00.0   16.1     55.5    07:24      NW
09    10.8    13.9   15:46    07.2   23:26     07.5     00.0    00.0   07.4     42.5    01:10      NW
10    12.0    14.0   12:35    08.2   00:01     06.3     00.0    00.0   08.8     33.3    23:49      E 
11    14.1    15.3   13:51    12.6   00:16     04.2     00.0    00.0   11.8     33.3    06:34     ENE
12    15.5    17.1   13:40    13.9   00:08     02.8     00.0    00.0   06.7     31.4    04:12      E 
13    15.8    18.2   07:47    12.7   22:50     02.5     00.0    00.2   10.5     50.0    14:03      SW
14    14.5    18.8   13:35    11.9   00:00     03.8     00.0    00.0   05.3     25.9    03:53     WNW
15    13.4    16.7   15:00    09.6   03:10     04.9     00.0    00.2   07.2     24.1    15:47      NE
16    13.5    16.1   12:27    11.9   00:00     04.8     00.0    00.0   08.2     27.8    09:59      NE
17    11.9    15.0   11:58    08.6   23:22     06.4     00.0    00.2   03.0     18.5    12:51     ENE
18    11.0    14.9   15:24    06.5   04:45     07.3     00.0    00.2   02.9     18.5    15:36      SE
19    12.7    15.6   15:10    10.9   00:00     05.6     00.0    00.0   08.4     31.4    15:40     NNE
20    12.4    15.1   14:36    10.3   06:43     05.9     00.0    00.0   10.9     31.4    14:25      NE
21    12.4    16.4   12:54    07.5   02:08     05.9     00.0    00.0   06.8     29.6    08:59      NE
22    13.4    16.6   11:40    08.1   04:07     04.9     00.0    00.0   07.7     24.1    15:31      NE
23    15.5    19.4   13:08    13.7   23:32     02.8     00.0    03.2   08.1     51.8    21:09      NE
24    13.4    14.3   13:59    12.1   00:00     04.9     00.0    06.6   03.9     31.4    23:09     NNE
25    11.8    13.3   13:44    09.8   00:00     06.5     00.0    01.0   02.8     24.1    00:33     NNE
26    12.4    15.7   15:23    08.1   03:33     05.9     00.0    00.2   06.0     37.0    14:36      SW
27    14.6    16.4   14:45    13.1   00:22     03.7     00.0    00.0   11.9     31.4    20:48      SW
28    16.0    17.7   13:54    14.2   00:34     02.3     00.0    00.0   18.5     53.6    05:14     WSW
--------------------------------------------------------------------------------------------------------
13.7 (13.7)   19.4  day 23     06.5  day 18   128.6    000.0   013.4   10.0     87.0   day 05     WNW
Max <=   20: 28
Min <=   10: 11
Max Rain: 6.6 ON 24-02-17
Days of Rain: 11 (> .2mm) 2 (> 2mm) 0 (> 20mm)