MONTHLY CLIMATOLOGICAL SUMMARY for FEB. 2018

NAME: Davis Vantage Pro 2   CITY: Ibiza ciudad STATE: Islas Baleares
ELEV: 27 LAT: 038:54:45 LONG: -001:24:58

                            TEMPERATURE ( C), RAIN (mm), WIND SPEED (kmh)

                                               HEAT     COOL           AVG
      MEAN                                     DEG      DEG            WIND                       DOM
DAY   TEMP    HIGH   TIME     LOW    TIME      DAYS     DAYS    RAIN   SPEED    HIGH    TIME      DIR
--------------------------------------------------------------------------------------------------------
01    12.5    15.4   14:04    08.5   00:00     05.8     00.0    02.6   10.6     38.9    11:12     WNW
02    08.8    10.5   20:27    07.5   15:27     09.5     00.0    23.0   15.9     55.5    13:22      N 
03    10.6    12.8   15:36    07.5   06:14     07.7     00.0    00.0   11.6     35.1    14:21     WNW
04    11.1    14.3   12:07    08.2   07:44     07.2     00.0    13.4   09.1     48.1    18:07     SSW
05    10.1    12.2   05:12    08.5   17:25     08.2     00.0    15.2   07.8     48.1    06:25     SSW
06    09.5    11.0   13:22    08.0   04:49     08.8     00.0    08.6   08.4     33.3    23:51     NNW
07    09.3    10.7   13:53    08.1   00:27     09.0     00.0    03.6   07.6     33.3    04:07     NNW
08    08.2    10.1   12:40    05.4   23:36     10.1     00.0    00.6   07.8     33.3    22:41     NNW
09    06.9    10.3   15:12    04.3   21:51     11.4     00.0    08.8   08.4     35.1    14:02     NNW
10    08.8    11.1   02:34    04.5   22:47     09.5     00.0    00.4   12.9     48.1    13:17     NNW
11    11.2    14.4   23:58    05.4   06:44     07.1     00.0    00.0   09.0     31.4    12:03     WSW
12    11.1    15.8   01:47    05.6   21:50     07.2     00.0    09.0   08.4     44.4    05:11     NNW
13    10.4    14.1   23:54    03.4   06:13     07.9     00.0    00.2   11.6     44.4    14:38     WSW
14    14.2    16.6   15:40    12.8   19:51     04.1     00.0    00.0   17.3     57.4    00:30      W 
15    15.1    18.5   14:00    11.8   00:00     03.2     00.0    00.0   08.0     46.3    02:03     WSW
16    13.9    16.8   13:23    10.7   02:45     04.4     00.0    00.2   03.1     18.5    14:47     SSW
17    13.6    17.9   14:13    09.3   06:17     04.7     00.0    00.2   05.5     29.6    23:13      E 
18    11.8    13.7   00:01    09.4   23:00     06.5     00.0    02.0   05.0     25.9    11:09     NNE
19    11.6    15.9   13:00    08.2   01:52     06.7     00.0    00.2   03.3     16.6    15:51     NNE
20    13.9    16.7   16:17    08.9   00:01     04.4     00.0    00.0   07.3     35.1    14:15     WNW
21    10.4    13.3   00:02    07.9   16:11     07.9     00.0    10.6   09.9     42.5    11:46     NNE
22    08.8    12.1   11:43    05.8   00:00     09.5     00.0    05.4   05.6     29.6    03:43     NNE
23    07.8    11.6   12:30    05.5   01:05     10.5     00.0    02.2   06.2     29.6    04:40     NNE
24    08.7    13.1   12:54    04.6   03:08     09.6     00.0    00.2   04.6     27.8    13:15     NNE
25    11.1    14.9   15:00    05.6   04:03     07.2     00.0    00.2   07.8     25.9    11:45     WSW
26    11.6    13.4   12:16    09.0   06:42     06.7     00.0    00.0   07.8     31.4    10:52     ENE
27    09.3    11.1   01:56    08.1   10:50     09.0     00.0    08.4   14.6     35.1    12:34     ENE
28    13.6    16.0   15:36    10.5   00:03     04.7     00.0    00.4   10.1     42.5    14:15      S 
--------------------------------------------------------------------------------------------------------
10.9 (10.7)   18.5  day 15     03.4  day 13   208.3    000.0   115.6   08.8     57.4   day 02      NW
Max <=   20: 28
Min <=   10: 24
Min <= 5: 4
Max Rain: 23.0 ON 2-02-18
Days of Rain: 22 (> .2mm) 12 (> 2mm) 1 (> 20mm)