MONTHLY CLIMATOLOGICAL SUMMARY for FEB. 2021 NAME: Davis Vantage Pro 2 CITY: Eivissa STATE: Islas Baleares ELEV: 27 LAT: 038:54:26 LONG: 0001:24:47 TEMPERATURE ( °C), RAIN (mm), WIND SPEED (kmh) HEAT COOL AVG MEAN DEG DEG WIND DOM DAY TEMP HIGH TIME LOW TIME DAYS DAYS RAIN SPEED HIGH TIME DIR -------------------------------------------------------------------------------------------------------- 01 19.0 21.0 14:54 16.9 00:00 00.0 00.7 00.0 26.7 75.8 00:50 W 02 16.1 20.1 13:04 13.3 23:42 02.2 00.0 00.0 15.9 62.9 00:41 W 03 14.0 17.2 11:57 12.1 08:23 04.3 00.0 00.0 07.8 24.1 13:12 SW 04 12.9 14.8 14:08 11.2 07:06 05.4 00.0 00.0 04.9 25.9 23:39 SE 05 16.6 20.4 13:09 12.0 02:34 01.7 00.0 00.2 06.1 27.8 01:47 NNE 06 15.2 19.1 00:02 12.9 06:59 03.1 00.0 00.0 11.6 44.4 12:21 SW 07 13.9 16.1 15:45 11.7 04:47 04.4 00.0 00.0 09.8 44.4 21:44 W 08 14.7 16.9 16:05 12.9 10:26 03.6 00.0 01.8 20.3 59.2 12:02 WSW 09 14.8 16.7 09:56 13.7 04:50 03.5 00.0 01.0 16.6 48.1 05:32 WSW 10 15.4 18.6 15:22 10.2 23:03 02.9 00.0 00.0 14.9 64.8 11:33 W 11 14.9 20.3 14:18 09.8 03:49 03.4 00.0 00.0 06.9 31.4 11:14 WSW 12 15.7 20.6 15:05 13.6 08:13 02.6 00.0 00.0 11.9 57.4 15:30 WSW 13 15.1 17.9 11:49 11.5 23:08 03.2 00.0 00.0 08.1 37.0 00:44 NW 14 12.6 14.8 10:25 10.5 02:13 05.7 00.0 00.0 10.6 33.3 08:59 ENE 15 12.4 14.4 12:45 10.0 00:00 05.9 00.0 00.0 07.0 22.2 16:06 SE 16 11.6 14.8 15:51 07.7 06:04 06.7 00.0 00.0 06.2 25.9 13:08 SSW 17 12.9 16.6 14:08 08.7 07:43 05.4 00.0 00.2 04.6 18.5 15:39 SSW 18 13.6 16.7 16:15 10.5 04:28 04.7 00.0 00.2 04.6 18.5 13:40 ENE 19 13.1 16.4 12:50 10.4 02:47 05.2 00.0 00.2 04.6 18.5 13:24 SE 20 13.9 15.8 15:50 10.3 06:49 04.4 00.0 00.0 07.9 29.6 14:50 ENE 21 16.2 18.3 15:56 13.8 00:45 02.1 00.0 00.0 09.9 42.5 23:16 NE 22 14.0 16.6 11:47 09.9 23:43 04.3 00.0 00.6 10.0 50.0 03:00 SSW 23 13.5 16.7 13:50 09.2 04:35 04.8 00.0 00.0 10.2 35.1 14:35 N 24 14.8 16.0 11:44 13.6 07:28 03.5 00.0 00.0 09.4 25.9 09:37 ENE 25 14.2 16.6 10:58 12.5 07:00 04.1 00.0 00.0 08.0 25.9 23:57 ENE 26 13.5 15.6 12:22 12.1 19:06 04.8 00.0 00.0 09.4 24.1 16:05 NE 27 13.5 16.2 12:12 10.7 05:22 04.8 00.0 00.0 07.4 24.1 12:44 ENE 28 14.1 15.8 12:08 12.1 06:34 04.2 00.0 00.0 14.5 35.1 22:39 ENE -------------------------------------------------------------------------------------------------------- 14.4 (14.4) 21.0 day 01 07.7 day 16 110.8 000.7 004.2 10.2 75.9 day 01 W Min <= 30: 28 Max Rain: 1.8 ON 8-02-21 Days of Rain: 7 (> .2mm) 0 (> 2mm) 0 (> 20mm)