MONTHLY CLIMATOLOGICAL SUMMARY FOR 3/2006 HEAT COOL MEAN DEG DEG WIND SPEED DOM MEAN MEAN DAY TEMP HIGH TIME LOW TIME DAYS DAYS RAIN AVG HI TIME DIR BAROM HUM --------------------------------------------------------------------------------------- 1 10.3 14.0 13:56 7.2 1:26 55 0 0.00 12 28 17:38 NNE1012.50 68 2 11.2 14.8 14:39 6.1 3:27 54 0 0.00 6 20 12:34 OSO1015.90 73 3 13.9 16.5 12:58 11.8 4:28 51 0 0.00 9 27 11:51 OSO1015.77 59 4 14.3 16.5 12:41 12.9 5:52 51 0 0.00 14 32 13:04 OSO1010.58 68 5 11.1 15.3 0:48 7.3 17:36 54 0 3.60 15 52 14:50 OSO1004.76 59 6 11.8 14.9 16:33 8.6 1:28 53 0 0.00 12 38 14:13 NO1019.79 39 7 12.9 15.8 14:49 10.1 8:04 52 0 0.00 9 38 1:47 OSO1024.25 47 8 17.3 22.8 15:58 13.4 0:00 48 0 0.00 9 32 4:15 OSO1020.60 55 9 16.2 21.4 12:35 13.1 2:38 49 0 0.00 8 45 23:57 OSO1016.77 73 10 14.9 18.0 0:00 12.4 6:20 50 0 0.00 12 45 0:00 N1020.16 45 11 16.2 18.4 13:21 14.3 7:17 49 0 0.00 17 51 1:33 O1015.72 40 12 15.4 20.0 16:13 9.5 7:08 49 0 0.00 7 31 10:51 O1017.70 53 13 12.9 16.0 0:56 10.8 23:34 52 0 0.00 9 25 7:23 ESE1017.90 65 14 12.1 15.3 13:33 8.2 5:50 53 0 0.00 4 14 13:15 SE1018.34 76 15 12.3 15.9 15:06 7.7 7:03 53 0 0.00 4 14 13:04 SSE1015.80 80 16 13.8 16.0 15:03 12.1 0:29 51 0 0.00 5 14 8:42 SO1013.05 89 17 13.7 15.6 12:27 12.4 7:05 51 0 0.00 6 28 23:24 ESE1011.59 78 18 13.8 16.1 14:29 12.1 23:54 51 0 0.30 10 26 0:01 NNE1004.93 86 19 15.5 19.5 12:27 11.9 0:20 50 0 0.00 5 21 12:06 SO1007.22 84 20 14.8 17.8 11:54 13.3 23:13 48 0 2.70 4 18 10:26 SO1008.83 88 21 15.0 18.0 14:51 13.4 0:54 50 0 0.00 6 18 14:59 SO1007.22 88 22 16.5 19.6 15:57 13.7 0:37 48 0 0.00 14 40 8:14 O1008.96 51 23 16.1 19.2 13:58 14.7 3:52 49 0 0.00 14 38 0:54 OSO1012.61 60 24 18.6 22.6 15:19 14.5 4:01 46 0 0.00 11 44 23:39 OSO1010.84 57 25 18.6 22.7 15:44 15.4 22:56 46 0 0.00 13 52 1:45 NO1018.76 51 26 16.9 20.9 14:25 14.4 7:04 46 0 0.00 5 17 13:44 SO1020.02 74 27 16.7 20.6 13:22 12.6 6:44 48 0 0.00 4 18 15:17 SO1016.18 79 28 18.7 22.8 17:44 15.2 23:17 46 0 0.00 12 53 6:16 OSO1016.82 47 29 16.5 20.7 15:15 14.0 5:12 49 0 0.00 6 17 13:47 SO1019.00 79 30 17.3 22.2 15:03 14.4 0:31 47 0 0.00 5 18 15:18 SO1020.35 79 31 18.0 22.6 12:41 15.3 8:06 47 0 0.00 6 21 16:43 SO1018.36 50 --------------------------------------------------------------------------------------- TOT 14.9 22.8 8/3/06 6.1 2/3/06 1545 0 6.60 9 53 28/3/06 OSO1014.85 66 HEAT BASE: 65.0 COOL BASE: 65.0