MONTHLY CLIMATOLOGICAL SUMMARY for MAR. 2012

NAME: Davis Vantage Pro 2   CITY: Ibiza ciudad STATE: Islas Baleares
ELEV: 27 LAT: 038:54:45 LONG: -001:24:58

                            TEMPERATURE ( C), RAIN (mm), WIND SPEED (kmh)

                                               HEAT     COOL           AVG
      MEAN                                     DEG      DEG            WIND                       DOM
DAY   TEMP    HIGH   TIME     LOW    TIME      DAYS     DAYS    RAIN   SPEED    HIGH    TIME      DIR
----------------------------------------------------------------------------------------------------------------------------------------------------------
01    12.6    16.1   14:17    09.2   05:58     05.7     00.0    00.0   05.5     20.4    11:40     SSW
02    12.2    14.7   16:12    08.0   06:53     06.1     00.0    00.0   04.6     20.4    14:54      S 
03    14.2    17.9   15:22    11.0   06:24     04.1     00.0    00.0   08.4     37.0    10:28      W 
04    15.8    19.7   13:25    10.2   03:23     02.5     00.0    00.0   09.8     37.0    12:46     WNW
05    12.9    16.9   00:02    11.2   07:10     05.4     00.0    00.2   15.7     66.6    06:05     NNE
06    10.7    13.4   15:55    06.5   22:56     07.6     00.0    01.0   08.6     38.9    12:13     NNE
07    10.4    13.9   15:09    06.7   02:54     07.9     00.0    00.0   07.1     33.3    04:11     NNE
08    12.2    15.8   12:53    08.8   01:18     06.1     00.0    00.0   12.3     53.7    15:06      NE
09    11.6    13.8   13:20    08.8   06:18     06.7     00.0    00.8   15.0     51.8    11:26      NE
10    12.1    15.1   11:02    07.6   22:43     06.2     00.0    00.0   12.4     50.0    12:54     NNE
11    12.7    17.8   14:49    07.3   06:29     05.6     00.0    00.0   05.5     25.9    13:22      W 
12    13.0    16.9   14:10    08.3   05:27     05.3     00.0    00.0   06.3     24.1    14:48      SW
13    13.8    17.8   15:48    10.3   23:53     04.5     00.0    00.2   06.2     25.9    10:37     WSW
14    12.4    16.9   14:47    07.6   04:39     05.9     00.0    00.0   02.8     14.8    15:41     SSE
15    13.4    18.0   12:04    07.8   05:38     04.9     00.0    00.0   04.5     16.7    13:46     ESE
16    14.0    16.2   10:23    11.8   04:15     04.3     00.0    00.0   08.5     31.5    10:43     ENE
17    14.4    16.8   14:15    11.6   05:41     03.9     00.0    00.0   08.8     29.6    23:58      SW
18    15.9    19.8   15:36    12.2   23:51     02.4     00.0    00.0   10.3     40.7    12:11      W 
19    12.6    15.7   11:50    09.7   20:20     05.7     00.0    02.0   12.6     42.6    12:53      NE
20    11.9    13.8   23:57    10.2   06:47     06.4     00.0    03.2   21.9     55.5    13:03      E 
21    12.6    15.9   14:47    10.3   06:25     05.7     00.0    06.8   04.9     25.9    01:23     WSW
22    13.3    16.7   14:44    08.9   23:40     05.0     00.0    00.6   08.3     33.3    02:08     NNW
23    12.3    16.2   09:59    06.9   04:21     06.0     00.0    00.0   06.5     22.2    15:16     ENE
24    13.3    15.8   15:33    11.4   06:05     05.0     00.0    00.0   10.5     31.5    12:26      NE
25    13.9    16.7   10:26    11.4   05:47     04.4     00.0    00.0   07.7     29.6    11:57     ENE
26    15.0    19.0   15:04    10.0   02:12     03.3     00.0    00.0   11.8     29.6    16:23      NE
27    15.7    18.9   12:24    12.1   22:45     02.6     00.0    00.0   10.0     31.5    13:27     ENE
28    15.1    17.6   11:47    12.8   06:02     03.2     00.0    00.0   09.3     25.9    15:34      NE
29    15.4    19.1   14:47    11.1   23:50     02.9     00.0    00.0   07.3     24.1    11:06     ENE
30    15.5    20.8   13:42    09.7   04:25     02.8     00.0    00.0   08.5     31.5    14:58      SW
31    16.6    21.0   12:44    12.7   05:10     01.7     00.0    00.0   05.2     22.2    15:15      SW
----------------------------------------------------------------------------------------------------------------------------------------------------------
13.5 (13.3)   21.0  day 31     06.5  day 06   149.8    000.0   014.8   08.9     66.6   day 20      NE
Max >=  20: 2
Max <=   20: 29
Min <=   10: 15
Max Rain: 6.8 ON 21-03-12
Days of Rain: 6 (> .2mm) 2 (> 2mm) 0 (> 20mm)