MONTHLY CLIMATOLOGICAL SUMMARY for MAR. 2013

NAME: Davis Vantage Pro 2   CITY: Ibiza ciudad STATE: Islas Baleares
ELEV: 27 LAT: 038:54:45 LONG: -001:24:58

                            TEMPERATURE ( C), RAIN (mm), WIND SPEED (kmh)

                                               HEAT     COOL           AVG
      MEAN                                     DEG      DEG            WIND                       DOM
DAY   TEMP    HIGH   TIME     LOW    TIME      DAYS     DAYS    RAIN   SPEED    HIGH    TIME      DIR
----------------------------------------------------------------------------------------------------------------------------------------------------------
01    09.7    11.9   10:37    06.9   01:42     08.6     00.0    08.6   17.8     77.7    14:19     NNW
02    12.6    16.2   15:06    10.2   23:04     05.7     00.0    00.0   08.4     44.4    00:41     NNE
03    11.8    13.9   13:26    08.3   02:25     06.5     00.0    00.0   05.2     22.2    14:18     ENE
04    13.5    15.1   15:37    11.9   05:51     04.8     00.0    02.2   11.2     38.9    17:19      E 
05    14.4    16.6   11:28    13.1   00:00     03.9     00.0    08.0   07.9     42.5    01:02     ESE
06    15.1    18.8   23:12    12.8   01:41     03.2     00.0    00.2   15.1     50.0    01:08     WSW
07    16.4    18.5   12:59    14.2   18:24     01.9     00.0    01.2   14.9     53.6    00:51     WSW
08    16.0    19.2   09:44    12.8   23:55     02.3     00.0    00.0   10.9     42.5    09:03     WSW
09    15.4    19.5   09:48    12.8   02:07     02.9     00.0    00.0   09.2     42.5    08:18     WSW
10    15.3    17.6   11:57    12.9   01:11     03.0     00.0    00.0   17.7     51.8    03:51     WSW
11    14.8    16.8   14:43    12.4   05:59     03.5     00.0    00.0   20.5     51.8    06:44     WSW
12    14.1    15.8   00:03    12.5   00:00     04.2     00.0    00.0   16.5     53.6    00:37     WSW
13    11.0    13.5   07:51    08.3   14:52     07.3     00.0    00.0   18.2     59.2    09:41     WNW
14    10.9    13.4   15:16    08.3   00:28     07.4     00.0    00.0   18.7     55.5    16:37      NW
15    11.4    14.0   16:40    09.1   20:52     06.9     00.0    00.0   09.2     44.4    03:09      NW
16    11.9    13.9   10:43    08.2   00:52     06.4     00.0    00.0   05.6     31.4    12:11     SSE
17    14.0    16.9   16:34    11.6   05:08     04.3     00.0    02.6   08.3     51.8    17:33      SW
18    15.1    19.1   14:09    10.6   23:36     03.2     00.0    01.2   11.8     46.3    11:58     WSW
19    14.1    16.4   10:35    11.3   04:47     04.2     00.0    00.0   04.8     31.4    02:33      E 
20    13.9    16.3   15:01    12.0   23:25     04.4     00.0    00.0   09.7     50.0    09:32     NNW
21    13.7    17.2   13:00    11.3   04:08     04.6     00.0    00.0   04.1     27.8    13:51      SW
22    14.3    19.3   14:24    10.5   05:41     04.0     00.0    00.4   05.4     29.6    14:53      SW
23    14.5    16.2   12:09    12.6   01:21     03.8     00.0    00.2   05.8     44.4    01:50      SW
24    15.1    17.9   14:52    13.0   06:40     03.2     00.0    00.0   14.3     51.8    23:00      W 
25    15.7    18.1   15:00    13.6   06:12     02.6     00.0    00.0   18.6     50.0    02:50      W 
26    16.8    20.4   11:49    13.4   00:00     01.5     00.0    02.4   15.2     48.1    11:07     WSW
27    16.1    20.8   12:25    12.4   02:08     02.2     00.0    00.0   10.8     42.5    12:34      SW
28    17.4    21.1   12:35    13.4   02:59     00.9     00.0    00.0   11.5     42.5    23:56     WSW
29    18.2    20.5   12:23    15.8   18:45     00.1     00.0    00.0   17.8     55.5    03:46     WSW
30    19.6    21.8   15:01    17.0   00:01     00.0     01.3    00.0   20.6     68.5    08:18      W 
31    16.6    20.0   13:43    14.4   23:34     01.7     00.0    01.2   13.9     40.7    11:08      W 
----------------------------------------------------------------------------------------------------------------------------------------------------------
14.5 (14.6)   21.8  day 30     06.9  day 01   119.0    001.3   028.2   12.2     77.7   day 01      W 
Max >=  20: 6
Max <=   20: 26
Min <=   10: 6
Max Rain: 8.6 ON 1-03-13
Days of Rain: 44 (> .2mm) 5 (> 2mm) 0 (> 20mm)