MONTHLY CLIMATOLOGICAL SUMMARY for MAR. 2018

NAME: Davis Vantage Pro 2   CITY: Ibiza ciudad STATE: Islas Baleares
ELEV: 27 LAT: 038:54:45 LONG: -001:24:58

                            TEMPERATURE ( C), RAIN (mm), WIND SPEED (kmh)

                                               HEAT     COOL           AVG
      MEAN                                     DEG      DEG            WIND                       DOM
DAY   TEMP    HIGH   TIME     LOW    TIME      DAYS     DAYS    RAIN   SPEED    HIGH    TIME      DIR
--------------------------------------------------------------------------------------------------------
01    16.1    18.8   12:37    14.1   06:41     02.2     00.0    00.0   20.0     66.6    23:47      SW
02    14.4    16.7   00:04    13.0   06:08     03.9     00.0    04.2   12.4     59.2    00:14      SW
03    15.5    18.2   11:46    12.3   21:42     02.8     00.0    01.8   13.2     42.5    10:16     WSW
04    13.9    16.7   12:20    12.2   04:11     04.4     00.0    00.4   11.9     42.5    14:36     WSW
05    13.8    15.8   10:45    10.5   06:56     04.5     00.0    01.8   16.8     61.0    19:56     WSW
06    14.0    15.0   23:17    13.1   06:30     04.3     00.0    00.0   21.1     75.8    00:26     WSW
07    13.5    15.8   14:10    11.8   20:56     04.8     00.0    00.0   13.3     50.0    02:11      W 
08    13.0    14.6   15:29    11.3   23:38     05.3     00.0    00.6   07.5     31.4    14:53      SW
09    15.1    19.3   12:51    11.4   00:01     03.2     00.0    00.2   09.3     31.4    15:20      SW
10    16.5    19.3   13:18    13.5   03:09     01.8     00.0    00.2   09.8     35.1    12:25      SW
11    15.4    17.6   13:05    13.3   04:49     02.9     00.0    00.6   17.3     59.2    16:22      SW
12    15.6    18.1   14:50    13.9   02:50     02.7     00.0    00.0   20.9     59.2    09:37     WSW
13    15.2    17.8   13:35    13.5   08:54     03.1     00.0    00.4   11.5     51.8    00:01     WSW
14    15.1    18.8   09:36    11.5   06:45     03.2     00.0    00.0   10.6     35.1    18:31      SW
15    15.0    16.1   14:43    12.8   00:00     03.3     00.0    00.0   17.2     55.5    05:44     WSW
16    14.1    15.8   13:52    12.7   01:15     04.2     00.0    00.0   14.2     44.4    22:36      W 
17    13.6    15.1   11:31    12.1   05:45     04.7     00.0    00.2   19.8     59.2    10:04     WSW
18    13.5    15.7   15:32    11.7   21:28     04.8     00.0    00.0   11.3     51.8    11:20     WNW
19    12.8    15.3   14:42    08.9   21:58     05.5     00.0    04.8   16.1     74.0    21:27      W 
20    10.1    11.9   12:32    08.6   18:59     08.2     00.0    00.0   16.1     53.6    07:53      NW
21    09.9    12.2   15:15    07.2   23:35     08.4     00.0    00.0   14.4     53.6    00:19      N 
22    09.9    12.4   16:20    06.5   06:14     08.4     00.0    01.2   11.7     40.7    22:29     WNW
23    14.4    18.2   14:04    10.7   06:14     03.9     00.0    00.0   11.3     50.0    23:07     WSW
24    13.6    15.7   01:56    11.6   08:26     04.7     00.0    06.4   15.9     55.5    16:54      W 
25    12.6    14.9   15:07    10.0   04:35     05.7     00.0    00.8   16.5     61.0    00:57     NNW
26    13.7    16.8   16:26    10.8   05:55     04.6     00.0    00.0   10.0     35.1    08:13     WNW
27    14.5    17.6   14:20    09.5   03:25     03.8     00.0    00.0   11.4     40.7    12:29     WSW
28    16.2    21.1   12:22    11.9   04:12     02.1     00.0    00.0   09.9     33.3    21:39      SW
29    16.9    21.5   11:53    13.8   03:27     01.4     00.0    00.0   10.0     38.9    08:06     WSW
30    15.1    18.0   11:39    12.3   19:06     03.2     00.0    00.4   14.5     48.1    06:44     WSW
31    14.7    17.9   16:36    11.9   05:27     03.6     00.0    00.0   21.3     68.5    10:59      W 
--------------------------------------------------------------------------------------------------------
14.1 (14.1)   21.5  day 29     06.5  day 22   129.6    000.0   024.0   14.1     75.9   day 31      W 
Max >=  20: 2
Max <=   20: 29
Min <=   10: 6
Max Rain: 6.4 ON 24-03-18
Days of Rain: 15 (> .2mm) 3 (> 2mm) 0 (> 20mm)