MONTHLY CLIMATOLOGICAL SUMMARY for MAR. 2021 NAME: Davis Vantage Pro 2 CITY: Eivissa STATE: Islas Baleares ELEV: 27 LAT: 038:54:26 LONG: 0001:24:47 TEMPERATURE ( °C), RAIN (mm), WIND SPEED (kmh) HEAT COOL AVG MEAN DEG DEG WIND DOM DAY TEMP HIGH TIME LOW TIME DAYS DAYS RAIN SPEED HIGH TIME DIR -------------------------------------------------------------------------------------------------------- 01 14.7 15.7 14:06 14.0 05:33 03.6 00.0 00.0 18.6 40.7 21:19 ENE 02 14.9 15.6 12:58 13.9 00:00 03.4 00.0 00.0 13.2 35.1 01:03 NE 03 14.4 16.4 13:43 12.4 23:59 03.9 00.0 00.0 12.1 35.1 09:34 NE 04 13.9 16.7 12:56 12.1 04:51 04.4 00.0 00.2 08.6 24.1 14:03 NE 05 13.5 15.8 13:25 10.9 00:00 04.8 00.0 00.0 06.5 20.4 13:25 NE 06 13.4 16.1 13:00 09.7 03:55 04.9 00.0 00.2 09.4 27.8 09:16 ENE 07 13.2 13.9 14:24 12.0 00:00 05.1 00.0 12.0 10.0 25.9 18:40 NE 08 12.2 13.2 12:00 11.3 21:07 06.1 00.0 05.8 12.3 31.4 11:44 N 09 12.4 15.1 15:21 08.7 00:00 05.9 00.0 01.6 05.9 27.8 03:08 NNE 10 11.7 14.3 12:56 08.2 00:38 06.6 00.0 00.0 03.6 18.5 10:35 ENE 11 14.5 17.0 12:18 11.7 01:23 03.8 00.0 00.2 14.5 37.0 10:11 SW 12 16.5 19.6 16:06 13.7 00:00 01.8 00.0 00.0 12.1 48.1 08:29 WNW 13 14.4 17.1 16:06 10.8 06:56 03.9 00.0 00.0 05.3 25.9 23:49 SSE 14 15.2 18.7 14:54 10.6 22:58 03.1 00.0 00.0 10.3 38.9 12:02 NW 15 13.1 16.0 10:04 10.0 00:00 05.2 00.0 00.0 06.1 20.4 15:54 ENE 16 13.3 16.8 11:27 09.4 00:19 05.0 00.0 00.0 06.8 24.1 08:33 NE 17 13.4 17.2 13:22 08.3 02:53 04.9 00.0 00.0 08.9 35.1 23:57 SW 18 13.3 14.6 12:48 11.9 00:00 05.0 00.0 00.0 14.7 38.9 07:02 ENE 19 08.8 12.1 01:52 06.4 18:06 09.5 00.0 16.6 10.2 29.6 21:48 NNE 20 09.0 11.4 16:31 06.9 07:11 09.3 00.0 30.4 21.6 66.6 05:55 NNE 21 11.3 13.9 17:31 08.6 00:42 07.0 00.0 00.8 08.9 37.0 13:08 NW 22 12.9 15.8 11:49 08.1 02:50 05.4 00.0 00.0 10.9 55.5 08:21 NNW 23 13.8 16.8 14:34 09.2 04:57 04.5 00.0 00.0 09.4 35.1 10:13 SSW 24 14.2 16.8 14:41 10.3 04:40 04.1 00.0 00.0 05.0 22.2 15:23 SSE 25 13.8 16.8 16:47 10.2 06:16 04.5 00.0 00.2 05.1 20.4 16:52 SSW 26 15.6 20.2 13:28 11.5 05:30 02.7 00.0 00.4 05.1 20.4 12:38 S 27 14.9 17.7 11:28 10.7 03:37 03.4 00.0 00.0 10.2 31.4 12:18 NE 28 15.3 18.9 14:26 12.3 04:42 03.0 00.0 00.0 13.7 35.1 13:53 NE 29 15.5 17.7 15:04 13.7 02:41 02.8 00.0 00.0 15.7 35.1 19:05 NE 30 16.4 19.6 12:50 13.8 23:47 01.9 00.0 00.0 15.3 38.9 09:14 NE 31 15.3 17.7 11:49 13.1 04:04 03.0 00.0 00.0 13.5 33.3 13:50 NE -------------------------------------------------------------------------------------------------------- 13.7 (13.5) 20.2 day 26 06.4 day 19 142.7 000.0 068.4 10.4 66.6 day 20 NE Min <= 30: 31 Max Rain: 30.4 ON 20-03-21 Days of Rain: 11 (> .2mm) 4 (> 2mm) 1 (> 20mm)