MONTHLY CLIMATOLOGICAL SUMMARY for APR. 2011

NAME: Davis Vantage Pro 2   CITY: Ibiza ciudad STATE: Islas Baleares
ELEV: 27 LAT: 038:54:45 LONG: -001:24:58

                            TEMPERATURE ( C), RAIN (mm), WIND SPEED (kmh)

                                                 HEAT     COOL           AVG
      MEAN                                       DEG      DEG            WIND                        DOM
DAY   TEMP    HIGH   TIME      LOW     TIME      DAYS     DAYS   RAIN    SPEED    HIGH    TIME       DIR
----------------------------------------------------------------------------------------------------------------------------------------------------------
01    16.9    20.6   12:02    12.1   04:56     01.4     00.0    00.0   04.7     20.4    14:32     SSW
02    16.9    19.2   09:13    14.8   02:28     01.4     00.0    00.0   04.1     18.5    17:24      SE
03    17.1    19.5   14:37    14.3   05:44     01.2     00.0    00.0   04.8     18.5    14:53      E 
04    17.8    21.0   12:00    14.7   23:25     00.5     00.0    00.0   12.5     42.6    05:10     ENE
05    16.5    18.9   11:22    13.0   00:00     01.8     00.0    00.0   06.5     25.9    09:56     ENE
06    16.3    20.6   14:17    11.9   04:10     02.0     00.0    00.0   09.1     35.2    09:07     ENE
07    17.7    21.2   14:24    13.0   00:00     00.6     00.0    00.0   09.3     31.5    11:58     ENE
08    17.6    23.0   13:52    10.2   04:22     00.7     00.0    00.0   07.5     25.9    12:32      SW
09    18.1    21.2   14:48    15.7   05:19     00.2     00.0    00.0   11.7     31.5    12:00     WSW
10    18.1    22.5   11:20    13.3   05:19     00.2     00.0    00.0   06.9     31.5    15:29      E 
11    15.4    17.9   17:18    12.7   00:00     02.9     00.0    30.0   05.6     25.9    07:19     NNE
12    17.0    22.0   12:15    12.0   02:34     01.3     00.0    00.0   09.9     38.9    09:01     NNE
13    17.3    20.5   11:47    14.7   05:48     01.0     00.0    00.0   07.0     22.2    15:10      SW
14    17.0    19.6   10:45    14.0   03:44     01.3     00.0    00.0   05.7     24.1    16:32     ESE
15    16.8    20.2   10:22    13.5   04:50     01.5     00.0    00.0   07.9     35.2    11:33      E 
16    15.4    17.8   13:14    12.9   05:42     02.9     00.0    00.0   08.6     33.3    08:54      E 
17    15.0    17.6   15:13    11.4   03:50     03.3     00.0    00.0   08.8     31.5    12:09      E 
18    15.4    17.3   13:26    12.4   04:17     02.9     00.0    00.0   11.2     33.3    15:06      E 
19    15.8    18.1   15:44    13.3   23:45     02.5     00.0    00.0   07.8     35.2    00:13      E 
20    16.5    19.0   12:55    12.0   03:02     01.8     00.0    00.0   12.4     38.9    21:37      E 
21    17.2    19.1   11:35    16.1   22:57     01.1     00.0    00.0   18.3     48.1    09:38     ENE
22    16.8    20.2   14:05    13.7   04:59     01.5     00.0    03.8   09.7     35.2    04:17     WSW
23    16.8    20.0   14:43    13.5   23:08     01.5     00.0    00.0   06.1     25.9    15:05     SSW
24    15.8    17.9   12:27    13.3   01:27     02.5     00.0    03.8   11.9     35.2    12:16      NE
25    16.7    18.6   15:12    15.1   06:54     01.6     00.0    00.8   16.4     46.3    13:18     NNE
26    17.9    21.7   14:29    14.8   00:00     00.4     00.0    00.0   05.9     31.5    11:54     NNE
27    17.9    22.2   15:20    13.0   05:30     00.4     00.0    00.0   04.9     20.4    13:59      SW
28    17.9    21.4   13:02    14.2   05:42     00.4     00.0    00.2   03.7     16.7    14:31      SE
29    18.1    20.9   11:21    15.4   03:35     00.2     00.0    00.2   14.8     55.5    11:53      NE
30    17.4    19.4   15:34    15.5   23:53     00.9     00.0    00.0   10.7     40.7    08:15     NNE
----------------------------------------------------------------------------------------------------------------------------------------------------------
16.9 (16.8)   23.0  day 08     10.2  day 08   041.9    000.0   038.8   08.8     55.5   day 25     ENE
Min <=   30: 30
Max Rain: 30.0 ON 11-04-11
Days of Rain: 5 (> .2mm) 3 (> 2mm) 1 (> 20mm)