MONTHLY CLIMATOLOGICAL SUMMARY for APR. 2012

NAME: Davis Vantage Pro 2   CITY: Ibiza ciudad STATE: Islas Baleares
ELEV: 27 LAT: 038:54:45 LONG: -001:24:58

                            TEMPERATURE ( C), RAIN (mm), WIND SPEED (kmh)

                                               HEAT     COOL           AVG
      MEAN                                     DEG      DEG            WIND                       DOM
DAY   TEMP    HIGH   TIME     LOW    TIME      DAYS     DAYS    RAIN   SPEED    HIGH    TIME      DIR
----------------------------------------------------------------------------------------------------------------------------------------------------------
01    15.4    18.1   13:40    11.9   02:20     02.9     00.0    00.0   07.6     31.5    11:21      SW
02    15.9    19.2   15:00    13.3   06:28     02.4     00.0    05.0   06.0     27.8    21:34     SSW
03    15.8    18.3   13:45    14.6   04:46     02.5     00.0    00.0   10.5     31.5    16:44      SW
04    15.5    18.9   13:29    13.0   14:37     02.8     00.0    33.2   05.2     24.1    12:53      SW
05    15.0    17.8   12:58    12.3   03:25     03.3     00.0    00.2   06.0     29.6    23:29      SW
06    14.6    16.6   15:48    10.8   00:00     03.7     00.0    00.0   11.7     44.4    08:21     WSW
07    13.7    16.7   14:21    09.4   04:37     04.6     00.0    00.0   11.1     40.7    10:59      W 
08    15.3    19.1   15:39    12.3   05:41     03.0     00.0    00.0   08.4     35.2    00:15     WNW
09    14.9    17.4   17:08    09.8   04:45     03.4     00.0    00.0   05.9     20.4    12:08     SSE
10    17.0    22.2   12:23    13.8   04:16     01.3     00.0    01.2   11.8     55.5    21:13     WSW
11    16.9    20.0   15:19    14.3   00:00     01.4     00.0    00.0   10.1     48.1    00:28     WNW
12    15.2    16.7   10:30    14.1   23:43     03.1     00.0    01.0   07.6     22.2    19:30      SW
13    14.0    16.9   16:57    11.9   01:27     04.3     00.0    02.2   11.9     38.9    11:44     NNW
14    15.1    17.2   12:04    13.6   22:19     03.2     00.0    00.4   17.1     48.1    15:48      W 
15    13.3    15.7   15:07    11.7   09:49     05.0     00.0    00.8   08.9     40.7    23:44     NNW
16    13.1    15.2   17:37    11.6   05:57     05.2     00.0    00.0   13.7     53.7    07:14     NNW
17    13.2    16.0   12:35    10.3   05:42     05.1     00.0    00.0   14.8     40.7    19:42      W 
18    16.9    18.5   10:56    14.1   00:29     01.4     00.0    00.2   13.4     46.3    21:26      W 
19    17.0    20.1   14:21    15.0   00:20     01.3     00.0    00.0   19.1     61.1    09:55      W 
20    17.2    20.8   14:10    15.2   06:07     01.1     00.0    00.0   15.1     50.0    03:40      W 
21    18.2    21.3   11:18    15.3   22:27     00.1     00.0    00.0   14.4     42.6    04:33      W 
22    17.1    21.2   11:44    15.0   00:00     01.2     00.0    00.4   10.4     42.6    08:35      NE
23    16.4    19.5   12:39    14.6   04:50     01.9     00.0    00.0   11.0     37.0    13:27      SW
24    16.4    19.7   01:23    14.8   22:41     01.9     00.0    00.0   12.0     48.1    03:19      NW
25    16.3    18.2   12:34    14.7   05:08     02.0     00.0    00.0   12.8     38.9    13:08     SSW
26    18.0    21.7   15:38    15.1   05:33     00.3     00.0    00.0   08.7     29.6    01:52      SW
27    18.9    22.6   14:53    16.2   00:00     00.0     00.6    00.0   03.9     20.4    03:29     SSE
28    16.3    19.2   13:49    13.9   04:42     02.0     00.0    06.0   10.6     42.6    16:27     WSW
29    16.1    18.3   13:00    13.8   05:17     02.2     00.0    00.8   11.5     50.0    22:35      SW
30    15.2    17.4   14:19    11.3   04:53     03.1     00.0    01.0   13.6     38.9    13:35     WSW
----------------------------------------------------------------------------------------------------------------------------------------------------------
15.8 (16.0)   22.6  day 27     09.4  day 07   075.6    000.6   052.4   10.8     61.1   day 19     WSW
Max >=  20: 8
Max <=   20: 22
Min <=   10: 2
Max Rain: 33.2 ON 4-04-12
Days of Rain: 66 (> .2mm) 4 (> 2mm) 1 (> 20mm)