MONTHLY CLIMATOLOGICAL SUMMARY for APR. 2013

NAME: Davis Vantage Pro 2   CITY: Ibiza ciudad STATE: Islas Baleares
ELEV: 27 LAT: 038:54:45 LONG: -001:24:58

                            TEMPERATURE ( C), RAIN (mm), WIND SPEED (kmh)

                                               HEAT     COOL           AVG
      MEAN                                     DEG      DEG            WIND                       DOM
DAY   TEMP    HIGH   TIME     LOW    TIME      DAYS     DAYS    RAIN   SPEED    HIGH    TIME      DIR
----------------------------------------------------------------------------------------------------------------------------------------------------------
01    17.2    20.1   16:30    13.9   05:47     01.1     00.0    06.0   19.1     59.2    15:32     WSW
02    16.0    18.4   15:21    13.8   05:31     02.3     00.0    00.0   18.4     53.6    01:40      W 
03    15.3    17.3   13:44    11.2   05:48     03.0     00.0    00.0   04.9     29.6    00:40     ENE
04    15.2    18.0   12:49    13.3   03:49     03.1     00.0    00.0   08.8     37.0    12:49     WSW
05    13.0    16.2   13:42    08.7   22:09     05.3     00.0    12.4   10.8     55.5    18:44      N 
06    11.8    14.3   14:18    09.7   05:48     06.5     00.0    00.0   14.0     44.4    15:04      NW
07    13.0    15.8   11:11    09.3   04:45     05.3     00.0    00.0   10.9     35.1    19:45     WSW
08    15.0    18.7   14:00    12.5   02:30     03.3     00.0    00.0   10.5     33.3    12:10      SW
09    16.3    20.6   14:39    12.8   02:44     02.0     00.0    00.0   11.3     40.7    23:43      SW
10    17.7    21.7   13:25    15.1   22:10     00.6     00.0    00.0   17.3     55.5    03:34      W 
11    16.0    21.6   22:17    14.6   05:46     02.3     00.0    00.0   12.0     38.9    12:22      SW
12    18.8    22.7   16:01    15.4   00:00     00.0     00.5    00.0   14.2     48.1    05:33      W 
13    15.3    17.4   17:07    13.3   04:44     03.0     00.0    00.0   02.7     18.5    14:11      S 
14    17.2    20.6   15:02    13.8   02:34     01.1     00.0    00.0   13.3     37.0    13:10      NE
15    16.9    19.2   08:42    14.2   00:00     01.4     00.0    00.0   08.4     27.8    09:34      NE
16    15.1    17.4   14:32    13.2   02:10     03.2     00.0    00.0   02.3     18.5    13:27      SE
17    15.5    18.3   15:08    12.3   03:18     02.8     00.0    00.0   02.4     18.5    14:35     ESE
18    16.9    20.3   11:39    12.4   05:21     01.4     00.0    00.0   02.5     18.5    15:52     ESE
19    16.7    20.1   14:55    13.0   05:17     01.6     00.0    00.0   09.4     37.0    15:24     ENE
20    15.3    17.1   10:40    12.9   00:00     03.0     00.0    00.0   06.5     27.8    06:12     ESE
21    14.8    18.3   12:46    09.9   05:43     03.5     00.0    00.0   05.1     31.4    12:46     SSW
22    14.0    16.7   15:34    10.2   03:14     04.3     00.0    00.0   01.9     18.5    09:51      S 
23    15.1    18.5   15:41    10.5   04:19     03.2     00.0    00.0   09.1     31.4    18:10     ENE
24    15.5    18.5   11:28    12.8   05:32     02.8     00.0    02.0   19.9     53.6    22:02     NNE
25    15.4    16.2   17:13    14.4   06:00     02.9     00.0    17.6   20.4     68.5    04:00      NE
26    15.6    17.5   11:49    14.8   06:16     02.7     00.0    18.6   11.7     40.7    10:17     NNW
27    13.8    16.6   09:46    11.9   15:31     04.5     00.0    14.6   11.8     48.1    12:16     NNE
28    14.6    17.6   09:53    12.8   05:38     03.7     00.0    20.8   09.0     33.3    00:32      E 
29    12.3    14.3   16:12    10.2   08:49     06.0     00.0    24.6   04.5     25.9    15:03     WSW
30    14.7    17.4   14:20    11.6   05:43     03.6     00.0    00.0   04.3     24.1    10:18     SSW
----------------------------------------------------------------------------------------------------------------------------------------------------------
15.3 (15.4)   22.7  day 12     08.7  day 05   089.5    000.5   116.6   09.9     68.5   day 25      NW
Max >=  20: 8
Max <=   20: 22
Min <=   10: 4
Max Rain: 24.6 ON 29-04-13
Days of Rain: 8 (> .2mm) 7 (> 2mm) 2 (> 20mm)