MONTHLY CLIMATOLOGICAL SUMMARY for APR. 2014

NAME: Davis Vantage Pro 2   CITY: Ibiza ciudad STATE: Islas Baleares
ELEV: 27 LAT: 038:54:45 LONG: -001:24:58

                            TEMPERATURE ( C), RAIN (mm), WIND SPEED (kmh)

                                               HEAT     COOL           AVG
      MEAN                                     DEG      DEG            WIND                       DOM
DAY   TEMP    HIGH   TIME     LOW    TIME      DAYS     DAYS    RAIN   SPEED    HIGH    TIME      DIR
----------------------------------------------------------------------------------------------------------------------------------------------------------
01    14.8    16.9   09:37    12.3   01:54     03.5     00.0    00.2   06.9     29.6    11:23     ENE
02    17.1    19.3   14:38    15.2   00:00     01.2     00.0    00.2   04.1     22.2    16:47     ESE
03    15.1    17.5   14:55    12.5   07:27     03.2     00.0    04.2   16.2     55.5    22:26     WSW
04    16.5    20.8   15:32    13.3   03:08     01.8     00.0    01.4   15.0     53.6    21:37     WNW
05    18.2    23.3   15:44    15.4   00:00     00.1     00.0    00.0   14.6     53.6    02:03     WNW
06    16.9    20.7   08:26    13.1   05:07     01.4     00.0    00.0   03.7     18.5    12:56      SE
07    14.2    15.7   17:31    12.2   06:18     04.1     00.0    00.0   03.3     18.5    13:51      SE
08    17.2    20.5   11:52    14.6   01:16     01.1     00.0    00.0   05.0     18.5    14:11      SE
09    16.1    18.2   11:29    13.9   00:00     02.2     00.0    00.0   06.3     27.8    13:15     ENE
10    16.1    19.8   14:17    12.3   05:46     02.2     00.0    00.0   05.3     25.9    13:44      SE
11    17.3    23.3   19:37    14.6   05:16     01.0     00.0    00.2   06.8     51.8    19:06     SSE
12    19.2    24.2   11:22    15.9   05:24     00.0     00.9    00.2   11.8     37.0    14:07     NNE
13    17.7    21.3   12:41    14.0   05:01     00.6     00.0    00.0   08.8     27.8    09:43      NE
14    16.6    19.6   15:07    12.8   05:54     01.7     00.0    00.0   03.5     18.5    13:43     ESE
15    17.8    22.1   15:48    12.6   05:03     00.5     00.0    00.0   05.8     24.1    13:52     SSW
16    17.7    22.2   14:49    12.7   04:03     00.6     00.0    00.0   05.6     24.1    13:31     SSW
17    16.8    19.1   11:50    13.9   23:43     01.5     00.0    00.0   04.7     20.4    11:35     ESE
18    16.7    21.2   12:47    10.9   05:26     01.6     00.0    00.0   09.1     27.8    17:24      SW
19    18.4    22.5   15:14    15.6   04:46     00.0     00.1    00.0   10.8     35.1    12:41     SSW
20    18.1    20.8   13:48    16.5   20:33     00.2     00.0    00.0   13.7     50.0    08:31     WSW
21    17.4    19.5   12:57    14.2   23:22     00.9     00.0    00.0   09.9     37.0    16:48      SW
22    17.9    22.2   15:49    14.7   01:26     00.4     00.0    00.0   08.4     35.1    11:24     WNW
23    18.5    23.8   12:28    13.5   04:28     00.0     00.2    00.0   07.9     33.3    14:03     WSW
24    17.4    20.2   12:19    13.2   04:40     00.9     00.0    00.0   12.1     40.7    23:25      SW
25    17.1    20.2   16:04    13.7   07:16     01.2     00.0    00.2   15.5     55.5    06:19     WNW
26    18.7    22.1   23:05    16.4   05:24     00.0     00.4    00.0   16.3     55.5    00:00      W 
27    17.6    21.9   00:01    15.5   23:38     00.7     00.0    00.2   14.6     59.2    05:10     WNW
28    17.7    20.4   09:31    13.1   05:15     00.6     00.0    00.0   08.2     22.2    15:06     SSW
29    18.0    21.1   08:37    13.6   05:14     00.3     00.0    00.0   05.4     20.4    12:33      E 
30    18.1    20.7   16:05    13.7   02:22     00.2     00.0    00.0   05.1     18.5    15:11      E 
----------------------------------------------------------------------------------------------------------------------------------------------------------
17.2 (17.3)   24.2  day 12     10.9  day 18   033.5    001.6   006.8   08.8     59.2   day 27     WSW
Max >=  20: 21
Max <=   20: 9
Max Rain: 4.2 ON 3-04-14
Days of Rain: 8 (> .2mm) 1 (> 2mm) 0 (> 20mm)