MONTHLY CLIMATOLOGICAL SUMMARY for APR. 2015

NAME: Davis Vantage Pro 2   CITY: Ibiza ciudad STATE: Islas Baleares
ELEV: 27 LAT: 038:54:45 LONG: -001:24:58

                            TEMPERATURE ( C), RAIN (mm), WIND SPEED (kmh)

                                               HEAT     COOL           AVG
      MEAN                                     DEG      DEG            WIND                       DOM
DAY   TEMP    HIGH   TIME     LOW    TIME      DAYS     DAYS    RAIN   SPEED    HIGH    TIME      DIR
----------------------------------------------------------------------------------------------------------------------------------------------------------
01    15.8    20.7   00:03    13.7   20:53     02.5     00.0    00.0   12.2     55.5    09:12     SSW
02    14.6    17.3   12:56    11.9   06:24     03.7     00.0    00.0   06.5     31.4    13:10     SSW
03    13.9    17.7   13:43    09.7   05:19     04.4     00.0    00.2   05.0     22.2    13:55     SSE
04    13.7    16.6   10:54    10.6   23:32     04.6     00.0    00.2   06.9     31.4    13:47     ENE
05    13.7    16.6   11:06    08.6   05:34     04.6     00.0    00.2   07.2     31.4    21:13      E 
06    13.9    16.1   11:20    11.0   05:42     04.4     00.0    00.0   12.5     42.5    09:48      NE
07    13.5    15.2   12:57    11.1   05:58     04.8     00.0    00.0   16.9     37.0    21:07     ENE
08    13.3    15.1   12:53    11.3   04:43     05.0     00.0    00.0   16.4     38.9    07:46     ENE
09    14.0    16.2   14:03    12.3   02:46     04.3     00.0    00.0   17.0     42.5    12:05     ENE
10    14.2    16.8   14:38    12.1   03:04     04.1     00.0    00.0   13.5     37.0    08:00      NE
11    15.2    18.2   13:24    13.1   01:56     03.1     00.0    00.0   14.9     42.5    14:23      N 
12    15.5    18.3   16:21    13.6   05:37     02.8     00.0    00.0   11.8     37.0    08:30      NE
13    15.0    17.9   15:11    12.7   05:43     03.3     00.0    00.0   12.2     33.3    11:52      NE
14    16.0    18.2   09:20    13.4   05:20     02.3     00.0    00.0   13.7     31.4    23:28      NE
15    16.3    19.3   13:36    15.0   05:37     02.0     00.0    00.0   09.7     35.1    07:27      NE
16    17.0    21.3   11:50    14.4   05:49     01.3     00.0    00.0   07.8     31.4    18:09      SW
17    17.4    22.3   11:13    13.4   04:36     00.9     00.0    00.2   06.0     27.8    12:16     WSW
18    16.0    19.9   08:40    11.7   04:33     02.3     00.0    00.0   05.8     31.4    22:50      S 
19    16.9    20.2   11:52    13.1   00:00     01.4     00.0    00.0   10.0     50.0    04:53      W 
20    15.7    18.7   14:05    11.5   01:35     02.6     00.0    00.0   06.1     22.2    14:32     ENE
21    15.5    17.7   14:17    12.0   02:42     02.8     00.0    00.0   11.8     31.4    17:36     ENE
22    15.9    19.0   14:11    13.2   00:00     02.4     00.0    00.0   07.7     31.4    10:41     ENE
23    16.5    19.2   09:14    12.8   01:00     01.8     00.0    00.0   03.5     20.4    13:42      SE
24    16.4    19.7   14:00    12.9   05:13     01.9     00.0    00.2   07.3     25.9    22:32     SSW
25    17.2    19.7   13:59    15.9   06:08     01.1     00.0    00.0   11.8     31.4    10:00      SW
26    18.3    21.1   13:56    16.3   04:54     00.0     00.0    00.2   14.1     62.9    20:08     WSW
27    19.0    21.8   15:39    16.3   06:00     00.0     00.7    00.0   20.9     59.2    08:34     WSW
28    17.2    20.0   11:22    14.3   23:52     01.1     00.0    00.0   10.1     61.0    02:18      N 
29    17.0    19.9   16:14    13.5   02:41     01.3     00.0    00.0   07.7     33.3    15:27      SW
30    18.1    21.1   14:50    15.4   05:26     00.2     00.0    00.0   07.2     27.8    13:30     SSW
----------------------------------------------------------------------------------------------------------------------------------------------------------
15.7 (15.8)   22.3  day 17     08.6  day 05   077.2    000.7   001.2   10.5     62.9   day 26     ENE
Max >=  20: 8
Max <=   20: 22
Min <=   10: 2
Max Rain: 0.2 ON 3-04-15
Days of Rain: 6 (> .2mm) 0 (> 2mm) 0 (> 20mm)