MONTHLY CLIMATOLOGICAL SUMMARY for APR. 2017

NAME: Davis Vantage Pro 2   CITY: Ibiza ciudad STATE: Islas Baleares
ELEV: 27 LAT: 038:54:45 LONG: -001:24:58

                            TEMPERATURE ( C), RAIN (mm), WIND SPEED (kmh)

                                               HEAT     COOL           AVG
      MEAN                                     DEG      DEG            WIND                       DOM
DAY   TEMP    HIGH   TIME     LOW    TIME      DAYS     DAYS    RAIN   SPEED    HIGH    TIME      DIR
--------------------------------------------------------------------------------------------------------
01    16.5    19.8   15:01    12.1   23:23     01.8     00.0    00.0   11.2     42.5    11:09      NW
02    15.3    18.3   12:56    11.2   03:11     03.0     00.0    00.0   10.4     46.3    09:28     NNW
03    15.4    18.9   15:04    10.9   23:23     02.9     00.0    00.0   06.9     31.4    04:00     NNE
04    15.5    21.2   12:34    10.3   01:43     02.8     00.0    00.0   05.0     24.1    15:48      SW
05    15.0    18.3   09:16    10.9   02:46     03.3     00.0    00.0   07.4     38.9    13:31     NNE
06    15.5    19.2   14:52    11.7   04:27     02.8     00.0    01.6   08.0     44.4    13:07     NNE
07    15.5    19.5   12:37    10.4   04:46     02.8     00.0    00.0   11.9     53.6    12:33     NNE
08    14.9    17.9   11:21    10.8   02:44     03.4     00.0    00.0   03.5     18.5    14:30     ESE
09    15.1    18.4   12:24    11.1   04:55     03.2     00.0    00.2   04.1     20.4    11:25      E 
10    15.5    18.5   14:24    11.2   05:46     02.8     00.0    00.0   03.1     18.5    13:22     ESE
11    16.5    21.6   14:05    10.6   04:43     01.8     00.0    00.0   07.8     29.6    12:36      SW
12    17.1    20.4   12:03    14.3   04:38     01.2     00.0    00.2   08.5     37.0    10:09      SW
13    17.8    22.1   13:09    14.1   03:44     00.5     00.0    00.2   06.5     25.9    11:41      SW
14    18.4    20.9   14:44    14.0   03:55     00.0     00.1    00.2   04.0     18.5    10:52      SE
15    17.6    20.2   12:23    14.6   02:38     00.7     00.0    00.2   05.9     25.9    15:30     ENE
16    17.6    19.7   12:22    15.6   00:00     00.7     00.0    00.0   07.3     27.8    13:37     SSE
17    17.1    19.7   10:45    13.2   05:15     01.2     00.0    00.0   03.8     18.5    16:15     ESE
18    17.4    19.9   14:41    13.7   05:43     00.9     00.0    00.0   06.1     33.3    23:02      E 
19    16.1    17.4   01:28    14.1   00:00     02.2     00.0    00.0   16.8     38.9    10:02     ENE
20    14.4    16.1   12:43    12.6   23:39     03.9     00.0    00.0   15.8     42.5    15:37      NE
21    14.6    16.8   14:15    11.2   04:01     03.7     00.0    00.0   15.2     38.9    12:24     ENE
22    14.8    17.6   15:03    11.7   05:05     03.5     00.0    00.0   08.2     27.8    07:10     ENE
23    14.8    17.7   13:49    09.8   03:06     03.5     00.0    00.0   05.2     24.1    15:32      E 
24    16.3    18.8   14:37    11.6   02:45     02.0     00.0    00.0   06.4     22.2    12:04      E 
25    17.0    19.5   16:15    13.9   04:01     01.3     00.0    00.4   06.8     31.4    14:09     SSW
26    18.6    23.4   12:48    16.5   00:00     00.0     00.3    00.0   08.8     31.4    11:58     WSW
27    13.3    17.3   00:51    11.3   09:32     05.0     00.0    04.0   16.1     59.2    09:09      NE
28    13.6    14.9   15:14    11.3   01:46     04.7     00.0    00.2   11.3     35.1    09:51     ENE
29    15.2    17.2   14:39    13.9   05:32     03.1     00.0    00.0   07.9     22.2    10:39     ESE
30    16.8    19.3   22:52    13.8   01:41     01.5     00.0    00.0   13.1     46.3    23:26      SW
--------------------------------------------------------------------------------------------------------
16.0 (15.7)   23.4  day 26     09.8  day 23   069.9    000.4   007.2   08.4     59.2   day 27     ENE
Max >=  20: 7
Max <=   20: 23
Min <=   10: 1
Max Rain: 4.0 ON 27-04-17
Days of Rain: 9 (> .2mm) 1 (> 2mm) 0 (> 20mm)