MONTHLY CLIMATOLOGICAL SUMMARY for APR. 2021 NAME: Davis Vantage Pro 2 CITY: Eivissa STATE: Islas Baleares ELEV: 27 LAT: 038:54:26 LONG: 0001:24:47 TEMPERATURE ( °C), RAIN (mm), WIND SPEED (kmh) HEAT COOL AVG MEAN DEG DEG WIND DOM DAY TEMP HIGH TIME LOW TIME DAYS DAYS RAIN SPEED HIGH TIME DIR -------------------------------------------------------------------------------------------------------- 01 15.9 19.3 12:20 13.6 04:24 02.4 00.0 00.0 13.7 33.3 14:46 NE 02 16.0 19.6 10:21 12.0 04:40 02.3 00.0 00.0 07.7 35.1 13:39 WSW 03 15.3 17.8 14:22 11.8 05:21 03.0 00.0 00.0 04.9 18.5 15:32 ESE 04 15.1 17.9 14:18 13.2 00:08 03.2 00.0 00.2 12.0 38.9 14:46 NNE 05 15.2 18.6 14:24 11.2 05:53 03.1 00.0 00.0 09.3 27.8 23:20 SSW 06 16.2 20.1 12:41 14.1 20:48 02.1 00.0 00.0 10.5 29.6 23:53 SSW 07 13.3 15.2 00:25 12.0 00:00 05.0 00.0 00.0 17.2 44.4 09:07 ENE 08 12.4 14.6 15:09 08.6 05:38 05.9 00.0 00.0 10.2 27.8 10:07 ENE 09 14.0 16.1 14:05 12.9 20:28 04.3 00.0 05.0 12.7 29.6 17:44 NE 10 13.9 15.5 15:27 12.5 23:41 04.4 00.0 06.4 06.6 35.1 03:22 NNE 11 15.3 18.4 14:59 11.2 02:12 03.0 00.0 00.0 07.5 31.4 13:13 SW 12 14.3 15.7 13:00 11.3 23:56 04.0 00.0 00.2 11.4 38.9 03:27 NE 13 13.7 16.6 10:47 08.9 05:46 04.6 00.0 00.0 05.8 20.4 13:02 ESE 14 14.8 16.0 12:53 14.1 00:00 03.5 00.0 00.0 09.8 25.9 19:26 ENE 15 13.2 14.9 08:14 11.1 14:36 05.1 00.0 05.0 10.4 31.4 09:38 NE 16 14.1 17.3 13:50 11.5 02:05 04.2 00.0 00.0 12.3 40.7 09:36 NNE 17 11.4 14.4 08:58 08.4 00:00 06.9 00.0 00.0 07.6 46.3 01:42 NE 18 12.5 16.4 16:26 06.5 02:57 05.8 00.0 00.0 07.1 29.6 15:32 SSW 19 15.7 18.8 13:34 13.1 01:51 02.6 00.0 00.0 12.4 42.5 10:14 SW 20 16.1 18.4 12:03 13.6 04:37 02.2 00.0 00.6 05.2 20.4 12:43 SSE 21 15.5 17.1 10:57 13.9 03:36 02.8 00.0 00.8 06.9 22.2 17:48 NE 22 15.0 15.9 14:29 13.9 00:00 03.3 00.0 09.0 08.8 25.9 10:21 ENE 23 15.4 17.6 11:42 13.4 05:37 02.9 00.0 00.0 08.9 25.9 10:20 NE 24 15.9 18.0 14:41 13.8 00:03 02.4 00.0 00.0 13.3 33.3 15:06 ENE 25 16.7 18.8 10:33 14.4 01:53 01.6 00.0 00.6 16.9 42.5 09:24 NE 26 17.2 21.5 10:19 15.3 23:36 01.1 00.0 00.4 11.8 44.4 00:04 WNW 27 18.0 21.8 13:11 15.6 03:19 00.3 00.0 00.0 05.8 29.6 14:12 SW 28 18.1 21.1 11:30 14.4 05:26 00.2 00.0 00.0 06.4 31.4 11:49 SW 29 18.4 23.1 12:08 15.9 05:39 00.0 00.1 00.0 09.1 35.1 14:38 SW 30 18.0 20.6 14:00 16.3 04:05 00.3 00.0 00.4 09.5 29.6 11:00 SW -------------------------------------------------------------------------------------------------------- 15.2 (15.3) 23.1 day 29 06.5 day 18 092.4 000.1 028.6 09.7 46.3 day 17 ENE Min <= 30: 30 Max Rain: 9.0 ON 22-04-21 Days of Rain: 11 (> .2mm) 4 (> 2mm) 0 (> 20mm)