MONTHLY CLIMATOLOGICAL SUMMARY for MAY. 2017

NAME: Davis Vantage Pro 2   CITY: Ibiza ciudad STATE: Islas Baleares
ELEV: 27 LAT: 038:54:45 LONG: -001:24:58

                            TEMPERATURE ( C), RAIN (mm), WIND SPEED (kmh)

                                               HEAT     COOL           AVG
      MEAN                                     DEG      DEG            WIND                       DOM
DAY   TEMP    HIGH   TIME     LOW    TIME      DAYS     DAYS    RAIN   SPEED    HIGH    TIME      DIR
--------------------------------------------------------------------------------------------------------
01    16.0    18.5   01:16    11.7   00:00     02.3     00.0    00.0   10.3     46.3    00:32      N 
02    15.8    19.7   14:56    09.6   03:50     02.5     00.0    00.0   06.3     27.8    14:11     SSE
03    16.7    18.7   14:51    13.4   05:05     01.6     00.0    00.0   06.3     24.1    15:55      E 
04    17.3    19.8   14:31    14.4   04:48     01.0     00.0    00.0   08.4     22.2    18:17     ENE
05    18.6    22.2   16:16    16.9   05:15     00.0     00.3    00.0   10.1     38.9    09:09      NE
06    19.6    23.5   13:47    16.1   00:00     00.0     01.3    00.0   13.9     51.8    08:40      W 
07    18.8    22.3   10:40    13.7   04:33     00.0     00.5    00.0   04.9     25.9    13:00     SSE
08    18.8    22.9   15:15    13.7   04:36     00.0     00.5    00.0   05.5     27.8    13:26     SSW
09    18.7    21.0   10:46    15.3   03:33     00.0     00.4    00.2   05.0     22.2    11:25      E 
10    19.6    22.7   11:23    17.3   00:48     00.0     01.3    00.0   07.3     25.9    16:34     SSE
11    19.8    23.5   13:08    17.6   00:00     00.0     01.5    00.0   11.2     37.0    13:11      SW
12    19.6    22.0   13:05    16.6   05:32     00.0     01.3    00.0   12.0     46.3    15:57     WSW
13    21.3    24.9   11:18    17.8   23:55     00.0     03.0    00.0   13.3     44.4    05:28     WSW
14    20.7    25.8   12:48    16.1   04:11     00.0     02.4    00.0   04.5     27.8    08:36     SSW
15    19.5    23.1   09:59    15.4   03:28     00.0     01.2    00.0   04.2     20.4    11:05      E 
16    20.7    25.2   11:21    15.4   04:47     00.0     02.4    00.0   05.5     22.2    12:41     ENE
17    21.0    24.6   09:50    15.8   02:39     00.0     02.7    00.0   05.4     18.5    12:48     ENE
18    19.7    24.1   15:09    15.1   03:31     00.0     01.4    00.0   07.4     38.9    22:25     NNE
19    19.3    22.8   14:58    15.4   23:35     00.0     01.0    00.0   09.5     44.4    02:48     NNE
20    18.7    21.4   14:53    13.1   04:40     00.0     00.4    00.0   05.7     22.2    10:35      E 
21    19.5    21.5   14:03    16.1   03:26     00.0     01.2    00.0   05.5     24.1    12:34      E 
22    20.0    21.9   13:13    17.8   00:00     00.0     01.7    00.0   10.1     31.4    10:21     ENE
23    20.7    23.8   16:12    17.4   00:34     00.0     02.4    00.0   08.7     25.9    11:54     ENE
24    20.6    23.7   08:08    15.6   05:08     00.0     02.3    00.0   04.6     20.4    13:57      E 
25    21.5    24.6   08:43    16.1   04:17     00.0     03.2    00.0   04.5     18.5    13:15      E 
26    22.7    25.4   12:33    18.6   02:33     00.0     04.4    00.0   09.6     27.8    11:15      NE
27    22.4    25.4   09:51    20.3   00:00     00.0     04.1    00.0   14.5     31.4    20:07      NE
28    22.2    24.3   09:39    19.9   03:33     00.0     03.9    00.0   15.8     38.9    13:05      NE
29    21.3    23.3   11:03    19.2   04:45     00.0     03.0    00.0   10.9     35.1    12:57      NE
30    21.6    24.5   15:25    19.1   05:10     00.0     03.3    00.0   07.4     31.4    09:52      NE
31    21.8    24.7   13:43    18.1   03:16     00.0     03.5    00.0   06.8     29.6    11:17      NE
--------------------------------------------------------------------------------------------------------
19.8 (19.5)   25.8  day 14     09.6  day 02   007.3    054.3   000.2   08.2     51.8   day 06     ENE
Max >=  20: 27
Max <=   20: 4
Min <=   10: 1
Max Rain: 0.2 ON 9-05-17
Days of Rain: 1 (> .2mm) 0 (> 2mm) 0 (> 20mm)