MONTHLY CLIMATOLOGICAL SUMMARY for MAY. 2021 NAME: Davis Vantage Pro 2 CITY: Eivissa STATE: Islas Baleares ELEV: 27 LAT: 038:54:26 LONG: 0001:24:47 TEMPERATURE ( °C), RAIN (mm), WIND SPEED (kmh) HEAT COOL AVG MEAN DEG DEG WIND DOM DAY TEMP HIGH TIME LOW TIME DAYS DAYS RAIN SPEED HIGH TIME DIR -------------------------------------------------------------------------------------------------------- 01 17.6 21.4 13:19 14.7 02:44 00.7 00.0 01.0 10.0 35.1 14:44 SW 02 17.1 20.6 13:29 14.0 04:16 01.2 00.0 00.0 07.2 29.6 11:46 SSE 03 16.7 18.7 12:33 13.8 03:52 01.6 00.0 00.2 12.1 35.1 11:52 ENE 04 16.8 19.2 09:59 14.5 02:43 01.5 00.0 00.0 06.4 25.9 11:03 E 05 17.4 20.2 14:23 13.3 03:55 00.9 00.0 00.0 06.4 27.8 14:13 SW 06 18.0 21.6 13:51 14.9 05:17 00.3 00.0 00.0 09.7 35.1 18:07 SSW 07 20.1 26.6 11:54 16.9 01:31 00.0 01.8 00.0 07.7 29.6 11:26 SSW 08 19.0 21.6 13:46 16.8 03:17 00.0 00.7 00.0 06.7 20.4 14:54 ENE 09 20.7 25.8 12:07 17.9 05:10 00.0 02.4 00.0 10.9 38.9 12:40 NW 10 18.5 20.7 01:17 16.5 11:07 00.0 00.2 06.4 12.0 44.4 12:06 SW 11 18.5 22.7 17:26 16.2 05:35 00.0 00.2 00.0 18.5 61.0 08:52 W 12 19.0 22.3 23:40 15.5 04:53 00.0 00.7 00.0 13.3 44.4 15:56 SW 13 19.3 21.8 15:09 16.9 06:00 00.0 01.0 00.0 13.9 44.4 02:26 W 14 19.2 22.5 14:28 16.4 04:56 00.0 00.9 00.0 12.0 44.4 12:31 NNW 15 19.7 22.5 14:16 17.3 04:19 00.0 01.4 00.0 14.3 38.9 14:03 SW 16 23.2 28.0 11:22 17.6 04:55 00.0 04.9 00.0 10.7 33.3 07:51 SW 17 19.3 23.3 00:01 17.7 00:00 00.0 01.0 00.0 12.7 42.5 05:33 ENE 18 19.3 22.0 13:46 16.3 03:10 00.0 01.0 00.0 11.6 33.3 20:05 S 19 18.7 20.1 12:25 17.5 00:00 00.0 00.4 00.0 10.6 38.9 08:11 E 20 18.5 20.9 12:43 16.1 04:31 00.0 00.2 00.0 08.9 29.6 14:52 SE 21 19.0 20.9 13:22 16.3 05:10 00.0 00.7 00.0 07.5 24.1 13:24 SSE 22 20.6 24.6 14:14 16.4 04:58 00.0 02.3 00.0 10.1 29.6 18:59 NE 23 16.6 19.2 00:13 14.0 23:33 01.7 00.0 34.8 12.8 46.3 07:14 NE 24 18.1 22.4 15:01 14.1 00:20 00.2 00.0 06.8 07.8 33.3 09:36 SW 25 18.6 20.9 13:40 15.8 04:05 00.0 00.3 00.2 10.4 33.3 16:17 E 26 18.4 21.0 11:34 15.5 00:00 00.0 00.1 00.0 09.7 29.6 12:10 NE 27 18.9 21.4 14:50 14.2 03:02 00.0 00.6 00.2 07.8 25.9 22:28 ENE 28 19.5 21.8 13:18 17.3 00:00 00.0 01.2 00.0 08.7 27.8 02:27 ENE 29 20.1 22.9 16:40 15.1 04:46 00.0 01.8 00.0 04.1 18.5 14:42 ESE 30 20.6 24.3 10:40 16.3 05:00 00.0 02.3 00.0 04.5 18.5 15:44 ESE 31 21.2 23.7 13:41 17.6 03:42 00.0 02.9 00.0 05.2 20.4 16:50 E -------------------------------------------------------------------------------------------------------- 19.0 (19.0) 28.0 day 16 13.3 day 05 008.2 028.7 049.6 09.8 61.1 day 11 SSE Min <= 30: 31 Max Rain: 34.8 ON 23-05-21 Days of Rain: 7 (> .2mm) 3 (> 2mm) 1 (> 20mm)