MONTHLY CLIMATOLOGICAL SUMMARY for JUN. 2012

NAME: Davis Vantage Pro 2   CITY: Ibiza ciudad STATE: Islas Baleares
ELEV: 27 LAT: 038:54:45 LONG: -001:24:58

                            TEMPERATURE ( C), RAIN (mm), WIND SPEED (kmh)

                                               HEAT     COOL           AVG
      MEAN                                     DEG      DEG            WIND                       DOM
DAY   TEMP    HIGH   TIME     LOW    TIME      DAYS     DAYS    RAIN   SPEED    HIGH    TIME      DIR
----------------------------------------------------------------------------------------------------------------------------------------------------------
01    23.0    25.9   10:50    19.3   04:10     00.0     04.7    00.0   04.5     22.2    14:32     ESE
02    23.2    25.8   13:47    20.0   05:43     00.0     04.9    00.0   04.7     18.5    17:28      SE
03    21.9    24.9   17:17    20.2   23:53     00.0     03.6    00.4   05.9     24.1    09:16     SSW
04    22.0    24.2   10:24    19.1   01:28     00.0     03.7    00.0   06.3     29.6    10:53     ESE
05    22.2    24.4   12:26    20.8   03:11     00.0     03.9    00.0   08.8     25.9    14:50     SSE
06    23.0    26.0   11:59    20.2   04:55     00.0     04.7    00.0   09.4     31.5    13:14      SW
07    23.8    27.1   11:54    20.7   04:34     00.0     05.5    00.0   05.2     29.6    13:08     SSW
08    24.9    30.2   12:34    21.9   02:24     00.0     06.6    00.0   09.6     40.7    07:13     ENE
09    22.5    24.2   11:54    21.4   04:53     00.0     04.2    00.0   10.6     25.9    19:27     SSE
10    23.3    26.1   16:24    21.2   03:42     00.0     05.0    00.0   13.8     31.5    19:18      SW
11    23.9    26.8   08:33    21.4   23:17     00.0     05.6    00.0   10.2     27.8    19:30      SW
12    22.2    24.3   00:01    19.7   00:00     00.0     03.9    00.0   11.1     44.4    02:14     ENE
13    21.8    24.6   14:26    16.7   03:57     00.0     03.5    00.0   09.1     25.9    08:28     ESE
14    21.9    23.7   10:51    19.7   05:06     00.0     03.6    00.0   09.8     31.5    13:17      E 
15    22.3    26.5   15:27    17.9   04:01     00.0     04.0    00.0   06.0     20.4    13:23     ESE
16    22.5    25.5   11:47    18.8   03:55     00.0     04.2    00.0   05.8     20.4    13:52     SSE
17    23.1    25.9   15:47    19.8   05:07     00.0     04.8    00.0   05.7     20.4    10:51      SE
18    23.1    25.2   12:53    19.9   04:12     00.0     04.8    00.0   06.4     27.8    23:09      E 
19    25.0    28.7   10:31    22.2   03:28     00.0     06.7    01.2   08.3     31.5    17:40     ENE
20    25.0    29.4   12:48    22.4   03:44     00.0     06.7    00.0   09.5     27.8    07:45      W 
21    25.2    29.9   10:48    22.1   05:01     00.0     06.9    00.0   11.8     31.5    14:29     WSW
22    23.8    26.1   13:47    20.4   03:34     00.0     05.5    00.0   09.0     31.5    11:06      E 
23    24.1    26.7   13:46    21.4   03:27     00.0     05.8    00.0   07.8     22.2    13:48      E 
24    25.5    28.9   15:50    21.4   04:46     00.0     07.2    00.0   06.2     20.4    10:27      E 
25    25.6    28.8   09:19    20.5   04:51     00.0     07.3    00.0   04.3     18.5    13:42      SE
26    25.4    28.6   10:29    21.8   03:51     00.0     07.1    00.0   04.1     18.5    18:04      SE
27    26.0    29.4   10:01    21.7   02:49     00.0     07.7    00.0   04.4     18.5    15:12     ESE
28    26.8    30.4   13:24    23.7   04:42     00.0     08.5    00.0   07.2     27.8    12:05      SW
29    28.3    32.5   10:16    25.3   00:00     00.0     10.0    00.0   09.7     27.8    11:12     WSW
30    26.7    31.2   12:29    24.2   04:40     00.0     08.4    00.0   09.5     33.3    22:41      SW
----------------------------------------------------------------------------------------------------------------------------------------------------------
23.9 (24.0)   32.5  day 29     16.7  day 13   000.0    168.8   001.6   07.8     44.4   day 12     SSE
Max >=  20: 30
Max Rain: 1.2 ON 19-06-12
Days of Rain: 2 (> .2mm) 0 (> 2mm) 0 (> 20mm)