MONTHLY CLIMATOLOGICAL SUMMARY for JUN. 2016

NAME: Davis Vantage Pro 2   CITY: Ibiza ciudad STATE: Islas Baleares
ELEV: 27 LAT: 038:54:45 LONG: -001:24:58

                            TEMPERATURE ( C), RAIN (mm), WIND SPEED (kmh)

                                               HEAT     COOL           AVG
      MEAN                                     DEG      DEG            WIND                       DOM
DAY   TEMP    HIGH   TIME     LOW    TIME      DAYS     DAYS    RAIN   SPEED    HIGH    TIME      DIR
----------------------------------------------------------------------------------------------------------------------------------------------------------
01    20.0    23.1   08:20    16.1   02:22     00.0     01.7    00.0   05.3     20.4    18:06      SE
02    20.2    23.1   12:56    15.9   04:59     00.0     01.9    00.0   05.5     22.2    12:01     ESE
03    20.8    22.9   13:23    17.7   04:44     00.0     02.5    00.0   05.8     22.2    12:55      E 
04    21.0    23.8   10:49    17.8   03:53     00.0     02.7    00.2   04.7     25.9    12:47     ESE
05    21.6    24.6   10:12    17.1   04:41     00.0     03.3    00.0   06.0     27.8    06:05     ESE
06    21.6    24.2   16:29    17.3   04:41     00.0     03.3    00.0   04.5     20.4    14:04     ESE
07    22.4    24.8   14:43    19.2   04:42     00.0     04.1    00.0   04.1     20.4    13:59     ESE
08    22.7    25.5   13:35    18.1   05:03     00.0     04.4    00.0   05.3     25.9    13:59      SE
09    23.2    25.5   15:22    18.9   04:43     00.0     04.9    00.0   03.9     18.5    09:40     ESE
10    23.6    25.8   09:45    21.7   23:03     00.0     05.3    00.0   05.7     24.1    11:29      SE
11    23.5    27.0   16:17    20.6   00:00     00.0     05.2    00.0   09.3     31.4    15:25     ENE
12    23.1    26.2   13:36    19.2   03:38     00.0     04.8    00.0   08.5     31.4    14:10     SSW
13    24.7    29.8   11:21    21.5   05:25     00.0     06.4    00.0   08.2     33.3    11:11      SW
14    24.1    27.9   13:34    22.1   03:05     00.0     05.8    00.0   15.1     51.8    06:15     NNE
15    24.4    29.1   13:03    21.1   04:23     00.0     06.1    00.0   11.6     59.2    23:58      SW
16    22.7    25.0   14:17    20.6   04:45     00.0     04.4    00.0   14.2     55.5    01:34     WSW
17    22.4    24.5   14:57    18.3   04:28     00.0     04.1    00.0   08.2     25.9    21:35     SSE
18    21.1    24.2   08:16    17.8   22:48     00.0     02.8    00.0   10.0     51.8    12:47     NNE
19    20.3    23.8   11:53    15.6   04:41     00.0     02.0    00.0   05.5     31.4    10:31      NE
20    21.2    24.4   16:07    16.8   04:35     00.0     02.9    00.0   06.5     29.6    11:09     SSW
21    21.6    24.8   12:47    16.9   04:55     00.0     03.3    00.0   05.1     22.2    12:51     ESE
22    22.5    24.7   12:57    19.3   01:22     00.0     04.2    00.0   07.9     24.1    13:58     ENE
23    23.6    27.2   10:34    20.8   04:48     00.0     05.3    00.0   05.6     18.5    14:22      E 
24    23.4    26.3   13:13    19.6   04:17     00.0     05.1    00.0   05.3     22.2    11:59     SSE
25    24.1    27.3   11:09    20.8   01:36     00.0     05.8    00.0   07.1     27.8    15:39      E 
26    23.5    25.8   11:07    22.4   04:18     00.0     05.2    00.0   13.3     38.9    10:20     ENE
27    23.1    25.3   11:38    20.8   04:44     00.0     04.8    00.0   10.6     37.0    08:39     ENE
28    23.3    25.6   17:35    20.2   03:35     00.0     05.0    00.0   08.7     27.8    09:24     ENE
29    24.0    27.6   15:02    21.4   23:40     00.0     05.7    01.4   07.9     27.8    09:31     ENE
30    24.3    27.0   11:20    19.9   02:59     00.0     06.0    00.0   05.2     25.9    13:13      SE
----------------------------------------------------------------------------------------------------------------------------------------------------------
22.6 (22.4)   29.8  day 13     15.6  day 19   000.0    128.8   001.6   07.5     59.2   day 16      E 
Max >=  20: 30
Max Rain: 1.4 ON 29-06-16
Days of Rain: 2 (> .2mm) 0 (> 2mm) 0 (> 20mm)