MONTHLY CLIMATOLOGICAL SUMMARY for JUN. 2017

NAME: Davis Vantage Pro 2   CITY: Ibiza ciudad STATE: Islas Baleares
ELEV: 27 LAT: 038:54:45 LONG: -001:24:58

                            TEMPERATURE ( C), RAIN (mm), WIND SPEED (kmh)

                                               HEAT     COOL           AVG
      MEAN                                     DEG      DEG            WIND                       DOM
DAY   TEMP    HIGH   TIME     LOW    TIME      DAYS     DAYS    RAIN   SPEED    HIGH    TIME      DIR
--------------------------------------------------------------------------------------------------------
01    21.6    24.1   12:28    18.4   04:26     00.0     03.3    00.0   04.8     18.5    15:03     ESE
02    22.1    25.7   08:55    19.6   04:18     00.0     03.8    00.0   06.8     27.8    10:57     ENE
03    22.7    25.9   15:23    20.0   04:47     00.0     04.4    00.0   09.9     25.9    14:49     ENE
04    21.5    23.2   09:02    16.4   22:23     00.0     03.2    11.0   14.1     70.3    21:47      NE
05    19.5    21.7   16:50    16.7   00:11     00.0     01.2    00.6   12.1     51.8    02:21     NNW
06    21.6    25.3   15:40    18.5   01:23     00.0     03.3    00.0   09.4     37.0    08:15      SW
07    21.7    23.9   12:49    19.9   04:18     00.0     03.4    00.0   09.0     25.9    11:01      E 
08    21.3    23.2   11:44    18.8   04:36     00.0     03.0    00.0   09.6     27.8    14:10     ENE
09    21.4    23.8   08:44    19.0   04:06     00.0     03.1    00.0   07.5     27.8    08:07     ENE
10    22.0    25.3   15:18    18.4   05:27     00.0     03.7    00.0   04.0     22.2    10:41      E 
11    23.4    27.8   12:05    17.2   04:21     00.0     05.1    00.0   04.6     25.9    13:01      E 
12    24.1    27.3   10:38    19.3   02:16     00.0     05.8    00.0   06.0     25.9    11:15      E 
13    25.4    29.1   13:06    21.6   03:30     00.0     07.1    00.0   12.2     33.3    13:19      NE
14    25.8    29.8   12:30    22.5   00:00     00.0     07.5    00.0   08.4     25.9    08:42     ENE
15    24.8    27.6   15:36    20.7   03:25     00.0     06.5    00.0   04.3     18.5    16:04      E 
16    26.1    29.5   12:35    21.2   03:51     00.0     07.8    00.0   05.7     29.6    10:16     ENE
17    26.3    30.0   08:28    22.7   02:03     00.0     08.0    00.0   04.4     20.4    13:40      SE
18    26.6    31.9   12:31    20.6   03:56     00.0     08.3    00.0   06.8     24.1    13:23     ENE
19    25.0    27.5   13:10    23.2   01:41     00.0     06.7    00.0   08.6     25.9    15:22     ENE
20    25.0    27.3   13:01    22.4   04:53     00.0     06.7    00.0   06.7     22.2    07:51      E 
21    24.6    27.6   13:00    20.3   04:08     00.0     06.3    00.0   03.7     22.2    13:32      E 
22    25.4    28.9   15:03    21.0   04:27     00.0     07.1    00.0   05.6     27.8    13:14      S 
23    26.0    29.6   13:19    22.8   04:48     00.0     07.7    00.0   08.0     29.6    11:34      S 
24    25.9    28.4   12:48    23.5   05:02     00.0     07.6    00.0   07.8     27.8    13:19     SSE
25    26.0    28.6   09:12    23.6   04:52     00.0     07.7    00.0   08.8     27.8    19:36     ENE
26    26.5    30.2   15:43    24.0   05:08     00.0     08.2    00.0   12.1     38.9    16:22     ENE
27    25.5    28.4   13:00    23.6   04:53     00.0     07.2    00.0   08.9     33.3    13:17     SSW
28    27.0    29.7   01:12    24.0   00:36     00.0     08.7    00.0   19.9     61.0    10:07     WSW
29    25.3    28.2   00:08    22.4   00:00     00.0     07.0    00.0   12.3     55.5    01:16      W 
30    23.6    27.1   14:40    20.1   23:24     00.0     05.3    00.0   09.9     42.5    12:30     NNE
--------------------------------------------------------------------------------------------------------
24.1 (24.0)   31.9  day 18     16.4  day 04   000.0    174.8   011.6   08.4     70.3   day 04     ENE
Max >=  20: 30
Max Rain: 11.0 ON 4-06-17
Days of Rain: 2 (> .2mm) 1 (> 2mm) 0 (> 20mm)