MONTHLY CLIMATOLOGICAL SUMMARY for JUN. 2021 NAME: Davis Vantage Pro 2 CITY: Eivissa STATE: Islas Baleares ELEV: 27 LAT: 038:54:26 LONG: 0001:24:47 TEMPERATURE ( °C), RAIN (mm), WIND SPEED (kmh) HEAT COOL AVG MEAN DEG DEG WIND DOM DAY TEMP HIGH TIME LOW TIME DAYS DAYS RAIN SPEED HIGH TIME DIR -------------------------------------------------------------------------------------------------------- 01 21.2 24.8 14:32 18.9 03:40 00.0 02.9 02.0 09.8 31.4 16:45 NE 02 21.5 23.3 11:56 19.7 02:03 00.0 03.2 00.0 09.3 29.6 02:02 ENE 03 21.2 22.9 12:57 19.2 05:25 00.0 02.9 00.0 11.7 33.3 11:06 ENE 04 21.3 23.2 14:02 20.1 22:56 00.0 03.0 00.0 06.9 29.6 07:08 NE 05 20.6 22.3 11:57 19.3 03:23 00.0 02.3 07.4 07.7 37.0 07:53 NNE 06 20.5 23.0 10:09 18.2 05:16 00.0 02.2 00.2 04.5 22.2 10:38 E 07 20.9 24.1 13:23 16.2 04:38 00.0 02.6 00.0 05.8 27.8 11:37 S 08 22.0 24.1 11:07 19.1 04:57 00.0 03.7 00.0 04.5 18.5 15:03 ESE 09 22.3 24.6 16:25 18.5 03:56 00.0 04.0 00.4 04.7 27.8 22:01 ESE 10 23.4 26.8 13:14 19.1 04:54 00.0 05.1 00.0 05.3 20.4 14:26 E 11 24.3 27.0 14:01 20.7 00:01 00.0 06.0 00.0 08.7 25.9 18:06 NE 12 25.3 29.1 15:35 19.8 03:52 00.0 07.0 00.0 10.9 31.4 10:03 NE 13 25.2 28.7 15:15 20.6 02:29 00.0 06.9 00.0 06.2 22.2 05:26 NE 14 25.2 28.8 11:12 20.1 03:29 00.0 06.9 00.0 05.6 20.4 11:56 ENE 15 26.7 29.4 10:44 23.2 01:26 00.0 08.4 00.0 10.2 33.3 09:06 NE 16 25.0 28.0 10:01 23.2 00:00 00.0 06.7 00.0 11.8 35.1 15:41 ENE 17 24.0 27.3 12:55 22.2 00:00 00.0 05.7 00.0 10.6 38.9 15:32 SW 18 23.5 26.3 11:21 20.0 04:41 00.0 05.2 00.0 05.7 31.4 01:39 SE 19 23.8 26.3 16:15 21.9 04:27 00.0 05.5 00.0 05.8 29.6 12:16 N 20 23.3 26.1 13:33 21.4 03:46 00.0 05.0 00.0 12.8 40.7 10:55 SW 21 23.4 26.8 13:59 20.7 03:47 00.0 05.1 00.0 11.0 29.6 15:41 SW 22 24.7 28.8 14:42 19.7 04:40 00.0 06.4 00.0 08.2 29.6 14:26 N 23 23.1 26.6 15:44 19.1 01:30 00.0 04.8 00.0 12.5 44.4 08:17 N 24 23.4 26.1 10:00 20.4 04:41 00.0 05.1 00.0 13.4 37.0 06:50 NE 25 23.1 25.4 11:09 20.5 04:22 00.0 04.8 00.0 08.5 27.8 09:40 E 26 23.4 25.9 13:48 20.4 04:38 00.0 05.1 00.0 06.7 22.2 09:42 ESE 27 23.3 26.2 14:31 19.6 03:40 00.0 05.0 00.0 08.6 29.6 13:32 SSW 28 24.4 27.8 12:44 21.7 00:00 00.0 06.1 00.0 11.3 31.4 11:10 SW 29 23.9 26.3 10:18 20.7 03:27 00.0 05.6 00.0 06.8 24.1 16:48 E 30 24.2 26.4 14:37 22.3 02:28 00.0 05.9 00.0 08.5 25.9 09:26 E -------------------------------------------------------------------------------------------------------- 23.3 (23.1) 29.4 day 15 16.2 day 07 000.0 149.2 010.0 08.5 44.4 day 23 ENE Min <= 30: 30 Max Rain: 7.4 ON 5-06-21 Days of Rain: 4 (> .2mm) 1 (> 2mm) 0 (> 20mm)