MONTHLY CLIMATOLOGICAL SUMMARY for JUL. 2012

NAME: Davis Vantage Pro 2   CITY: Ibiza ciudad STATE: Islas Baleares
ELEV: 27 LAT: 038:54:45 LONG: -001:24:58

                            TEMPERATURE ( C), RAIN (mm), WIND SPEED (kmh)

                                               HEAT     COOL           AVG
      MEAN                                     DEG      DEG            WIND                       DOM
DAY   TEMP    HIGH   TIME     LOW    TIME      DAYS     DAYS    RAIN   SPEED    HIGH    TIME      DIR
----------------------------------------------------------------------------------------------------------------------------------------------------------
01    24.1    26.9   10:10    19.8   00:00     00.0     05.8    00.0   11.2     40.7    14:18     NNW
02    23.0    25.4   12:26    19.3   00:38     00.0     04.7    00.0   07.9     24.1    13:29      SE
03    23.8    25.9   14:14    20.8   05:13     00.0     05.5    00.0   07.6     22.2    13:48      SE
04    23.9    25.9   15:49    20.6   05:10     00.0     05.6    00.0   09.4     27.8    13:10      S 
05    24.7    27.7   15:00    22.5   05:15     00.0     06.4    00.0   07.4     24.1    12:21     SSW
06    24.8    27.2   12:47    21.7   02:49     00.0     06.5    00.0   08.3     25.9    08:46     ESE
07    25.1    27.1   12:42    22.8   04:34     00.0     06.8    00.0   07.9     24.1    11:28      SE
08    25.0    27.6   12:43    21.5   04:16     00.0     06.7    00.0   05.0     18.5    18:18      SE
09    25.4    27.6   12:19    23.2   04:21     00.0     07.1    00.0   07.6     24.1    12:19     SSE
10    26.1    29.2   15:14    23.1   05:38     00.0     07.8    00.0   07.2     24.1    22:43      S 
11    26.1    28.6   13:02    23.0   05:13     00.0     07.8    00.0   06.4     22.2    17:26     ESE
12    25.4    27.2   11:44    23.8   05:05     00.0     07.1    00.0   09.9     31.5    09:50     ESE
13    26.1    28.9   14:04    24.2   04:48     00.0     07.8    00.0   11.3     31.5    14:40     SSW
14    26.6    29.4   09:23    24.7   01:04     00.0     08.3    00.0   11.5     38.9    10:36      E 
15    24.8    27.2   12:59    23.2   04:20     00.0     06.5    00.0   11.9     31.5    10:10      E 
16    24.7    26.3   13:32    23.1   00:00     00.0     06.4    00.0   10.1     33.3    03:48     ESE
17    24.6    27.3   17:12    20.9   04:45     00.0     06.3    00.0   05.4     20.4    13:15      S 
18    26.6    31.2   14:55    20.2   05:08     00.0     08.3    00.0   07.1     27.8    13:50     WSW
19    26.0    28.6   10:15    21.4   04:48     00.0     07.7    00.0   03.5     18.5    14:29     SSE
20    25.4    28.0   15:24    22.3   02:27     00.0     07.1    00.0   06.8     22.2    14:01     SSE
21    25.2    27.6   14:15    22.8   04:38     00.0     06.9    00.0   10.0     40.7    10:05     ESE
22    25.3    27.2   09:48    23.9   04:37     00.0     07.0    00.0   08.3     22.2    10:52     SSE
23    24.5    26.9   10:31    22.2   04:45     00.0     06.2    00.0   06.9     31.5    13:14     SSE
24    24.5    26.9   15:03    20.3   03:35     00.0     06.2    00.0   06.9     22.2    21:28      SE
25    25.0    26.9   12:21    22.2   05:30     00.0     06.7    00.0   08.7     25.9    18:14     ESE
26    25.8    27.3   15:11    24.1   04:46     00.0     07.5    00.8   15.2     50.0    16:11      E 
27    26.7    29.3   16:45    24.2   04:37     00.0     08.4    00.0   07.3     31.5    09:23      S 
28    26.1    28.5   13:10    23.8   04:39     00.0     07.8    00.0   05.3     24.1    14:12     SSE
29    25.8    28.0   12:46    22.8   05:28     00.0     07.5    00.0   05.3     18.5    21:07     SSE
30    25.9    27.8   13:21    23.3   05:16     00.0     07.6    00.0   06.5     20.4    13:42      SE
31    26.0    28.6   13:42    22.9   04:20     00.0     07.7    00.0   05.6     20.4    14:06      SE
----------------------------------------------------------------------------------------------------------------------------------------------------------
25.3 (25.0)   31.2  day 18     19.3  day 02   000.0    215.6   000.8   08.0     50.0   day 26      SE
Max >=  20: 31
Max Rain: 0.8 ON 26-07-12
Days of Rain: 1 (> .2mm) 0 (> 2mm) 0 (> 20mm)