MONTHLY CLIMATOLOGICAL SUMMARY for JUL. 2013

NAME: Davis Vantage Pro 2   CITY: Ibiza ciudad STATE: Islas Baleares
ELEV: 27 LAT: 038:54:45 LONG: -001:24:58

                            TEMPERATURE ( C), RAIN (mm), WIND SPEED (kmh)

                                               HEAT     COOL           AVG
      MEAN                                     DEG      DEG            WIND                       DOM
DAY   TEMP    HIGH   TIME     LOW    TIME      DAYS     DAYS    RAIN   SPEED    HIGH    TIME      DIR
----------------------------------------------------------------------------------------------------------------------------------------------------------
01    22.6    25.3   15:44    19.5   04:35     00.0     04.3    00.0   06.7     31.4    10:26      E 
02    22.4    23.9   13:55    20.2   04:58     00.0     04.1    00.0   04.8     25.9    11:47     ESE
03    23.0    24.5   14:23    19.9   05:01     00.0     04.7    00.0   03.2     22.2    12:57      SE
04    23.3    25.4   12:58    20.7   03:03     00.0     05.0    00.0   03.5     20.4    14:11     ESE
05    23.6    27.0   10:01    19.0   04:37     00.0     05.3    00.0   04.3     24.1    10:13     ESE
06    23.5    25.3   14:20    21.3   02:44     00.0     05.2    00.0   04.5     22.2    13:30      E 
07    23.9    26.8   12:20    18.3   05:10     00.0     05.6    00.0   02.8     18.5    11:40     ESE
08    25.6    29.1   18:30    21.2   04:40     00.0     07.3    00.0   03.7     24.1    10:40     ESE
09    24.8    26.8   13:00    21.2   05:00     00.0     06.5    00.0   02.8     20.4    08:50     ESE
10    24.8    26.9   14:50    22.4   05:20     00.0     06.5    00.0   04.1     24.1    16:01      SE
11    25.1    27.2   13:43    22.4   05:24     00.0     06.8    00.0   04.1     20.4    16:02      SE
12    25.1    27.3   11:16    21.2   03:35     00.0     06.8    00.0   03.4     20.4    10:02     ESE
13    25.7    27.9   13:18    24.0   04:03     00.0     07.4    00.0   04.7     22.2    09:04     ESE
14    24.9    27.4   13:36    21.6   05:08     00.0     06.6    00.0   03.5     24.1    11:08      SE
15    25.8    29.2   11:05    21.7   05:09     00.0     07.5    00.0   02.9     22.2    13:14      SE
16    26.1    29.5   10:17    21.1   04:17     00.0     07.8    00.0   02.7     18.5    14:03      SE
17    26.1    28.6   08:22    21.3   04:14     00.0     07.8    00.0   03.5     20.4    10:12     ESE
18    26.1    28.7   12:08    22.6   05:16     00.0     07.8    00.0   04.6     18.5    20:24      SE
19    26.0    28.0   12:06    23.3   05:02     00.0     07.7    00.0   06.7     27.8    22:01      E 
20    26.9    29.6   09:29    23.7   04:32     00.0     08.6    00.0   12.5     33.3    07:26      NE
21    26.5    29.3   13:34    24.1   04:21     00.0     08.2    00.0   07.6     27.8    07:32     ENE
22    26.3    28.2   10:59    23.8   04:29     00.0     08.0    00.0   03.5     22.2    12:00      SE
23    25.5    27.7   14:16    22.4   05:04     00.0     07.2    00.0   04.9     27.8    13:45     SSE
24    25.8    27.9   12:40    23.0   05:17     00.0     07.5    00.0   04.4     22.2    14:00     SSE
25    26.1    28.3   12:14    22.8   05:04     00.0     07.8    00.0   04.4     20.4    13:09     ESE
26    26.5    29.1   12:34    23.6   03:25     00.0     08.2    00.0   06.3     29.6    07:01     ESE
27    26.9    30.3   12:26    23.6   03:15     00.0     08.6    00.0   09.0     38.9    23:20     SSW
28    27.6    32.8   12:45    24.1   05:36     00.0     09.3    00.0   11.4     35.1    01:15     WSW
29    27.0    30.5   11:21    21.6   23:45     00.0     08.7    00.0   09.2     38.9    05:50     NNW
30    25.8    27.9   15:55    21.9   04:52     00.0     07.5    00.0   06.5     29.6    11:24      E 
31    25.5    28.2   12:57    21.1   04:52     00.0     07.2    00.0   03.4     22.2    13:41      SE
----------------------------------------------------------------------------------------------------------------------------------------------------------
25.3 (24.9)   32.8  day 28     18.3  day 07   000.0    217.4   000.0   05.1     38.9   day 29     ESE
Max >=  20: 31
Max Rain: 0.0 ON 0-07-13
Days of Rain: 0 (> .2mm) 0 (> 2mm) 0 (> 20mm)