MONTHLY CLIMATOLOGICAL SUMMARY for JUL. 2014

NAME: Davis Vantage Pro 2   CITY: Ibiza ciudad STATE: Islas Baleares
ELEV: 27 LAT: 038:54:45 LONG: -001:24:58

                            TEMPERATURE ( C), RAIN (mm), WIND SPEED (kmh)

                                               HEAT     COOL           AVG
      MEAN                                     DEG      DEG            WIND                       DOM
DAY   TEMP    HIGH   TIME     LOW    TIME      DAYS     DAYS    RAIN   SPEED    HIGH    TIME      DIR
----------------------------------------------------------------------------------------------------------------------------------------------------------
01    23.9    26.9   14:19    21.8   05:00     00.0     05.6    00.0   10.0     35.1    15:30      S 
02    23.6    24.9   14:01    22.2   04:15     00.0     05.3    00.0   06.6     20.4    13:04     SSE
03    23.9    26.8   13:21    21.2   00:00     00.0     05.6    00.0   09.9     29.6    09:29      E 
04    24.3    27.8   12:31    21.0   04:19     00.0     06.0    00.0   12.7     42.5    12:19      SW
05    24.8    28.0   15:09    21.4   02:10     00.0     06.5    00.0   09.7     33.3    12:04      SW
06    24.7    28.3   10:23    21.8   03:40     00.0     06.4    00.0   11.5     37.0    11:19     SSW
07    24.1    26.8   11:14    21.1   23:16     00.0     05.8    00.0   09.7     33.3    11:31      N 
08    23.4    26.0   13:18    19.5   05:06     00.0     05.1    00.0   06.5     22.2    13:43      E 
09    24.0    27.0   12:29    20.7   03:07     00.0     05.7    00.0   09.3     33.3    16:16      NE
10    22.8    25.3   09:42    19.3   00:00     00.0     04.5    00.0   08.2     22.2    10:41      NE
11    22.8    25.2   08:13    18.8   01:28     00.0     04.5    00.0   07.6     24.1    13:17      E 
12    23.6    26.1   10:40    20.6   00:47     00.0     05.3    00.0   05.7     20.4    13:35     ESE
13    23.8    26.3   14:39    20.3   04:26     00.0     05.5    00.0   07.2     27.8    15:45      SE
14    24.6    26.8   14:15    21.8   05:13     00.0     06.3    00.0   06.3     20.4    12:42     ESE
15    24.7    26.8   11:25    22.3   04:17     00.0     06.4    00.0   07.2     22.2    14:39     ESE
16    25.0    27.1   13:43    22.4   03:37     00.0     06.7    00.0   06.7     18.5    16:22      E 
17    25.0    26.9   13:26    21.7   02:23     00.0     06.7    00.0   06.4     20.4    15:56     ESE
18    26.0    28.5   15:07    23.3   05:05     00.0     07.7    00.0   08.8     35.1    09:57     ENE
19    27.1    31.8   11:03    24.5   00:00     00.0     08.8    00.0   08.4     29.6    12:36      SW
20    27.0    30.8   14:35    23.5   00:00     00.0     08.7    00.0   16.6     59.2    05:04      W 
21    24.9    28.1   10:16    21.9   00:00     00.0     06.6    00.0   09.1     31.4    05:56     NNE
22    24.9    28.2   16:25    20.4   03:03     00.0     06.6    00.0   06.8     27.8    14:03     SSW
23    25.3    27.7   12:01    21.3   05:07     00.0     07.0    00.0   07.1     25.9    15:27      SE
24    25.8    27.8   14:12    23.6   05:14     00.0     07.5    00.0   07.0     20.4    19:03      E 
25    25.8    28.3   13:06    23.5   03:54     00.0     07.5    00.0   09.7     31.4    12:46     ENE
26    25.7    27.8   11:15    22.7   01:23     00.0     07.4    00.0   07.2     31.4    04:52      E 
27    26.0    28.2   14:01    23.1   05:25     00.0     07.7    00.0   05.7     22.2    14:08      SE
28    26.2    29.1   13:16    23.7   05:06     00.0     07.9    00.0   06.6     27.8    14:09      S 
29    25.2    27.8   16:05    23.4   23:26     00.0     06.9    00.0   11.9     46.3    09:02     NNE
30    24.8    28.4   13:02    21.2   05:06     00.0     06.5    00.0   06.8     25.9    13:19     SSW
31    25.9    29.8   14:07    21.6   03:17     00.0     07.6    00.0   08.7     33.3    13:24     SSW
----------------------------------------------------------------------------------------------------------------------------------------------------------
24.8 (24.7)   31.8  day 19     18.8  day 11   000.0    202.4   000.0   08.4     59.2   day 20      SE
Max >=  20: 31
Max Rain: 0.0 ON 0-07-14
Days of Rain: 0 (> .2mm) 0 (> 2mm) 0 (> 20mm)