MONTHLY CLIMATOLOGICAL SUMMARY for JUL. 2015

NAME: Davis Vantage Pro 2   CITY: Ibiza ciudad STATE: Islas Baleares
ELEV: 27 LAT: 038:54:45 LONG: -001:24:58

                            TEMPERATURE ( C), RAIN (mm), WIND SPEED (kmh)

                                               HEAT     COOL           AVG
      MEAN                                     DEG      DEG            WIND                       DOM
DAY   TEMP    HIGH   TIME     LOW    TIME      DAYS     DAYS    RAIN   SPEED    HIGH    TIME      DIR
----------------------------------------------------------------------------------------------------------------------------------------------------------
01    26.1    28.8   11:41    22.8   05:26     00.0     07.8    00.0   11.7     31.4    16:22     ENE
02    26.3    28.5   09:43    24.2   04:17     00.0     08.0    00.0   14.6     42.5    11:17     ENE
03    26.5    28.9   12:29    24.2   03:40     00.0     08.2    00.0   13.6     37.0    12:52     ENE
04    27.2    30.3   11:15    24.2   04:23     00.0     08.9    00.0   11.3     31.4    11:08      NE
05    27.4    30.8   11:39    24.8   03:53     00.0     09.1    00.0   06.2     22.2    15:47     ENE
06    28.1    31.1   15:57    23.1   04:54     00.0     09.8    00.0   04.1     20.4    14:33      E 
07    27.7    29.7   08:41    23.8   04:09     00.0     09.4    00.0   03.8     18.5    22:52     SSE
08    27.6    29.9   13:56    25.4   00:00     00.0     09.3    00.0   06.6     20.4    12:51      SE
09    26.1    28.0   12:35    23.9   23:55     00.0     07.8    00.0   07.6     22.2    04:56     ESE
10    25.8    28.8   14:28    22.6   05:33     00.0     07.5    00.0   07.2     29.6    16:08     SSE
11    26.2    28.3   15:29    23.9   04:27     00.0     07.9    00.0   05.1     18.5    16:31      SE
12    26.1    28.5   11:21    22.5   02:56     00.0     07.8    00.0   05.2     18.5    17:12     ESE
13    26.3    28.7   15:38    22.8   04:15     00.0     08.0    00.0   05.4     22.2    16:57     SSE
14    26.5    28.9   12:26    23.1   04:52     00.0     08.2    00.0   05.0     18.5    20:23      SE
15    26.8    29.4   16:17    23.1   04:56     00.0     08.5    00.0   03.6     18.5    14:57     ESE
16    27.0    30.0   14:35    22.6   04:51     00.0     08.7    00.0   05.2     20.4    12:27      E 
17    27.0    29.2   12:53    24.4   05:17     00.0     08.7    00.0   04.8     18.5    19:34     ESE
18    27.0    29.2   12:23    23.0   04:41     00.0     08.7    00.0   05.5     25.9    08:58     ESE
19    27.4    30.4   12:22    24.6   05:02     00.0     09.1    00.0   06.4     25.9    14:50      SW
20    27.1    30.1   13:23    23.7   04:58     00.0     08.8    00.0   05.7     24.1    12:55     SSE
21    27.7    31.2   16:36    24.6   05:13     00.0     09.4    00.0   05.8     24.1    14:47     SSE
22    28.1    30.6   10:28    24.8   05:25     00.0     09.8    00.0   06.1     27.8    19:41      SE
23    27.9    30.4   14:08    25.1   04:06     00.0     09.6    00.0   07.9     25.9    16:45      SE
24    27.7    29.9   14:33    25.8   04:27     00.0     09.4    00.0   13.5     35.1    16:22     SSW
25    27.8    29.6   11:02    26.3   00:00     00.0     09.5    00.0   12.4     31.4    21:13      E 
26    27.4    29.8   15:17    25.8   04:54     00.0     09.1    00.0   09.6     29.6    19:21      SE
27    28.4    31.7   15:47    26.1   04:29     00.0     10.1    00.0   09.5     31.4    11:37     SSW
28    28.1    30.3   13:10    26.3   04:39     00.0     09.8    00.0   06.6     22.2    12:00     ESE
29    28.0    30.0   13:54    26.6   05:19     00.0     09.7    00.0   07.3     25.9    20:07      SE
30    27.6    29.5   10:36    26.4   02:28     00.0     09.3    00.0   10.9     38.9    12:12      E 
31    26.8    29.0   12:48    25.5   04:53     00.0     08.5    00.0   11.6     31.4    19:42      E 
----------------------------------------------------------------------------------------------------------------------------------------------------------
27.1 (27.0)   31.7  day 27     22.5  day 12   000.0    274.2   000.0   07.7     42.6   day 03     ESE
Max >=  20: 31
Max Rain: 0.0 ON 31-07-15
Days of Rain: 0 (> .2mm) 0 (> 2mm) 0 (> 20mm)