MONTHLY CLIMATOLOGICAL SUMMARY for JUL. 2016

NAME: Davis Vantage Pro 2   CITY: Ibiza ciudad STATE: Islas Baleares
ELEV: 27 LAT: 038:54:45 LONG: -001:24:58

                            TEMPERATURE ( C), RAIN (mm), WIND SPEED (kmh)

                                               HEAT     COOL           AVG
      MEAN                                     DEG      DEG            WIND                       DOM
DAY   TEMP    HIGH   TIME     LOW    TIME      DAYS     DAYS    RAIN   SPEED    HIGH    TIME      DIR
----------------------------------------------------------------------------------------------------------------------------------------------------------
01    24.8    26.6   13:01    22.1   05:27     00.0     06.5    00.0   05.4     22.2    14:00      SE
02    24.5    26.9   13:16    21.3   04:52     00.0     06.2    00.0   05.0     20.4    10:47     ESE
03    24.1    26.0   14:15    22.7   00:45     00.0     05.8    00.0   14.2     33.3    07:20     ENE
04    24.9    27.3   17:24    22.0   04:17     00.0     06.6    00.0   13.1     37.0    06:55      NE
05    26.5    30.9   15:58    23.0   04:46     00.0     08.2    00.0   12.2     37.0    12:17     NNE
06    25.4    28.1   12:55    22.2   05:09     00.0     07.1    00.0   04.8     20.4    08:09      E 
07    26.1    29.2   15:44    23.6   04:57     00.0     07.8    00.0   08.5     27.8    21:16     ENE
08    27.4    30.8   13:09    24.9   05:42     00.0     09.1    00.0   08.0     42.5    06:13     SSW
09    27.0    29.6   08:32    24.8   05:10     00.0     08.7    00.0   13.4     37.0    02:37      NE
10    26.4    29.9   09:42    22.5   05:07     00.0     08.1    00.0   03.5     20.4    09:56     ESE
11    25.3    27.7   14:21    21.7   03:49     00.0     07.0    00.0   04.4     22.2    14:41     ESE
12    25.9    29.2   13:06    22.6   03:39     00.0     07.6    00.0   04.7     22.2    14:04      SE
13    24.3    26.5   12:59    22.9   00:00     00.0     06.0    00.0   12.1     31.4    11:34     ENE
14    23.2    25.3   15:47    21.0   00:00     00.0     04.9    00.0   05.5     20.4    17:33      SE
15    22.9    25.3   12:19    20.2   03:22     00.0     04.6    01.4   08.3     27.8    10:38      SE
16    23.3    25.8   14:57    18.4   04:46     00.0     05.0    00.0   04.4     22.2    12:36     ESE
17    23.4    26.8   13:53    18.4   04:56     00.0     05.1    00.0   07.6     31.4    12:24      E 
18    23.6    26.2   14:30    20.4   04:58     00.0     05.3    00.0   08.4     27.8    11:15     ENE
19    24.3    26.4   15:24    21.3   04:34     00.0     06.0    00.0   06.2     20.4    12:27      E 
20    25.4    28.3   13:14    21.7   04:51     00.0     07.1    00.0   04.8     24.1    13:36     ESE
21    25.7    27.8   11:38    23.8   00:00     00.0     07.4    00.0   06.9     22.2    08:40     ENE
22    25.9    29.6   11:41    22.4   05:47     00.0     07.6    00.0   11.8     42.5    13:28      N 
23    25.1    27.2   11:39    23.3   02:47     00.0     06.8    00.0   06.9     22.2    00:31     ENE
24    25.5    29.2   12:26    20.6   05:01     00.0     07.2    00.0   05.0     22.2    12:10     SSE
25    25.9    29.7   13:09    21.2   05:33     00.0     07.6    00.0   06.0     22.2    18:42     SSE
26    25.9    28.3   13:47    22.3   04:43     00.0     07.6    00.0   05.0     20.4    19:24      SE
27    26.4    29.2   12:02    23.1   05:27     00.0     08.1    00.0   05.9     22.2    11:44      E 
28    26.0    28.3   11:39    23.9   04:54     00.0     07.7    00.0   07.2     25.9    09:15     ENE
29    25.9    28.5   11:58    23.0   03:25     00.0     07.6    00.0   06.1     20.4    09:23      E 
30    26.1    28.3   15:36    23.0   04:21     00.0     07.8    00.0   07.9     35.1    23:41     SSE
31    28.1    34.2   16:16    24.3   05:10     00.0     09.8    00.0   09.1     44.4    08:55      SW
----------------------------------------------------------------------------------------------------------------------------------------------------------
25.3 (25.2)   34.2  day 31     18.4  day 17   000.0    218.2   001.4   07.5     44.4   day 31      E 
Max >=  20: 31
Max Rain: 1.4 ON 15-07-16
Days of Rain: 1 (> .2mm) 0 (> 2mm) 0 (> 20mm)