MONTHLY CLIMATOLOGICAL SUMMARY for JUL. 2017

NAME: Davis Vantage Pro 2   CITY: Ibiza ciudad STATE: Islas Baleares
ELEV: 27 LAT: 038:54:45 LONG: -001:24:58

                            TEMPERATURE ( C), RAIN (mm), WIND SPEED (kmh)

                                               HEAT     COOL           AVG
      MEAN                                     DEG      DEG            WIND                       DOM
DAY   TEMP    HIGH   TIME     LOW    TIME      DAYS     DAYS    RAIN   SPEED    HIGH    TIME      DIR
--------------------------------------------------------------------------------------------------------
01    21.6    24.9   14:25    18.0   00:00     00.0     03.3    00.0   10.5     44.4    03:26      N 
02    22.2    26.0   13:21    17.6   02:02     00.0     03.9    00.0   07.1     31.4    11:55     NNE
03    23.1    26.1   15:33    17.8   03:55     00.0     04.8    00.0   04.9     20.4    14:12     ESE
04    24.1    26.6   15:02    20.6   03:14     00.0     05.8    00.0   08.6     27.8    12:46     ENE
05    24.5    28.2   16:08    21.4   04:46     00.0     06.2    00.0   10.7     33.3    22:23     ENE
06    27.8    34.9   16:37    23.4   01:47     00.0     09.5    00.0   12.1     33.3    17:00     NNE
07    26.1    28.9   08:17    23.6   03:20     00.0     07.8    00.0   10.6     37.0    18:11      NE
08    25.2    27.6   14:53    23.1   23:31     00.0     06.9    00.0   10.8     33.3    10:40      SW
09    26.5    30.9   10:02    22.2   04:43     00.0     08.2    00.0   08.0     35.1    07:53     WSW
10    25.8    28.2   14:12    23.1   04:48     00.0     07.5    00.0   04.3     22.2    15:35      SE
11    26.2    29.9   11:31    23.2   04:22     00.0     07.9    00.0   07.7     24.1    02:53     ENE
12    26.3    29.6   08:09    21.9   05:28     00.0     08.0    00.0   04.3     20.4    13:32     ESE
13    26.4    28.3   12:05    24.7   03:12     00.0     08.1    00.0   06.7     20.4    07:18      E 
14    26.2    27.7   12:07    24.4   00:00     00.0     07.9    00.0   09.4     25.9    08:09      E 
15    26.0    28.3   13:11    23.7   04:48     00.0     07.7    00.0   06.2     22.2    12:59      E 
16    25.8    28.9   13:58    21.7   05:10     00.0     07.5    00.0   04.1     18.5    16:28     ESE
17    26.0    28.1   14:29    22.1   04:24     00.0     07.7    00.0   06.3     20.4    07:02      E 
18    26.2    27.9   15:26    24.4   03:21     00.0     07.9    00.0   08.7     27.8    13:27      E 
19    26.2    28.4   13:59    24.2   05:13     00.0     07.9    00.0   10.2     33.3    07:16      E 
20    26.7    29.3   13:52    24.2   05:05     00.0     08.4    00.0   05.3     22.2    14:16     ENE
21    26.5    29.9   13:23    23.4   04:21     00.0     08.2    00.0   07.3     31.4    15:27      S 
22    26.1    28.7   13:50    23.0   04:25     00.0     07.8    00.0   05.7     22.2    14:52      SE
23    26.2    29.2   13:54    23.2   02:19     00.0     07.9    00.0   05.6     27.8    11:16      E 
24    26.4    29.3   11:58    23.5   05:43     00.0     08.1    00.0   04.2     20.4    12:26      SE
25    26.0    27.8   11:10    24.5   05:22     00.0     07.7    00.0   12.2     37.0    09:03      NE
26    25.3    27.2   13:35    23.1   23:11     00.0     07.0    00.0   05.1     22.2    10:15      SE
27    26.1    29.7   16:36    21.6   03:41     00.0     07.8    00.0   08.5     33.3    13:36     SSW
28    27.3    29.8   14:12    23.8   05:08     00.0     09.0    00.0   04.4     18.5    14:33      E 
29    27.3    30.7   13:03    24.1   04:32     00.0     09.0    00.0   05.3     18.5    15:07      E 
30    27.0    29.9   10:46    23.5   05:20     00.0     08.7    00.0   04.4     22.2    14:03      SE
31    27.3    29.2   13:30    24.7   04:39     00.0     09.0    00.0   07.1     29.6    22:44      E 
--------------------------------------------------------------------------------------------------------
25.8 (25.7)   34.9  day 06     17.6  day 02   000.0    233.2   000.0   07.3     44.4   day 01      E 
Max >=  20: 31
Max Rain: 0.0 ON 4-07-17
Days of Rain: 0 (> .2mm) 0 (> 2mm) 0 (> 20mm)