MONTHLY CLIMATOLOGICAL SUMMARY for JUL. 2021 NAME: Davis Vantage Pro 2 CITY: Eivissa STATE: Islas Baleares ELEV: 27 LAT: 038:54:26 LONG: 0001:24:47 TEMPERATURE ( °C), RAIN (mm), WIND SPEED (kmh) HEAT COOL AVG MEAN DEG DEG WIND DOM DAY TEMP HIGH TIME LOW TIME DAYS DAYS RAIN SPEED HIGH TIME DIR -------------------------------------------------------------------------------------------------------- 01 24.1 26.4 13:11 21.1 05:41 00.0 05.8 00.0 06.4 20.4 15:20 ESE 02 24.3 26.9 15:01 20.2 04:21 00.0 06.0 00.0 07.0 24.1 13:10 SSE 03 25.0 27.3 15:01 23.1 03:11 00.0 06.7 00.0 09.5 29.6 14:30 SSW 04 26.5 32.2 11:41 22.4 05:21 00.0 08.2 00.0 05.9 29.6 10:20 SSW 05 25.5 27.6 16:11 23.3 01:21 00.0 07.2 00.0 07.3 22.2 14:00 SSE 06 26.7 29.8 13:31 23.9 05:31 00.0 08.4 00.0 11.3 31.4 23:30 SW 07 26.3 29.3 17:11 24.3 00:00 00.0 08.0 00.0 11.4 40.7 03:40 NE 08 25.2 28.0 11:51 23.3 05:01 00.0 06.9 00.0 11.6 38.9 07:40 NE 09 25.0 26.7 13:51 23.2 05:11 00.0 06.7 00.0 11.1 29.6 09:30 ENE 10 25.0 27.3 15:01 22.4 04:51 00.0 06.7 00.0 07.0 20.4 09:10 E 11 25.4 28.0 13:41 22.3 04:31 00.0 07.1 00.0 07.0 24.1 09:10 E 12 26.5 29.6 15:41 24.6 00:31 00.0 08.2 00.0 13.7 44.4 22:30 WSW 13 23.9 26.7 13:33 21.9 05:11 00.0 05.6 00.0 12.8 55.5 02:10 N 14 23.3 25.6 13:28 19.8 04:07 00.0 05.0 00.0 06.5 27.8 06:28 ENE 15 23.3 26.0 13:52 19.6 03:05 00.0 05.0 00.0 05.8 24.1 14:34 E 16 24.5 27.2 14:08 20.4 04:29 00.0 06.2 00.0 06.5 27.8 13:58 SSE 17 25.0 27.3 13:56 22.1 05:27 00.0 06.7 00.0 06.0 22.2 16:18 SE 18 25.4 27.9 09:48 22.4 04:13 00.0 07.1 00.0 06.2 24.1 17:08 SE 19 25.6 28.5 11:56 21.7 03:22 00.0 07.3 00.0 05.9 20.4 13:49 SE 20 26.0 28.2 13:30 22.8 05:09 00.0 07.7 00.0 06.4 24.1 16:42 SE 21 26.4 28.7 15:34 23.2 05:36 00.0 08.1 00.0 05.6 20.4 12:17 E 22 27.4 30.6 10:36 24.6 05:14 00.0 09.1 00.0 06.1 20.4 16:36 ENE 23 26.7 29.3 08:28 22.8 04:17 00.0 08.4 00.0 05.1 18.5 15:37 ESE 24 28.0 31.7 11:18 24.6 05:34 00.0 09.7 00.0 04.9 22.2 12:32 SE 25 26.7 28.9 14:31 25.3 04:27 00.0 08.4 00.0 09.1 29.6 01:47 ENE 26 25.1 27.4 15:18 21.5 12:19 00.0 06.8 06.4 12.2 55.5 11:03 NE 27 25.6 28.1 14:42 22.0 03:38 00.0 07.3 00.0 06.1 20.4 14:43 ESE 28 25.8 28.6 11:57 22.0 03:11 00.0 07.5 00.0 07.9 31.4 09:41 ENE 29 25.9 28.3 11:15 22.7 03:37 00.0 07.6 00.0 05.9 20.4 13:03 ESE 30 26.7 29.1 16:49 25.3 05:32 00.0 08.4 00.0 10.0 33.3 12:29 SSW 31 27.2 30.8 13:50 23.2 23:37 00.0 08.9 00.0 08.7 42.5 21:11 SSW -------------------------------------------------------------------------------------------------------- 25.6 (25.5) 32.2 day 04 19.6 day 15 000.0 226.7 006.4 08.0 55.5 day 26 ESE Max >= 30: 4 Min <= 30: 31 Max Rain: 6.4 ON 26-07-21 Days of Rain: 1 (> .2mm) 1 (> 2mm) 0 (> 20mm)