MONTHLY CLIMATOLOGICAL SUMMARY for AUG. 2010

NAME: Davis Vantage Pro 2   CITY: Ibiza ciudad STATE: Islas Baleares
ELEV: 27 LAT: 038:54:45 LONG: -001:24:58

                            TEMPERATURE ( C), RAIN (mm), WIND SPEED (kmh)

                                                 HEAT     COOL           AVG
      MEAN                                       DEG      DEG            WIND                        DOM
DAY   TEMP    HIGH   TIME      LOW     TIME      DAYS     DAYS   RAIN    SPEED    HIGH    TIME       DIR
----------------------------------------------------------------------------------------------------------------------------------------------------------
01    26.6    28.8   14:30    23.9   05:15     00.0     08.3    00.0   08.1     27.8    16:05     ESE
02    26.4    28.2   09:29    24.8   00:00     00.0     08.1    00.0   09.5     24.1    18:20      E 
03    25.7    27.5   12:10    23.7   05:26     00.0     07.4    00.0   08.6     31.5    10:53     ESE
04    25.6    28.1   15:23    22.4   05:12     00.0     07.3    00.0   07.7     31.5    12:48     SSW
05    25.6    29.4   12:00    22.3   04:27     00.0     07.3    00.0   06.0     27.8    13:32      SE
06    25.2    26.9   12:38    23.5   00:37     00.0     06.9    00.0   12.5     33.3    13:28     ESE
07    25.3    27.4   13:42    22.7   04:15     00.0     07.0    00.0   07.0     24.1    12:58     ESE
08    25.1    27.6   13:54    20.8   04:32     00.0     06.8    00.0   05.0     24.1    15:05      SE
09    25.7    28.6   13:59    22.5   01:33     00.0     07.4    00.0   04.1     20.4    12:33     ESE
10    26.4    28.8   15:14    21.8   04:26     00.0     08.1    00.0   04.9     20.4    13:25      SE
11    27.7    32.9   13:25    24.7   06:10     00.0     09.4    00.0   06.7     29.6    13:14      SW
12    26.5    29.2   12:32    23.4   04:27     00.0     08.2    00.0   07.8     38.9    23:19      E 
13    24.8    25.9   12:09    21.4   23:41     00.0     06.5    01.0   15.2     48.1    00:49     ENE
14    22.1    24.2   16:21    20.2   09:52     00.0     03.8    01.6   07.9     27.8    10:38      NE
15    24.1    26.7   14:04    19.6   04:27     00.0     05.8    00.0   05.9     25.9    16:35      SE
16    25.0    26.8   15:04    22.4   03:28     00.0     06.7    00.2   08.9     29.6    10:08      E 
17    24.9    27.2   10:24    22.6   05:17     00.0     06.6    00.0   06.1     22.2    07:12     ESE
18    24.9    27.4   14:11    21.9   06:33     00.0     06.6    00.0   05.8     22.2    14:39     SSE
19    25.8    29.2   17:00    24.4   23:03     00.0     07.5    00.2   06.5     31.5    11:11     SSE
20    27.4    31.2   15:14    24.4   04:18     00.0     09.1    00.0   11.7     29.6    14:44     NNE
21    26.6    30.2   11:07    24.0   00:00     00.0     08.3    00.0   06.5     22.2    11:32      E 
22    25.7    28.3   15:05    21.4   05:28     00.0     07.4    00.0   06.6     24.1    13:01      S 
23    26.5    29.2   15:27    23.9   05:39     00.0     08.2    00.0   13.0     38.9    10:37      SW
24    28.7    34.3   13:31    24.7   04:55     00.0     10.4    00.0   09.5     37.0    08:44      W 
25    26.7    28.8   14:07    24.3   02:33     00.0     08.4    00.0   05.9     20.4    08:13     ESE
26    26.9    29.6   15:46    23.4   05:48     00.0     08.6    00.0   07.7     25.9    21:00      S 
27    28.4    32.2   13:18    25.2   05:48     00.0     10.1    00.0   12.0     31.5    16:23      SW
28    26.6    28.0   01:31    25.3   00:00     00.0     08.3    00.0   11.7     35.2    03:13      E 
29    25.7    27.7   12:27    24.7   04:07     00.0     07.4    00.0   09.8     27.8    13:29     ESE
30    25.1    26.9   14:15    22.8   05:29     00.0     06.8    00.2   06.2     20.4    17:41     SSE
31    24.6    26.4   11:45    23.5   01:03     00.0     06.3    00.0   10.3     31.5    09:48     ESE
----------------------------------------------------------------------------------------------------------------------------------------------------------
25.9 (25.8)   34.3  day 24     19.6  day 15   000.0    235.0   003.2   08.2     48.1   day 24      SE
Max >=  30: 5
Min <=   30: 31
Max Rain: 1.6 ON 14-08-10
Days of Rain: 5 (> .2mm) 0 (> 2mm) 0 (> 20mm)