MONTHLY CLIMATOLOGICAL SUMMARY for AUG. 2011

NAME: Davis Vantage Pro 2   CITY: Ibiza ciudad STATE: Islas Baleares
ELEV: 27 LAT: 038:54:45 LONG: -001:24:58

                            TEMPERATURE ( C), RAIN (mm), WIND SPEED (kmh)

                                                 HEAT     COOL           AVG
      MEAN                                       DEG      DEG            WIND                        DOM
DAY   TEMP    HIGH   TIME      LOW     TIME      DAYS     DAYS   RAIN    SPEED    HIGH    TIME       DIR
----------------------------------------------------------------------------------------------------------------------------------------------------------
01    25.2    27.1   14:16    22.9   04:29     00.0     06.9    00.0   10.0     33.3    21:43     ESE
02    25.6    27.6   15:18    24.3   04:49     00.0     07.3    00.0   12.3     38.9    09:25      E 
03    26.5    29.7   16:46    24.1   05:25     00.0     08.2    00.0   05.1     22.2    13:47     SSW
04    25.8    27.9   13:22    23.4   05:03     00.0     07.5    00.0   07.4     20.4    14:02      SE
05    26.1    28.4   15:24    24.2   04:46     00.0     07.8    00.0   07.8     27.8    13:39      S 
06    26.3    28.4   14:46    24.6   04:06     00.0     08.0    00.0   10.9     31.5    13:14      SW
07    27.5    32.0   12:56    25.0   05:25     00.0     09.2    00.0   07.9     24.1    10:37      SW
08    26.7    29.9   11:16    24.2   00:00     00.0     08.4    00.0   12.9     38.9    18:42     ENE
09    24.9    26.9   11:34    23.7   04:36     00.0     06.6    00.0   09.4     29.6    00:53     ESE
10    24.1    26.3   13:44    21.4   06:01     00.0     05.8    00.0   07.0     24.1    10:58      SE
11    23.9    26.1   13:07    20.3   04:10     00.0     05.6    00.0   06.1     20.4    13:04      SE
12    24.6    26.7   11:49    21.9   04:40     00.0     06.3    00.0   06.6     20.4    17:10     ESE
13    25.3    27.4   15:33    22.8   05:37     00.0     07.0    00.0   08.5     31.5    15:42      E 
14    27.1    30.8   14:22    23.8   05:41     00.0     08.8    00.0   05.4     22.2    14:34      SW
15    26.5    30.2   11:32    23.8   00:00     00.0     08.2    00.0   06.2     22.2    16:11      S 
16    26.5    28.7   12:02    23.7   00:15     00.0     08.2    00.0   06.2     18.5    17:43      SE
17    26.2    28.4   09:58    23.1   05:34     00.0     07.9    00.0   06.7     24.1    13:00     ESE
18    27.1    29.9   15:31    24.3   05:24     00.0     08.8    00.0   12.7     38.9    12:02     ENE
19    27.4    30.1   18:11    24.2   04:36     00.0     09.1    00.0   10.0     31.5    07:59     ENE
20    27.4    30.6   09:24    25.3   05:28     00.0     09.1    00.0   09.6     31.5    10:05     ENE
21    28.0    31.2   10:57    25.2   04:23     00.0     09.7    00.0   10.3     31.5    16:15     ENE
22    26.8    29.4   09:24    24.4   05:17     00.0     08.5    00.0   07.5     25.9    14:13      E 
23    27.0    30.2   13:48    24.0   05:33     00.0     08.7    00.0   07.6     31.5    13:05      SW
24    27.0    30.2   15:01    24.4   03:12     00.0     08.7    00.0   07.2     27.8    10:43      SW
25    27.0    30.1   14:27    24.1   06:31     00.0     08.7    00.0   07.6     24.1    23:02     SSW
26    27.5    32.1   12:55    24.3   05:06     00.0     09.2    00.0   11.7     38.9    11:30     WSW
27    25.2    26.7   13:50    23.9   05:51     00.0     06.9    00.0   13.9     37.0    08:36      E 
28    25.3    27.0   11:52    23.9   04:04     00.0     07.0    00.0   08.8     24.1    04:59      SE
29    25.7    28.1   12:06    23.6   01:29     00.0     07.4    00.0   08.0     25.9    13:59     SSE
30    26.1    28.7   15:32    23.4   05:02     00.0     07.8    00.0   07.7     24.1    13:14      S 
31    26.2    28.8   13:18    23.7   06:16     00.0     07.9    00.0   08.1     29.6    10:33     SSW
----------------------------------------------------------------------------------------------------------------------------------------------------------
26.2 (26.3)   32.1  day 26     20.3  day 11   000.0    245.0   000.0   08.6     38.9   day 08      SE
Max >=  30: 10
Min <=   30: 31
Max Rain: 0.0 ON 0-08-11
Days of Rain: 0 (> .2mm) 0 (> 2mm) 0 (> 20mm)