MONTHLY CLIMATOLOGICAL SUMMARY for AUG. 2012

NAME: Davis Vantage Pro 2   CITY: Ibiza ciudad STATE: Islas Baleares
ELEV: 27 LAT: 038:54:45 LONG: -001:24:58

                            TEMPERATURE ( C), RAIN (mm), WIND SPEED (kmh)

                                               HEAT     COOL           AVG
      MEAN                                     DEG      DEG            WIND                       DOM
DAY   TEMP    HIGH   TIME     LOW    TIME      DAYS     DAYS    RAIN   SPEED    HIGH    TIME      DIR
----------------------------------------------------------------------------------------------------------------------------------------------------------
01    26.6    30.0   14:13    23.4   05:16     00.0     08.3    00.0   06.1     22.2    14:34      S 
02    26.8    29.8   09:50    23.1   05:10     00.0     08.5    00.0   05.4     20.4    16:50      SE
03    26.8    28.9   14:00    24.8   00:00     00.0     08.5    00.0   08.1     33.3    10:10      E 
04    26.1    28.6   11:50    22.2   05:30     00.0     07.8    00.0   05.6     22.2    15:10     SSE
05    27.2    29.2   15:10    25.9   21:30     00.0     08.9    00.0   09.3     37.0    23:48      SW
06    27.3    30.8   13:40    25.2   05:20     00.0     09.0    00.0   11.1     37.0    14:30     NNE
07    26.3    28.9   13:38    24.3   04:40     00.0     08.0    00.0   14.8     40.7    12:48      E 
08    26.7    29.6   10:03    24.2   02:21     00.0     08.4    00.0   11.3     31.5    14:18     ENE
09    26.6    28.3   18:26    23.8   05:47     00.0     08.3    00.0   07.3     29.6    03:51     ESE
10    27.9    30.9   18:09    24.7   05:39     00.0     09.6    00.0   05.1     20.4    13:58      SE
11    27.9    30.6   15:59    25.3   05:57     00.0     09.6    00.0   06.1     35.2    16:18     SSE
12    27.3    30.1   08:34    24.8   06:02     00.0     09.0    00.0   07.4     29.6    00:42      SE
13    26.6    28.5   13:40    24.4   00:00     00.0     08.3    00.0   08.2     31.5    08:24     ESE
14    26.1    28.7   15:16    22.8   05:30     00.0     07.8    00.0   06.2     24.1    12:51     SSE
15    26.7    29.4   15:11    24.0   05:47     00.0     08.4    00.0   09.8     31.5    13:32      SW
16    26.8    29.8   11:33    22.2   05:38     00.0     08.5    00.0   04.2     18.5    15:56     SSE
17    26.7    29.0   11:07    24.2   05:21     00.0     08.4    00.0   09.3     25.9    11:33     ENE
18    27.3    29.7   14:24    25.1   04:10     00.0     09.0    00.0   08.3     29.6    10:13     ENE
19    27.0    29.2   11:14    25.1   04:16     00.0     08.7    00.0   05.9     24.1    07:36      E 
20    27.6    31.3   12:09    22.9   06:26     00.0     09.3    00.0   02.4     18.5    15:30      SE
21    27.7    30.7   09:11    23.5   05:20     00.0     09.4    00.0   02.7     18.5    12:39     SSE
22    28.0    30.9   14:00    24.9   01:54     00.0     09.7    00.0   03.6     18.5    16:44     ESE
23    27.6    30.0   11:21    25.0   03:28     00.0     09.3    00.0   06.0     20.4    14:07     ESE
24    27.1    29.6   15:01    24.3   06:19     00.0     08.8    00.0   07.5     29.6    13:03      SW
25    27.8    32.9   12:52    23.9   05:45     00.0     09.5    00.0   06.9     31.5    07:41      W 
26    26.2    26.9   03:12    25.4   00:28     00.0     07.9    00.0   12.2     37.0    08:55     ESE
27    26.7    28.4   14:21    25.3   05:40     00.0     08.4    00.0   09.0     25.9    18:57     SSE
28    27.1    29.4   12:07    24.8   05:59     00.0     08.8    00.0   05.3     22.2    15:56     SSE
29    27.0    29.1   13:38    24.4   05:45     00.0     08.7    00.0   02.5     18.5    14:37      SE
30    25.8    28.8   14:34    22.7   23:31     00.0     07.5    01.6   07.3     40.7    18:39     ENE
31    23.5    26.0   13:18    20.6   04:15     00.0     05.2    07.6   08.3     31.5    11:31     ENE
----------------------------------------------------------------------------------------------------------------------------------------------------------
26.9 (26.8)   32.9  day 25     20.6  day 31   000.0    265.5   009.2   07.2     40.7   day 30     ESE
Max >=  20: 31
Max Rain: 7.6 ON 31-08-12
Days of Rain: 37 (> .2mm) 36 (> 2mm) 0 (> 20mm)